000
CDUS43 KSGF 010633
CLISGF


CLIMATE REPORT
NATIONAL WEATHER SERVICE SPRINGFIELD MO
133 AM CDT MON JUN 1 2015


...................................

...THE SPRINGFIELD MO CLIMATE SUMMARY FOR MAY 31 2015...

CLIMATE NORMAL PERIOD 1981 TO 2010
CLIMATE RECORD PERIOD 1888 TO 2015


WEATHER ITEM   OBSERVED TIME   RECORD YEAR NORMAL DEPARTURE LAST
                VALUE   (LST)  VALUE       VALUE  FROM      YEAR
                                                  NORMAL
..................................................................
TEMPERATURE (F)
 YESTERDAY
  MAXIMUM         66    359 PM  95    1934  79    -13       83
  MINIMUM         57   1159 PM  40    1889  59     -2       66
  AVERAGE         62                        69     -7       75

PRECIPITATION (IN)
  YESTERDAY        T             3.70 1906   0.15  -0.15     0.01
  MONTH TO DATE    6.23                      5.10   1.13     5.28
  SINCE MAR 1     12.80                     13.04  -0.24     9.69
  SINCE JAN 1     15.40                     18.03  -2.63    11.48

SNOWFALL (IN)
  YESTERDAY        0.0
  MONTH TO DATE    0.0
  SINCE MAR 1      1.2
  SINCE JUL 1     15.8
  SNOW DEPTH       0

DEGREE DAYS
 HEATING
  YESTERDAY        3                         1      2        0
  MONTH TO DATE   63                        94    -31      112
  SINCE MAR 1    828                       976   -148     1065
  SINCE JUL 1   4535                      4569    -34     5020

 COOLING
  YESTERDAY        0                         5     -5       10
  MONTH TO DATE  120                        90     30      179
  SINCE MAR 1    142                       115     27      193
  SINCE JAN 1    142                       115     27      193
..................................................................


WIND (MPH)
  HIGHEST WIND SPEED    14   HIGHEST WIND DIRECTION     N (10)
  HIGHEST GUST SPEED    16   HIGHEST GUST DIRECTION     E (90)
  AVERAGE WIND SPEED     8.1


SKY COVER
  AVERAGE SKY COVER 0.9


WEATHER CONDITIONS
 THE FOLLOWING WEATHER WAS RECORDED YESTERDAY.
  FOG


RELATIVE HUMIDITY (PERCENT)
 HIGHEST    93           300 AM
 LOWEST     73          1200 PM
 AVERAGE    83

..........................................................


THE SPRINGFIELD MO CLIMATE NORMALS FOR TODAY
                         NORMAL    RECORD    YEAR
 MAXIMUM TEMPERATURE (F)   80        95      1934
 MINIMUM TEMPERATURE (F)   59        42      1966


SUNRISE AND SUNSET
JUNE  1 2015..........SUNRISE   555 AM CDT   SUNSET   828 PM CDT
JUNE  2 2015..........SUNRISE   555 AM CDT   SUNSET   829 PM CDT


-  INDICATES NEGATIVE NUMBERS.
R  INDICATES RECORD WAS SET OR TIED.
MM INDICATES DATA IS MISSING.
T  INDICATES TRACE AMOUNT.




$$
