000
CDUS43 KSGF 210629
CLISGF


CLIMATE REPORT
NATIONAL WEATHER SERVICE SPRINGFIELD MO
129 AM CDT THU JUL 21 2016


...................................

...THE SPRINGFIELD MO CLIMATE SUMMARY FOR JULY 20 2016...

CLIMATE NORMAL PERIOD 1981 TO 2010
CLIMATE RECORD PERIOD 1888 TO 2016


WEATHER ITEM   OBSERVED TIME   RECORD YEAR NORMAL DEPARTURE LAST
                VALUE   (LST)  VALUE       VALUE  FROM      YEAR
                                                  NORMAL
..................................................................
TEMPERATURE (F)
 YESTERDAY
  MAXIMUM         94    222 PM 103    2006  89      5       92
  MINIMUM         76    535 AM  49    1970  68      8       72
  AVERAGE         85                        79      6       82

PRECIPITATION (IN)
  YESTERDAY        T             2.18 1905   0.12  -0.12     0.29
  MONTH TO DATE    3.17                      2.55   0.62     8.21
  SINCE JUN 1      7.59                      7.40   0.19    12.99
  SINCE JAN 1     18.84                     25.43  -6.59    28.39

SNOWFALL (IN)
  YESTERDAY        0.0
  MONTH TO DATE    0.0
  SINCE JUN 1      0.0
  SINCE JUL 1      0.0
  SNOW DEPTH       0

DEGREE DAYS
 HEATING
  YESTERDAY        0                         0      0        0
  MONTH TO DATE    0                         0      0        0
  SINCE JUN 1      0                         9     -9        1
  SINCE JUL 1      0                         0      0        0

 COOLING
  YESTERDAY       20                        14      6       17
  MONTH TO DATE  288                       257     31      282
  SINCE JUN 1    684                       520    164      632
  SINCE JAN 1    804                       635    169      774
..................................................................


WIND (MPH)
  HIGHEST WIND SPEED    16   HIGHEST WIND DIRECTION    SE (120)
  HIGHEST GUST SPEED    18   HIGHEST GUST DIRECTION     S (160)
  AVERAGE WIND SPEED     7.7


SKY COVER
  AVERAGE SKY COVER 0.1


WEATHER CONDITIONS
 THE FOLLOWING WEATHER WAS RECORDED YESTERDAY.
  THUNDERSTORM


RELATIVE HUMIDITY (PERCENT)
 HIGHEST    87           400 AM
 LOWEST     49           200 PM
 AVERAGE    68

..........................................................


THE SPRINGFIELD MO CLIMATE NORMALS FOR TODAY
                         NORMAL    RECORD    YEAR
 MAXIMUM TEMPERATURE (F)   89       102      1974
 MINIMUM TEMPERATURE (F)   68        44      1970


SUNRISE AND SUNSET
JULY 21 2016..........SUNRISE   610 AM CDT   SUNSET   830 PM CDT
JULY 22 2016..........SUNRISE   611 AM CDT   SUNSET   829 PM CDT


-  INDICATES NEGATIVE NUMBERS.
R  INDICATES RECORD WAS SET OR TIED.
MM INDICATES DATA IS MISSING.
T  INDICATES TRACE AMOUNT.




$$
