000
CDUS43 KSGF 220641
CLISGF


CLIMATE REPORT
NATIONAL WEATHER SERVICE SPRINGFIELD MO
140 AM CDT SAT APR 22 2017


...................................

...THE SPRINGFIELD MO CLIMATE SUMMARY FOR APRIL 21 2017...

CLIMATE NORMAL PERIOD 1981 TO 2010
CLIMATE RECORD PERIOD 1888 TO 2017


WEATHER ITEM   OBSERVED TIME   RECORD YEAR NORMAL DEPARTURE LAST
                VALUE   (LST)  VALUE       VALUE  FROM      YEAR
                                                  NORMAL
..................................................................
TEMPERATURE (F)
 YESTERDAY
  MAXIMUM         59    120 AM  93    1963  69    -10       70
  MINIMUM         47   1036 PM  28    1978  46      1       46
                                      1966
  AVERAGE         53                        58     -5       58

PRECIPITATION (IN)
  YESTERDAY        1.97R         1.84 1961   0.15   1.82      T
  MONTH TO DATE    5.02                      2.83   2.19     0.83
  SINCE MAR 1      9.81                      6.45   3.36     3.77
  SINCE JAN 1     14.27                     11.44   2.83     5.05

SNOWFALL (IN)
  YESTERDAY        0.0
  MONTH TO DATE    0.0
  SINCE MAR 1      0.1
  SINCE JUL 1      1.8
  SNOW DEPTH       0

DEGREE DAYS
 HEATING
  YESTERDAY       12                         8      4        7
  MONTH TO DATE  102                       237   -135      170
  SINCE MAR 1    518                       818   -300      568
  SINCE JUL 1   3207                      4411  -1204     3481

 COOLING
  YESTERDAY        0                         1     -1        0
  MONTH TO DATE   32                        14     18        6
  SINCE MAR 1     38                        17     21        8
  SINCE JAN 1     47                        17     30        8
..................................................................


WIND (MPH)
  HIGHEST WIND SPEED    33   HIGHEST WIND DIRECTION    NE (60)
  HIGHEST GUST SPEED    39   HIGHEST GUST DIRECTION    NE (50)
  AVERAGE WIND SPEED    12.6


SKY COVER
  AVERAGE SKY COVER 1.0


WEATHER CONDITIONS
 THE FOLLOWING WEATHER WAS RECORDED YESTERDAY.
  THUNDERSTORM
  HEAVY RAIN
  RAIN
  LIGHT RAIN
  FOG


RELATIVE HUMIDITY (PERCENT)
 HIGHEST    96          1200 PM
 LOWEST     67          1200 AM
 AVERAGE    82

..........................................................


THE SPRINGFIELD MO CLIMATE NORMALS FOR TODAY
                         NORMAL    RECORD    YEAR
 MAXIMUM TEMPERATURE (F)   69        89      1963
 MINIMUM TEMPERATURE (F)   46        30      1986
                                             1982


SUNRISE AND SUNSET
APRIL 22 2017.........SUNRISE   629 AM CDT   SUNSET   755 PM CDT
APRIL 23 2017.........SUNRISE   628 AM CDT   SUNSET   756 PM CDT


-  INDICATES NEGATIVE NUMBERS.
R  INDICATES RECORD WAS SET OR TIED.
MM INDICATES DATA IS MISSING.
T  INDICATES TRACE AMOUNT.




$$
