000
CDUS43 KSGF 182126
CLISGF


CLIMATE REPORT
NATIONAL WEATHER SERVICE SPRINGFIELD MO
426 PM CDT FRI APR 18 2014


...................................

...THE SPRINGFIELD MO CLIMATE SUMMARY FOR APRIL 18 2014...
VALID AS OF 0400 PM LOCAL TIME.

CLIMATE NORMAL PERIOD 1981 TO 2010
CLIMATE RECORD PERIOD 1888 TO 2014


WEATHER ITEM   OBSERVED TIME   RECORD YEAR NORMAL DEPARTURE LAST
                VALUE   (LST)  VALUE       VALUE  FROM      YEAR
                                                  NORMAL
..................................................................
TEMPERATURE (F)
 TODAY
  MAXIMUM         72    248 PM  92    2006  68      4       73
  MINIMUM         41    347 AM  26    1953  45     -4       37
  AVERAGE         57                        56      1       55

PRECIPITATION (IN)
  TODAY            0.00          2.13 1941   0.14  -0.14     1.21
  MONTH TO DATE    0.84                      2.37  -1.53     3.20
  SINCE MAR 1      3.17                      5.99  -2.82     7.97
  SINCE JAN 1      4.96                     10.98  -6.02    13.31

SNOWFALL (IN)
  TODAY            0.0
  MONTH TO DATE    T
  SINCE MAR 1      4.8
  SINCE JUL 1     32.2
  SNOW DEPTH       0

DEGREE DAYS
 HEATING
  TODAY            8                         9     -1       10
  MONTH TO DATE  212                       211      1      199
  SINCE MAR 1    893                       792    101      916
  SINCE JUL 1   4848                      4385    463     4214

 COOLING
  TODAY            0                         1     -1        0
  MONTH TO DATE    7                        11     -4        9
  SINCE MAR 1      7                        14     -7        9
  SINCE JAN 1      7                        14     -7        9
..................................................................


WIND (MPH)
  HIGHEST WIND SPEED    10   HIGHEST WIND DIRECTION     S (160)
  HIGHEST GUST SPEED    14   HIGHEST GUST DIRECTION     S (170)


SKY COVER
  AVERAGE SKY COVER 0.3


WEATHER CONDITIONS
 THE FOLLOWING WEATHER WAS RECORDED TODAY.
  NO SIGNIFICANT WEATHER WAS OBSERVED.


RELATIVE HUMIDITY (PERCENT)
 HIGHEST    83           200 AM
 LOWEST     31           200 PM
 AVERAGE    57

..........................................................


THE SPRINGFIELD MO CLIMATE NORMALS FOR TOMORROW
                         NORMAL    RECORD    YEAR
 MAXIMUM TEMPERATURE (F)   68        89      1987
 MINIMUM TEMPERATURE (F)   45        28      1953


SUNRISE AND SUNSET
APRIL 18 2014.........SUNRISE   635 AM CDT   SUNSET   751 PM CDT
APRIL 19 2014.........SUNRISE   634 AM CDT   SUNSET   752 PM CDT


-  INDICATES NEGATIVE NUMBERS.
R  INDICATES RECORD WAS SET OR TIED.
MM INDICATES DATA IS MISSING.
T  INDICATES TRACE AMOUNT.




$$
