000
CDUS43 KSGF 062332
CLISGF


CLIMATE REPORT
NATIONAL WEATHER SERVICE SPRINGFIELD MO
531 PM CST WED DEC 6 2017


...................................

...THE SPRINGFIELD MO CLIMATE SUMMARY FOR DECEMBER 6 2017...
VALID TODAY AS OF 0500 PM LOCAL TIME.

CLIMATE NORMAL PERIOD 1981 TO 2010
CLIMATE RECORD PERIOD 1888 TO 2017


WEATHER ITEM   OBSERVED TIME   RECORD YEAR NORMAL DEPARTURE LAST
                VALUE   (LST)  VALUE       VALUE  FROM      YEAR
                                                  NORMAL
..................................................................
TEMPERATURE (F)
 TODAY
  MAXIMUM         50    128 PM  72    1946  47      3       43
                                      1939
  MINIMUM         31    120 AM  -1    1950  27      4       29
  AVERAGE         41                        37      4       36

PRECIPITATION (IN)
  TODAY            0.00          1.66 1892   0.12  -0.12     0.00
  MONTH TO DATE    0.05                      0.70  -0.65     0.17
  SINCE DEC 1      0.05                      0.70  -0.65     0.17
  SINCE JAN 1     46.08                     43.23   2.85    35.80

SNOWFALL (IN)
  TODAY            0.0
  MONTH TO DATE    0.0
  SINCE DEC 1      0.0
  SINCE JUL 1      0.0
  SNOW DEPTH       0

DEGREE DAYS
 HEATING
  TODAY           24                        28     -4       29
  MONTH TO DATE   94                       162    -68      154
  SINCE DEC 1     94                       162    -68      154
  SINCE JUL 1    778                      1041   -263      670

 COOLING
  TODAY            0                         0      0        0
  MONTH TO DATE    0                         0      0        0
  SINCE DEC 1      0                         0      0        0
  SINCE JAN 1   1467                      1389     78     1808
..................................................................


WIND (MPH)
  HIGHEST WIND SPEED    17   HIGHEST WIND DIRECTION     W (280)
  HIGHEST GUST SPEED    24   HIGHEST GUST DIRECTION     W (290)


SKY COVER
  AVERAGE SKY COVER 0.1


WEATHER CONDITIONS
 THE FOLLOWING WEATHER WAS RECORDED TODAY.
  NO SIGNIFICANT WEATHER WAS OBSERVED.


RELATIVE HUMIDITY (PERCENT)
 HIGHEST    54           200 AM
 LOWEST     34           100 PM
 AVERAGE    44

..........................................................


THE SPRINGFIELD MO CLIMATE NORMALS FOR TOMORROW
                         NORMAL    RECORD    YEAR
 MAXIMUM TEMPERATURE (F)   47        74      1966
 MINIMUM TEMPERATURE (F)   27        -4      1950


SUNRISE AND SUNSET
DECEMBER  6 2017......SUNRISE   713 AM CST   SUNSET   456 PM CST
DECEMBER  7 2017......SUNRISE   714 AM CST   SUNSET   456 PM CST


-  INDICATES NEGATIVE NUMBERS.
R  INDICATES RECORD WAS SET OR TIED.
MM INDICATES DATA IS MISSING.
T  INDICATES TRACE AMOUNT.




$$
