000
CDUS43 KSGF 170633
CLISGF


CLIMATE REPORT
NATIONAL WEATHER SERVICE SPRINGFIELD MO
132 AM CDT SUN AUG 17 2014


...................................

...THE SPRINGFIELD MO CLIMATE SUMMARY FOR AUGUST 16 2014...

CLIMATE NORMAL PERIOD 1981 TO 2010
CLIMATE RECORD PERIOD 1888 TO 2014


WEATHER ITEM   OBSERVED TIME   RECORD YEAR NORMAL DEPARTURE LAST
                VALUE   (LST)  VALUE       VALUE  FROM      YEAR
                                                  NORMAL
..................................................................
TEMPERATURE (F)
 YESTERDAY
  MAXIMUM         92    356 PM 105    1936  90      2       75
  MINIMUM         70    711 AM  48    1992  67      3       59
  AVERAGE         81                        78      3       67

PRECIPITATION (IN)
  YESTERDAY        0.05          1.38 1930   0.11  -0.06     0.00
  MONTH TO DATE    1.17                      1.69  -0.52     5.84
  SINCE JUN 1      9.70                     10.22  -0.52    14.43
  SINCE JAN 1     21.18                     28.25  -7.07    38.15

SNOWFALL (IN)
  YESTERDAY        0.0
  MONTH TO DATE    0.0
  SINCE JUN 1      0.0
  SINCE JUL 1      0.0
  SNOW DEPTH       0

DEGREE DAYS
 HEATING
  YESTERDAY        0                         0      0        0
  MONTH TO DATE    0                         0      0        0
  SINCE JUN 1      0                         9     -9       14
  SINCE JUL 1      0                         0      0        0

 COOLING
  YESTERDAY       16                        13      3        2
  MONTH TO DATE  191                       221    -30      158
  SINCE JUN 1    777                       894   -117      815
  SINCE JAN 1    970                      1009    -39      942
..................................................................


WIND (MPH)
  HIGHEST WIND SPEED    23   HIGHEST WIND DIRECTION     S (200)
  HIGHEST GUST SPEED    28   HIGHEST GUST DIRECTION     S (200)
  AVERAGE WIND SPEED    12.0


SKY COVER
  AVERAGE SKY COVER 0.4


WEATHER CONDITIONS
 THE FOLLOWING WEATHER WAS RECORDED YESTERDAY.
  LIGHT RAIN
  FOG


RELATIVE HUMIDITY (PERCENT)
 HIGHEST    84           800 AM
 LOWEST     47           400 PM
 AVERAGE    66

..........................................................


THE SPRINGFIELD MO CLIMATE NORMALS FOR TODAY
                         NORMAL    RECORD    YEAR
 MAXIMUM TEMPERATURE (F)   89       103      1956
 MINIMUM TEMPERATURE (F)   67        50      1992


SUNRISE AND SUNSET
AUGUST 17 2014........SUNRISE   632 AM CDT   SUNSET   803 PM CDT
AUGUST 18 2014........SUNRISE   632 AM CDT   SUNSET   802 PM CDT


-  INDICATES NEGATIVE NUMBERS.
R  INDICATES RECORD WAS SET OR TIED.
MM INDICATES DATA IS MISSING.
T  INDICATES TRACE AMOUNT.




$$
