000
CDUS43 KSGF 010627
CLISGF


CLIMATE REPORT
NATIONAL WEATHER SERVICE SPRINGFIELD MO
126 AM CDT SUN MAY 1 2016


...................................

...THE SPRINGFIELD MO CLIMATE SUMMARY FOR APRIL 30 2016...

CLIMATE NORMAL PERIOD 1981 TO 2010
CLIMATE RECORD PERIOD 1888 TO 2016


WEATHER ITEM   OBSERVED TIME   RECORD YEAR NORMAL DEPARTURE LAST
                VALUE   (LST)  VALUE       VALUE  FROM      YEAR
                                                  NORMAL
..................................................................
TEMPERATURE (F)
 YESTERDAY
  MAXIMUM         75    116 PM  90    1987  71      4       73
                                      1952
  MINIMUM         55   1045 PM  32    1907  49      6       44
                                      1903
  AVERAGE         65                        60      5       59

PRECIPITATION (IN)
  YESTERDAY        0.11          3.42 1970   0.18  -0.07     0.00
  MONTH TO DATE    2.50                      4.32  -1.82     3.19
  SINCE MAR 1      5.44                      7.94  -2.50     6.57
  SINCE JAN 1      6.72                     12.93  -6.21     9.17

SNOWFALL (IN)
  YESTERDAY        0.0
  MONTH TO DATE    0.0
  SINCE MAR 1      T
  SINCE JUL 1      3.0
  SNOW DEPTH       0

DEGREE DAYS
 HEATING
  YESTERDAY        0                         6     -6        6
  MONTH TO DATE  189                       300   -111      218
  SINCE MAR 1    587                       881   -294      765
  SINCE JUL 1   3500                      4474   -974     4472

 COOLING
  YESTERDAY        0                         1     -1        0
  MONTH TO DATE   25                        22      3       22
  SINCE MAR 1     27                        25      2       22
  SINCE JAN 1     27                        25      2       22
..................................................................


WIND (MPH)
  HIGHEST WIND SPEED    22   HIGHEST WIND DIRECTION    SW (210)
  HIGHEST GUST SPEED    28   HIGHEST GUST DIRECTION    SW (220)
  AVERAGE WIND SPEED    11.3


SKY COVER
  AVERAGE SKY COVER 0.7


WEATHER CONDITIONS
 THE FOLLOWING WEATHER WAS RECORDED YESTERDAY.
  RAIN
  LIGHT RAIN
  FOG


RELATIVE HUMIDITY (PERCENT)
 HIGHEST    97           100 AM
 LOWEST     57           600 PM
 AVERAGE    77

..........................................................


THE SPRINGFIELD MO CLIMATE NORMALS FOR TODAY
                         NORMAL    RECORD    YEAR
 MAXIMUM TEMPERATURE (F)   72        89      1959
 MINIMUM TEMPERATURE (F)   50        30      1909


SUNRISE AND SUNSET
MAY  1 2016...........SUNRISE   618 AM CDT   SUNSET   803 PM CDT
MAY  2 2016...........SUNRISE   617 AM CDT   SUNSET   804 PM CDT


-  INDICATES NEGATIVE NUMBERS.
R  INDICATES RECORD WAS SET OR TIED.
MM INDICATES DATA IS MISSING.
T  INDICATES TRACE AMOUNT.




$$
