000
CDUS43 KSGF 230626
CLISGF


CLIMATE REPORT
NATIONAL WEATHER SERVICE SPRINGFIELD MO
125 AM CDT WED JUL 23 2014


...................................

...THE SPRINGFIELD MO CLIMATE SUMMARY FOR JULY 22 2014...

CLIMATE NORMAL PERIOD 1981 TO 2010
CLIMATE RECORD PERIOD 1888 TO 2014


WEATHER ITEM   OBSERVED TIME   RECORD YEAR NORMAL DEPARTURE LAST
                VALUE   (LST)  VALUE       VALUE  FROM      YEAR
                                                  NORMAL
..................................................................
TEMPERATURE (F)
 YESTERDAY
  MAXIMUM         93    356 PM 104    1901  89      4       86
  MINIMUM         70    554 AM  47    1970  68      2       67
  AVERAGE         82                        79      3       77

PRECIPITATION (IN)
  YESTERDAY        0.00          3.65 1940   0.11  -0.11     0.15
  MONTH TO DATE    2.25                      2.76  -0.51     2.17
  SINCE JUN 1      8.48                      7.61   0.87     4.43
  SINCE JAN 1     19.96                     25.64  -5.68    28.15

SNOWFALL (IN)
  YESTERDAY        0.0
  MONTH TO DATE    0.0
  SINCE JUN 1      0.0
  SINCE JUL 1      0.0
  SNOW DEPTH       0

DEGREE DAYS
 HEATING
  YESTERDAY        0                         0      0        0
  MONTH TO DATE    0                         0      0        0
  SINCE JUN 1      0                         9     -9       14
  SINCE JUL 1      0                         0      0        0

 COOLING
  YESTERDAY       17                        14      3       12
  MONTH TO DATE  187                       285    -98      287
  SINCE JUN 1    481                       548    -67      571
  SINCE JAN 1    674                       663     11      698
..................................................................


WIND (MPH)
  HIGHEST WIND SPEED    13   HIGHEST WIND DIRECTION     S (160)
  HIGHEST GUST SPEED    16   HIGHEST GUST DIRECTION     S (160)
  AVERAGE WIND SPEED     6.2


SKY COVER
  AVERAGE SKY COVER 0.1


WEATHER CONDITIONS
 THE FOLLOWING WEATHER WAS RECORDED YESTERDAY.
  NO SIGNIFICANT WEATHER WAS OBSERVED.


RELATIVE HUMIDITY (PERCENT)
 HIGHEST    90           400 AM
 LOWEST     52           300 PM
 AVERAGE    71

..........................................................


THE SPRINGFIELD MO CLIMATE NORMALS FOR TODAY
                         NORMAL    RECORD    YEAR
 MAXIMUM TEMPERATURE (F)   89       106      1901
 MINIMUM TEMPERATURE (F)   68        53      1947


SUNRISE AND SUNSET
JULY 23 2014..........SUNRISE   611 AM CDT   SUNSET   829 PM CDT
JULY 24 2014..........SUNRISE   612 AM CDT   SUNSET   828 PM CDT


-  INDICATES NEGATIVE NUMBERS.
R  INDICATES RECORD WAS SET OR TIED.
MM INDICATES DATA IS MISSING.
T  INDICATES TRACE AMOUNT.




$$
