000
CDUS43 KSGF 132132
CLISGF


CLIMATE REPORT
NATIONAL WEATHER SERVICE SPRINGFIELD MO
432 PM CDT WED SEP 13 2017


...................................

...THE SPRINGFIELD MO CLIMATE SUMMARY FOR SEPTEMBER 13 2017...
VALID AS OF 0400 PM LOCAL TIME.

CLIMATE NORMAL PERIOD 1981 TO 2010
CLIMATE RECORD PERIOD 1888 TO 2017


WEATHER ITEM   OBSERVED TIME   RECORD YEAR NORMAL DEPARTURE LAST
                VALUE   (LST)  VALUE       VALUE  FROM      YEAR
                                                  NORMAL
..................................................................
TEMPERATURE (F)
 TODAY
  MAXIMUM         81    250 PM  99    2011  81      0       88
  MINIMUM         56    716 AM  38    1902  59     -3       67
  AVERAGE         69                        70     -1       78

PRECIPITATION (IN)
  TODAY            0.00          2.42 1961   0.16  -0.16     0.00
  MONTH TO DATE    T                         2.01  -2.01     1.17
  SINCE SEP 1      T                         2.01  -2.01     1.17
  SINCE JAN 1     42.58                     32.12  10.46    26.79

SNOWFALL (IN)
  TODAY            0.0
  MONTH TO DATE    0.0
  SINCE SEP 1      0.0
  SINCE JUL 1      0.0
  SNOW DEPTH       0

DEGREE DAYS
 HEATING
  TODAY            0                         1     -1        0
  MONTH TO DATE    6                         5      1        0
  SINCE SEP 1      6                         5      1        0
  SINCE JUL 1      6                         7     -1        0

 COOLING
  TODAY            4                         6     -2       13
  MONTH TO DATE   56                       104    -48      127
  SINCE SEP 1     56                       104    -48      127
  SINCE JAN 1   1214                      1290    -76     1559
..................................................................


WIND (MPH)
  HIGHEST WIND SPEED    13   HIGHEST WIND DIRECTION     W (290)
  HIGHEST GUST SPEED    19   HIGHEST GUST DIRECTION    NW (320)


SKY COVER
  AVERAGE SKY COVER 0.3


WEATHER CONDITIONS
 THE FOLLOWING WEATHER WAS RECORDED TODAY.
  NO SIGNIFICANT WEATHER WAS OBSERVED.


RELATIVE HUMIDITY (PERCENT)
 HIGHEST    93           600 AM
 LOWEST     35           100 PM
 AVERAGE    64

..........................................................


THE SPRINGFIELD MO CLIMATE NORMALS FOR TOMORROW
                         NORMAL    RECORD    YEAR
 MAXIMUM TEMPERATURE (F)   81       102      1893
 MINIMUM TEMPERATURE (F)   58        43      1974


SUNRISE AND SUNSET
SEPTEMBER 13 2017.....SUNRISE   654 AM CDT   SUNSET   724 PM CDT
SEPTEMBER 14 2017.....SUNRISE   655 AM CDT   SUNSET   722 PM CDT


-  INDICATES NEGATIVE NUMBERS.
R  INDICATES RECORD WAS SET OR TIED.
MM INDICATES DATA IS MISSING.
T  INDICATES TRACE AMOUNT.




$$
