000
CDUS43 KSGF 210630
CLISGF


CLIMATE REPORT
NATIONAL WEATHER SERVICE SPRINGFIELD MO
130 AM CDT MON JUL 21 2014


...................................

...THE SPRINGFIELD MO CLIMATE SUMMARY FOR JULY 20 2014...

CLIMATE NORMAL PERIOD 1981 TO 2010
CLIMATE RECORD PERIOD 1888 TO 2014


WEATHER ITEM   OBSERVED TIME   RECORD YEAR NORMAL DEPARTURE LAST
                VALUE   (LST)  VALUE       VALUE  FROM      YEAR
                                                  NORMAL
..................................................................
TEMPERATURE (F)
 YESTERDAY
  MAXIMUM         82    346 PM 103    2006  89     -7       94
  MINIMUM         60    538 AM  49    1970  68     -8       70
  AVERAGE         71                        79     -8       82

PRECIPITATION (IN)
  YESTERDAY        0.00          2.18 1905   0.12  -0.12     0.18
  MONTH TO DATE    2.25                      2.55  -0.30     1.75
  SINCE JUN 1      8.48                      7.40   1.08     4.01
  SINCE JAN 1     19.96                     25.43  -5.47    27.73

SNOWFALL (IN)
  YESTERDAY        0.0
  MONTH TO DATE    0.0
  SINCE JUN 1      0.0
  SINCE JUL 1      0.0
  SNOW DEPTH       0

DEGREE DAYS
 HEATING
  YESTERDAY        0                         0      0        0
  MONTH TO DATE    0                         0      0        0
  SINCE JUN 1      0                         9     -9       14
  SINCE JUL 1      0                         0      0        0

 COOLING
  YESTERDAY        6                        14     -8       17
  MONTH TO DATE  158                       257    -99      263
  SINCE JUN 1    452                       520    -68      547
  SINCE JAN 1    645                       635     10      674
..................................................................


WIND (MPH)
  HIGHEST WIND SPEED    13   HIGHEST WIND DIRECTION     S (190)
  HIGHEST GUST SPEED    16   HIGHEST GUST DIRECTION     S (180)
  AVERAGE WIND SPEED     6.9


SKY COVER
  AVERAGE SKY COVER 0.1


WEATHER CONDITIONS
 THE FOLLOWING WEATHER WAS RECORDED YESTERDAY.
  FOG


RELATIVE HUMIDITY (PERCENT)
 HIGHEST    97           600 AM
 LOWEST     54           200 PM
 AVERAGE    76

..........................................................


THE SPRINGFIELD MO CLIMATE NORMALS FOR TODAY
                         NORMAL    RECORD    YEAR
 MAXIMUM TEMPERATURE (F)   89       102      1974
 MINIMUM TEMPERATURE (F)   68        44      1970


SUNRISE AND SUNSET
JULY 21 2014..........SUNRISE   609 AM CDT   SUNSET   830 PM CDT
JULY 22 2014..........SUNRISE   610 AM CDT   SUNSET   829 PM CDT


-  INDICATES NEGATIVE NUMBERS.
R  INDICATES RECORD WAS SET OR TIED.
MM INDICATES DATA IS MISSING.
T  INDICATES TRACE AMOUNT.




$$
