000
CDUS43 KSGF 130645
CLISGF


CLIMATE REPORT
NATIONAL WEATHER SERVICE SPRINGFIELD MO
145 AM CDT SUN APR 13 2014


...................................

...THE SPRINGFIELD MO CLIMATE SUMMARY FOR APRIL 12 2014...

CLIMATE NORMAL PERIOD 1981 TO 2010
CLIMATE RECORD PERIOD 1888 TO 2014


WEATHER ITEM   OBSERVED TIME   RECORD YEAR NORMAL DEPARTURE LAST
                VALUE   (LST)  VALUE       VALUE  FROM      YEAR
                                                  NORMAL
..................................................................
TEMPERATURE (F)
 YESTERDAY
  MAXIMUM         80    257 PM  89    1972  66     14       53
  MINIMUM         59    206 AM  22    1940  43     16       32
  AVERAGE         70                        55     15       43

PRECIPITATION (IN)
  YESTERDAY        0.00          2.31 1945   0.13  -0.13     0.00
  MONTH TO DATE    0.45                      1.54  -1.09     1.85
  SINCE MAR 1      2.78                      5.16  -2.38     6.62
  SINCE JAN 1      4.57                     10.15  -5.58    11.96

SNOWFALL (IN)
  YESTERDAY        0.0
  MONTH TO DATE    0.0
  SINCE MAR 1      4.8
  SINCE JUL 1     32.2
  SNOW DEPTH       0

DEGREE DAYS
 HEATING
  YESTERDAY        0                        11    -11       22
  MONTH TO DATE  119                       151    -32      162
  SINCE MAR 1    800                       732     68      879
  SINCE JUL 1   4755                      4325    430     4177

 COOLING
  YESTERDAY        5                         1      4        0
  MONTH TO DATE    7                         5      2        6
  SINCE MAR 1      7                         8     -1        6
  SINCE JAN 1      7                         8     -1        6
..................................................................


WIND (MPH)
  HIGHEST WIND SPEED    26   HIGHEST WIND DIRECTION     S (170)
  HIGHEST GUST SPEED    34   HIGHEST GUST DIRECTION     S (190)
  AVERAGE WIND SPEED    16.5


SKY COVER
  AVERAGE SKY COVER 0.2


WEATHER CONDITIONS
 THE FOLLOWING WEATHER WAS RECORDED YESTERDAY.
  NO SIGNIFICANT WEATHER WAS OBSERVED.


RELATIVE HUMIDITY (PERCENT)
 HIGHEST    78          1200 AM
 LOWEST     45           100 PM
 AVERAGE    62

..........................................................


THE SPRINGFIELD MO CLIMATE NORMALS FOR TODAY
                         NORMAL    RECORD    YEAR
 MAXIMUM TEMPERATURE (F)   67        89      1972
 MINIMUM TEMPERATURE (F)   43        18      1957


SUNRISE AND SUNSET
APRIL 13 2014.........SUNRISE   642 AM CDT   SUNSET   747 PM CDT
APRIL 14 2014.........SUNRISE   640 AM CDT   SUNSET   748 PM CDT


-  INDICATES NEGATIVE NUMBERS.
R  INDICATES RECORD WAS SET OR TIED.
MM INDICATES DATA IS MISSING.
T  INDICATES TRACE AMOUNT.




$$
