000
CDUS43 KSGF 250627
CLISGF


CLIMATE REPORT
NATIONAL WEATHER SERVICE SPRINGFIELD MO
127 AM CDT FRI JUL 25 2014


...................................

...THE SPRINGFIELD MO CLIMATE SUMMARY FOR JULY 24 2014...

CLIMATE NORMAL PERIOD 1981 TO 2010
CLIMATE RECORD PERIOD 1888 TO 2014


WEATHER ITEM   OBSERVED TIME   RECORD YEAR NORMAL DEPARTURE LAST
                VALUE   (LST)  VALUE       VALUE  FROM      YEAR
                                                  NORMAL
..................................................................
TEMPERATURE (F)
 YESTERDAY
  MAXIMUM         84    439 PM 106    1934  89     -5       87
  MINIMUM         66    508 AM  57    2003  68     -2       68
                                      2000
                                      1947
  AVERAGE         75                        79     -4       78

PRECIPITATION (IN)
  YESTERDAY        0.00          1.68 1998   0.11  -0.11     0.00
  MONTH TO DATE    2.25                      2.98  -0.73     2.17
  SINCE JUN 1      8.48                      7.83   0.65     4.43
  SINCE JAN 1     19.96                     25.86  -5.90    28.15

SNOWFALL (IN)
  YESTERDAY        0.0
  MONTH TO DATE    0.0
  SINCE JUN 1      0.0
  SINCE JUL 1      0.0
  SNOW DEPTH       0

DEGREE DAYS
 HEATING
  YESTERDAY        0                         0      0        0
  MONTH TO DATE    0                         0      0        0
  SINCE JUN 1      0                         9     -9       14
  SINCE JUL 1      0                         0      0        0

 COOLING
  YESTERDAY       10                        14     -4       13
  MONTH TO DATE  215                       313    -98      318
  SINCE JUN 1    509                       576    -67      602
  SINCE JAN 1    702                       691     11      729
..................................................................


WIND (MPH)
  HIGHEST WIND SPEED    14   HIGHEST WIND DIRECTION     E (80)
  HIGHEST GUST SPEED    19   HIGHEST GUST DIRECTION     E (110)
  AVERAGE WIND SPEED     7.4


SKY COVER
  AVERAGE SKY COVER 0.0


WEATHER CONDITIONS
 THE FOLLOWING WEATHER WAS RECORDED YESTERDAY.
  NO SIGNIFICANT WEATHER WAS OBSERVED.


RELATIVE HUMIDITY (PERCENT)
 HIGHEST    93           500 AM
 LOWEST     37           400 PM
 AVERAGE    65

..........................................................


THE SPRINGFIELD MO CLIMATE NORMALS FOR TODAY
                         NORMAL    RECORD    YEAR
 MAXIMUM TEMPERATURE (F)   90       102      2012
                                             1986
 MINIMUM TEMPERATURE (F)   68        54      1911


SUNRISE AND SUNSET
JULY 25 2014..........SUNRISE   613 AM CDT   SUNSET   827 PM CDT
JULY 26 2014..........SUNRISE   613 AM CDT   SUNSET   826 PM CDT


-  INDICATES NEGATIVE NUMBERS.
R  INDICATES RECORD WAS SET OR TIED.
MM INDICATES DATA IS MISSING.
T  INDICATES TRACE AMOUNT.




$$
