000
CDUS43 KSGF 172326
CLISGF


CLIMATE REPORT
NATIONAL WEATHER SERVICE SPRINGFIELD MO
525 PM CST TUE JAN 17 2017


...................................

...THE SPRINGFIELD MO CLIMATE SUMMARY FOR JANUARY 17 2017...
VALID TODAY AS OF 0500 PM LOCAL TIME.

CLIMATE NORMAL PERIOD 1981 TO 2010
CLIMATE RECORD PERIOD 1888 TO 2017


WEATHER ITEM   OBSERVED TIME   RECORD YEAR NORMAL DEPARTURE LAST
                VALUE   (LST)  VALUE       VALUE  FROM      YEAR
                                                  NORMAL
..................................................................
TEMPERATURE (F)
 TODAY
  MAXIMUM         42    109 AM  70    1894  43     -1       25
  MINIMUM         37    902 AM -15    1930  22     15       11
  AVERAGE         40                        32      8       18

PRECIPITATION (IN)
  TODAY            0.00          1.61 2004   0.08  -0.08      T
  MONTH TO DATE    3.50                      1.42   2.08     0.81
  SINCE DEC 1      4.12                      4.46  -0.34    12.24
  SINCE JAN 1      3.50                      1.42   2.08     0.81

SNOWFALL (IN)
  TODAY            0.0
  MONTH TO DATE    1.5
  SINCE DEC 1      1.7
  SINCE JUL 1      1.7
  SNOW DEPTH       0

DEGREE DAYS
 HEATING
  TODAY           25                        33     -8       47
  MONTH TO DATE  503                       558    -55      539
  SINCE DEC 1   1400                      1489    -89     1188
  SINCE JUL 1   1916                      2368   -452     1833

 COOLING
  TODAY            0                         0      0        0
  MONTH TO DATE    0                         0      0        0
  SINCE DEC 1      0                         0      0        0
  SINCE JAN 1      0                         0      0        0
..................................................................


WIND (MPH)
  HIGHEST WIND SPEED    16   HIGHEST WIND DIRECTION     W (280)
  HIGHEST GUST SPEED    22   HIGHEST GUST DIRECTION     W (280)


SKY COVER
  AVERAGE SKY COVER 1.0


WEATHER CONDITIONS
 THE FOLLOWING WEATHER WAS RECORDED TODAY.
  FOG


RELATIVE HUMIDITY (PERCENT)
 HIGHEST    92           800 AM
 LOWEST     70          1200 AM
 AVERAGE    81

..........................................................


THE SPRINGFIELD MO CLIMATE NORMALS FOR TOMORROW
                         NORMAL    RECORD    YEAR
 MAXIMUM TEMPERATURE (F)   43        68      1974
 MINIMUM TEMPERATURE (F)   22       -17      1930


SUNRISE AND SUNSET
JANUARY 17 2017.......SUNRISE   726 AM CST   SUNSET   522 PM CST
JANUARY 18 2017.......SUNRISE   725 AM CST   SUNSET   523 PM CST


-  INDICATES NEGATIVE NUMBERS.
R  INDICATES RECORD WAS SET OR TIED.
MM INDICATES DATA IS MISSING.
T  INDICATES TRACE AMOUNT.




$$
