000
CDUS43 KSGF 040653
CLISGF


CLIMATE REPORT
NATIONAL WEATHER SERVICE SPRINGFIELD MO
151 AM CDT TUE AUG 4 2015


...................................

...THE SPRINGFIELD MO CLIMATE SUMMARY FOR AUGUST 3 2015...

CLIMATE NORMAL PERIOD 1981 TO 2010
CLIMATE RECORD PERIOD 1888 TO 2015


WEATHER ITEM   OBSERVED TIME   RECORD YEAR NORMAL DEPARTURE LAST
                VALUE   (LST)  VALUE       VALUE  FROM      YEAR
                                                  NORMAL
..................................................................
TEMPERATURE (F)
 YESTERDAY
  MAXIMUM         93    240 PM 105    2011  90      3       88
  MINIMUM         67    603 AM  52    1976  68     -1       67
                                      1974
  AVERAGE         80                        79      1       78

PRECIPITATION (IN)
  YESTERDAY        0.00          1.60 1971   0.10  -0.10     0.14
  MONTH TO DATE    0.00                      0.29  -0.29     0.14
  SINCE JUN 1     13.99                      8.82   5.17     8.67
  SINCE JAN 1     29.39                     26.85   2.54    20.15

SNOWFALL (IN)
  YESTERDAY        0.0
  MONTH TO DATE    0.0
  SINCE JUN 1      0.0
  SINCE JUL 1      0.0
  SNOW DEPTH       0

DEGREE DAYS
 HEATING
  YESTERDAY        0                         0      0        0
  MONTH TO DATE    0                         0      0        0
  SINCE JUN 1      1                         9     -8        0
  SINCE JUL 1      0                         0      0        0

 COOLING
  YESTERDAY       15                        14      1       13
  MONTH TO DATE   43                        42      1       34
  SINCE JUN 1    856                       715    141      620
  SINCE JAN 1    998                       830    168      813
..................................................................


WIND (MPH)
  HIGHEST WIND SPEED    13   HIGHEST WIND DIRECTION     W (260)
  HIGHEST GUST SPEED    20   HIGHEST GUST DIRECTION     W (250)
  AVERAGE WIND SPEED     5.4


SKY COVER
  AVERAGE SKY COVER 0.0


WEATHER CONDITIONS
 THE FOLLOWING WEATHER WAS RECORDED YESTERDAY.
  NO SIGNIFICANT WEATHER WAS OBSERVED.


RELATIVE HUMIDITY (PERCENT)
 HIGHEST    87           600 AM
 LOWEST     38           300 PM
 AVERAGE    63

..........................................................


THE SPRINGFIELD MO CLIMATE NORMALS FOR TODAY
                         NORMAL    RECORD    YEAR
 MAXIMUM TEMPERATURE (F)   90       106      2012
 MINIMUM TEMPERATURE (F)   68        46      1974


SUNRISE AND SUNSET
AUGUST  4 2015........SUNRISE   621 AM CDT   SUNSET   818 PM CDT
AUGUST  5 2015........SUNRISE   621 AM CDT   SUNSET   817 PM CDT


-  INDICATES NEGATIVE NUMBERS.
R  INDICATES RECORD WAS SET OR TIED.
MM INDICATES DATA IS MISSING.
T  INDICATES TRACE AMOUNT.




$$
