000
CDUS43 KSGF 232229
CLISGF


CLIMATE REPORT
NATIONAL WEATHER SERVICE SPRINGFIELD MO
428 PM CST THU NOV 23 2017


...................................

...THE SPRINGFIELD MO CLIMATE SUMMARY FOR NOVEMBER 23 2017...
VALID AS OF 0400 PM LOCAL TIME.

CLIMATE NORMAL PERIOD 1981 TO 2010
CLIMATE RECORD PERIOD 1888 TO 2017


WEATHER ITEM   OBSERVED TIME   RECORD YEAR NORMAL DEPARTURE LAST
                VALUE   (LST)  VALUE       VALUE  FROM      YEAR
                                                  NORMAL
..................................................................
TEMPERATURE (F)
 TODAY
  MAXIMUM         63    312 PM  74    1974  53     10       54
  MINIMUM         30    359 AM   8    1950  32     -2       42
  AVERAGE         47                        42      5       48

PRECIPITATION (IN)
  TODAY            0.00          1.65 1999   0.13  -0.13      T
  MONTH TO DATE    0.37                      3.25  -2.88     2.26
  SINCE SEP 1      3.45                     11.45  -8.00     9.95
  SINCE JAN 1     46.03                     41.56   4.47    35.57

SNOWFALL (IN)
  TODAY            0.0
  MONTH TO DATE    0.0
  SINCE SEP 1      0.0
  SINCE JUL 1      0.0
  SNOW DEPTH       0

DEGREE DAYS
 HEATING
  TODAY           18                        23     -5       17
  MONTH TO DATE  363                       402    -39      258
  SINCE SEP 1    602                       708   -106      360
  SINCE JUL 1    602                       710   -108      360

 COOLING
  TODAY            0                         0      0        0
  MONTH TO DATE    4                         0      4       17
  SINCE SEP 1    309                       201    108      376
  SINCE JAN 1   1467                      1387     80     1808
..................................................................


WIND (MPH)
  HIGHEST WIND SPEED    15   HIGHEST WIND DIRECTION     W (250)
  HIGHEST GUST SPEED    20   HIGHEST GUST DIRECTION     W (260)


SKY COVER
  AVERAGE SKY COVER 0.0


WEATHER CONDITIONS
 THE FOLLOWING WEATHER WAS RECORDED TODAY.
  NO SIGNIFICANT WEATHER WAS OBSERVED.


RELATIVE HUMIDITY (PERCENT)
 HIGHEST    85           700 AM
 LOWEST     29           100 PM
 AVERAGE    57

..........................................................


THE SPRINGFIELD MO CLIMATE NORMALS FOR TOMORROW
                         NORMAL    RECORD    YEAR
 MAXIMUM TEMPERATURE (F)   53        72      2006
                                             1990
 MINIMUM TEMPERATURE (F)   32         6      1970


SUNRISE AND SUNSET
NOVEMBER 23 2017......SUNRISE   701 AM CST   SUNSET   459 PM CST
NOVEMBER 24 2017......SUNRISE   702 AM CST   SUNSET   458 PM CST


-  INDICATES NEGATIVE NUMBERS.
R  INDICATES RECORD WAS SET OR TIED.
MM INDICATES DATA IS MISSING.
T  INDICATES TRACE AMOUNT.




$$
