000
CDUS43 KSGF 150626
CLISGF


CLIMATE REPORT
NATIONAL WEATHER SERVICE SPRINGFIELD MO
1226 AM CST MON DEC 15 2014


...................................

...THE SPRINGFIELD MO CLIMATE SUMMARY FOR DECEMBER 14 2014...

CLIMATE NORMAL PERIOD 1981 TO 2010
CLIMATE RECORD PERIOD 1888 TO 2014


WEATHER ITEM   OBSERVED TIME   RECORD YEAR NORMAL DEPARTURE LAST
                VALUE   (LST)  VALUE       VALUE  FROM      YEAR
                                                  NORMAL
..................................................................
TEMPERATURE (F)
 YESTERDAY
  MAXIMUM         58    422 PM  69    1975  45     13       34
  MINIMUM         49    322 AM  -6    1901  25     24       26
  AVERAGE         54                        35     19       30

PRECIPITATION (IN)
  YESTERDAY        0.26          1.85 1971   0.10   0.16     0.28
  MONTH TO DATE    0.76                      1.53  -0.77     1.46
  SINCE DEC 1      0.76                      1.53  -0.77     1.46
  SINCE JAN 1     37.58                     44.06  -6.48    50.74

SNOWFALL (IN)
  YESTERDAY        0.0
  MONTH TO DATE    T
  SINCE DEC 1      T
  SINCE JUL 1      1.7
  SNOW DEPTH       0

DEGREE DAYS
 HEATING
  YESTERDAY       11                        30    -19       35
  MONTH TO DATE  337                       396    -59      504
  SINCE DEC 1    337                       396    -59      504
  SINCE JUL 1   1287                      1275     12     1441

 COOLING
  YESTERDAY        0                         0      0        0
  MONTH TO DATE    0                         0      0        0
  SINCE DEC 1      0                         0      0        0
  SINCE JAN 1   1470                      1389     81     1417
..................................................................


WIND (MPH)
  HIGHEST WIND SPEED    30   HIGHEST WIND DIRECTION    SE (140)
  HIGHEST GUST SPEED    42   HIGHEST GUST DIRECTION    SE (150)
  AVERAGE WIND SPEED    15.6


SKY COVER
  AVERAGE SKY COVER 0.6


WEATHER CONDITIONS
 THE FOLLOWING WEATHER WAS RECORDED YESTERDAY.
  HEAVY RAIN
  RAIN
  LIGHT RAIN
  FOG


RELATIVE HUMIDITY (PERCENT)
 HIGHEST   100           300 AM
 LOWEST     72           800 PM
 AVERAGE    86

..........................................................


THE SPRINGFIELD MO CLIMATE NORMALS FOR TODAY
                         NORMAL    RECORD    YEAR
 MAXIMUM TEMPERATURE (F)   45        73      1948
 MINIMUM TEMPERATURE (F)   25        -7      1989


SUNRISE AND SUNSET
DECEMBER 15 2014......SUNRISE   720 AM CST   SUNSET   457 PM CST
DECEMBER 16 2014......SUNRISE   721 AM CST   SUNSET   458 PM CST


-  INDICATES NEGATIVE NUMBERS.
R  INDICATES RECORD WAS SET OR TIED.
MM INDICATES DATA IS MISSING.
T  INDICATES TRACE AMOUNT.




$$
