606
CDUS43 KSGF 100626
CLISGF


CLIMATE REPORT
NATIONAL WEATHER SERVICE SPRINGFIELD MO
1225 AM CST SUN DEC 10 2017


...................................

...THE SPRINGFIELD MO CLIMATE SUMMARY FOR DECEMBER 9 2017...

CLIMATE NORMAL PERIOD 1981 TO 2010
CLIMATE RECORD PERIOD 1888 TO 2017


WEATHER ITEM   OBSERVED TIME   RECORD YEAR NORMAL DEPARTURE LAST
                VALUE   (LST)  VALUE       VALUE  FROM      YEAR
                                                  NORMAL
..................................................................
TEMPERATURE (F)
 YESTERDAY
  MAXIMUM         44    218 PM  71    1940  46     -2       33
  MINIMUM         23    938 PM  -8    1917  26     -3       11
  AVERAGE         34                        36     -2       22

PRECIPITATION (IN)
  YESTERDAY        0.00          2.77 1999   0.10  -0.10     0.00
  MONTH TO DATE    0.05                      1.02  -0.97     0.17
  SINCE DEC 1      0.05                      1.02  -0.97     0.17
  SINCE JAN 1     46.08                     43.55   2.53    35.80

SNOWFALL (IN)
  YESTERDAY        0.0
  MONTH TO DATE    0.0
  SINCE DEC 1      0.0
  SINCE JUL 1      0.0
  SNOW DEPTH       0

DEGREE DAYS
 HEATING
  YESTERDAY       31                        29      2       43
  MONTH TO DATE  205                       248    -43      275
  SINCE DEC 1    205                       248    -43      275
  SINCE JUL 1    889                      1127   -238      791

 COOLING
  YESTERDAY        0                         0      0        0
  MONTH TO DATE    0                         0      0        0
  SINCE DEC 1      0                         0      0        0
  SINCE JAN 1   1467                      1389     78     1808
..................................................................


WIND (MPH)
  HIGHEST WIND SPEED    23   HIGHEST WIND DIRECTION    NW (330)
  HIGHEST GUST SPEED    31   HIGHEST GUST DIRECTION    NW (330)
  AVERAGE WIND SPEED    10.1


SKY COVER
  AVERAGE SKY COVER 0.1


WEATHER CONDITIONS
 THE FOLLOWING WEATHER WAS RECORDED YESTERDAY.
  NO SIGNIFICANT WEATHER WAS OBSERVED.


RELATIVE HUMIDITY (PERCENT)
 HIGHEST    78           500 AM
 LOWEST     36           300 PM
 AVERAGE    57

..........................................................


THE SPRINGFIELD MO CLIMATE NORMALS FOR TODAY
                         NORMAL    RECORD    YEAR
 MAXIMUM TEMPERATURE (F)   46        71      1996
 MINIMUM TEMPERATURE (F)   26        -5      1995


SUNRISE AND SUNSET
DECEMBER 10 2017......SUNRISE   717 AM CST   SUNSET   456 PM CST
DECEMBER 11 2017......SUNRISE   717 AM CST   SUNSET   456 PM CST


-  INDICATES NEGATIVE NUMBERS.
R  INDICATES RECORD WAS SET OR TIED.
MM INDICATES DATA IS MISSING.
T  INDICATES TRACE AMOUNT.




$$
