000
CDUS43 KSGF 240626
CLISGF


CLIMATE REPORT
NATIONAL WEATHER SERVICE SPRINGFIELD MO
126 AM CDT SUN AUG 24 2014


...................................

...THE SPRINGFIELD MO CLIMATE SUMMARY FOR AUGUST 23 2014...

CLIMATE NORMAL PERIOD 1981 TO 2010
CLIMATE RECORD PERIOD 1888 TO 2014


WEATHER ITEM   OBSERVED TIME   RECORD YEAR NORMAL DEPARTURE LAST
                VALUE   (LST)  VALUE       VALUE  FROM      YEAR
                                                  NORMAL
..................................................................
TEMPERATURE (F)
 YESTERDAY
  MAXIMUM        100R   338 PM  99    1991  89     11       90
                                      1938
                                      1936
  MINIMUM         73   1159 PM  48    1891  66      7       67
  AVERAGE         87                        77     10       79

PRECIPITATION (IN)
  YESTERDAY        0.00          2.90 1988   0.12  -0.12     0.00
  MONTH TO DATE    1.17                      2.50  -1.33     5.84
  SINCE JUN 1      9.70                     11.03  -1.33    14.43
  SINCE JAN 1     21.18                     29.06  -7.88    38.15

SNOWFALL (IN)
  YESTERDAY        0.0
  MONTH TO DATE    0.0
  SINCE JUN 1      0.0
  SINCE JUL 1      0.0
  SNOW DEPTH       0

DEGREE DAYS
 HEATING
  YESTERDAY        0                         0      0        0
  MONTH TO DATE    0                         0      0        0
  SINCE JUN 1      0                         9     -9       14
  SINCE JUL 1      0                         0      0        0

 COOLING
  YESTERDAY       22                        12     10       14
  MONTH TO DATE  321                       310     11      226
  SINCE JUN 1    907                       983    -76      883
  SINCE JAN 1   1100                      1098      2     1010
..................................................................


WIND (MPH)
  HIGHEST WIND SPEED    16   HIGHEST WIND DIRECTION    SW (220)
  HIGHEST GUST SPEED    20   HIGHEST GUST DIRECTION    SW (210)
  AVERAGE WIND SPEED     8.2


SKY COVER
  AVERAGE SKY COVER 0.0


WEATHER CONDITIONS
 THE FOLLOWING WEATHER WAS RECORDED YESTERDAY.
  NO SIGNIFICANT WEATHER WAS OBSERVED.


RELATIVE HUMIDITY (PERCENT)
 HIGHEST    87           400 AM
 LOWEST     26           200 PM
 AVERAGE    57

..........................................................


THE SPRINGFIELD MO CLIMATE NORMALS FOR TODAY
                         NORMAL    RECORD    YEAR
 MAXIMUM TEMPERATURE (F)   88       100      1938
                                             1922
 MINIMUM TEMPERATURE (F)   66        44      1891


SUNRISE AND SUNSET
AUGUST 24 2014........SUNRISE   637 AM CDT   SUNSET   754 PM CDT
AUGUST 25 2014........SUNRISE   638 AM CDT   SUNSET   752 PM CDT


-  INDICATES NEGATIVE NUMBERS.
R  INDICATES RECORD WAS SET OR TIED.
MM INDICATES DATA IS MISSING.
T  INDICATES TRACE AMOUNT.




$$
