149
CDUS43 KSGF 162329
CLISGF


CLIMATE REPORT
NATIONAL WEATHER SERVICE SPRINGFIELD MO
526 PM CST FRI FEB 16 2018


...................................

...THE SPRINGFIELD MO CLIMATE SUMMARY FOR FEBRUARY 16 2018...
VALID TODAY AS OF 0500 PM LOCAL TIME.

CLIMATE NORMAL PERIOD 1981 TO 2010
CLIMATE RECORD PERIOD 1888 TO 2018


WEATHER ITEM   OBSERVED TIME   RECORD YEAR NORMAL DEPARTURE LAST
                VALUE   (LST)  VALUE       VALUE  FROM      YEAR
                                                  NORMAL
..................................................................
TEMPERATURE (F)
 TODAY
  MAXIMUM         53   1204 AM  75    1976  49      4       66
  MINIMUM         33    954 AM  -1    1958  26      7       31
  AVERAGE         43                        37      6       49

PRECIPITATION (IN)
  TODAY            0.21          1.64 2008   0.09   0.12     0.00
  MONTH TO DATE    0.58                      1.33  -0.75     0.15
  SINCE DEC 1      4.06                      6.84  -2.78     4.84
  SINCE JAN 1      2.54                      3.80  -1.26     4.22

SNOWFALL (IN)
  TODAY            0.0
  MONTH TO DATE    0.9
  SINCE DEC 1      5.4
  SINCE JUL 1      5.4
  SNOW DEPTH       0

DEGREE DAYS
 HEATING
  TODAY           22                        28     -6       16
  MONTH TO DATE  483                       473     10      347
  SINCE DEC 1   2375                      2407    -32     2041
  SINCE JUL 1   3059                      3286   -227     2557

 COOLING
  TODAY            0                         0      0        0
  MONTH TO DATE    1                         0      1        3
  SINCE DEC 1      1                         0      1        3
  SINCE JAN 1      1                         0      1        3
..................................................................


WIND (MPH)
  HIGHEST WIND SPEED    25   HIGHEST WIND DIRECTION     N (350)
  HIGHEST GUST SPEED    33   HIGHEST GUST DIRECTION     N (350)


SKY COVER
  AVERAGE SKY COVER 0.5


WEATHER CONDITIONS
 THE FOLLOWING WEATHER WAS RECORDED TODAY.
  RAIN
  LIGHT RAIN
  FOG


RELATIVE HUMIDITY (PERCENT)
 HIGHEST    93           100 AM
 LOWEST     45           400 PM
 AVERAGE    69

..........................................................


THE SPRINGFIELD MO CLIMATE NORMALS FOR TOMORROW
                         NORMAL    RECORD    YEAR
 MAXIMUM TEMPERATURE (F)   49        73      1911
 MINIMUM TEMPERATURE (F)   27        -8      1900


SUNRISE AND SUNSET
FEBRUARY 16 2018......SUNRISE   701 AM CST   SUNSET   554 PM CST
FEBRUARY 17 2018......SUNRISE   700 AM CST   SUNSET   555 PM CST


-  INDICATES NEGATIVE NUMBERS.
R  INDICATES RECORD WAS SET OR TIED.
MM INDICATES DATA IS MISSING.
T  INDICATES TRACE AMOUNT.




$$
