820
CDUS43 KSGF 212227
CLISGF


CLIMATE REPORT
NATIONAL WEATHER SERVICE SPRINGFIELD MO
427 PM CST WED FEB 21 2018


...................................

...THE SPRINGFIELD MO CLIMATE SUMMARY FOR FEBRUARY 21 2018...
VALID AS OF 0400 PM LOCAL TIME.

CLIMATE NORMAL PERIOD 1981 TO 2010
CLIMATE RECORD PERIOD 1888 TO 2018


WEATHER ITEM   OBSERVED TIME   RECORD YEAR NORMAL DEPARTURE LAST
                VALUE   (LST)  VALUE       VALUE  FROM      YEAR
                                                  NORMAL
..................................................................
TEMPERATURE (F)
 TODAY
  MAXIMUM         30   1204 AM  73    1935  50    -20       64
  MINIMUM         25    816 AM   0    1978  28     -3       48
  AVERAGE         28                        39    -11       56

PRECIPITATION (IN)
  TODAY            T             1.66 1897   0.09  -0.09     0.08
  MONTH TO DATE    3.17                      1.81   1.36     0.29
  SINCE DEC 1      6.65                      7.32  -0.67     4.98
  SINCE JAN 1      5.13                      4.28   0.85     4.36

SNOWFALL (IN)
  TODAY            0.0
  MONTH TO DATE    0.9
  SINCE DEC 1      5.4
  SINCE JUL 1      5.4
  SNOW DEPTH       0

DEGREE DAYS
 HEATING
  TODAY           37                        26     11        9
  MONTH TO DATE  589                       606    -17      383
  SINCE DEC 1   2481                      2540    -59     2077
  SINCE JUL 1   3165                      3419   -254     2593

 COOLING
  TODAY            0                         0      0        0
  MONTH TO DATE    1                         0      1        3
  SINCE DEC 1      1                         0      1        3
  SINCE JAN 1      1                         0      1        3
..................................................................


WIND (MPH)
  HIGHEST WIND SPEED    20   HIGHEST WIND DIRECTION     N (350)
  HIGHEST GUST SPEED    26   HIGHEST GUST DIRECTION     N (340)


SKY COVER
  AVERAGE SKY COVER 0.9


WEATHER CONDITIONS
 THE FOLLOWING WEATHER WAS RECORDED TODAY.
  LT FREEZING RAIN
  FOG


RELATIVE HUMIDITY (PERCENT)
 HIGHEST    92           100 AM
 LOWEST     84           900 AM
 AVERAGE    88

..........................................................


THE SPRINGFIELD MO CLIMATE NORMALS FOR TOMORROW
                         NORMAL    RECORD    YEAR
 MAXIMUM TEMPERATURE (F)   50        76      1995
 MINIMUM TEMPERATURE (F)   28        -1      1978


SUNRISE AND SUNSET
FEBRUARY 21 2018......SUNRISE   655 AM CST   SUNSET   600 PM CST
FEBRUARY 22 2018......SUNRISE   654 AM CST   SUNSET   601 PM CST


-  INDICATES NEGATIVE NUMBERS.
R  INDICATES RECORD WAS SET OR TIED.
MM INDICATES DATA IS MISSING.
T  INDICATES TRACE AMOUNT.




$$
