000
CDUS43 KSGF 261426 CCA
CLISGF

CLIMATE REPORT
NATIONAL WEATHER SERVICE SPRINGFIELD MO
125 AM CDT THU MAR 26 2015


...................................

...THE SPRINGFIELD MO CLIMATE SUMMARY FOR MARCH 25 2015...

CLIMATE NORMAL PERIOD 1981 TO 2010
CLIMATE RECORD PERIOD 1888 TO 2015


WEATHER ITEM   OBSERVED TIME   RECORD YEAR NORMAL DEPARTURE LAST
                VALUE   (LST)  VALUE       VALUE  FROM      YEAR
                                                  NORMAL
..................................................................
TEMPERATURE (F)
 YESTERDAY
  MAXIMUM         71   1108 AM  83    1910  61     10       42
                                      1907
  MINIMUM         38    555 AM   9    1955  38      0       23
  AVERAGE         55                        49      6       33

PRECIPITATION (IN)
  YESTERDAY        1.14          2.14 1920   0.12   1.02      T
  MONTH TO DATE    3.30                      2.84   0.46     2.16
  SINCE MAR 1      3.30                      2.84   0.46     2.16
  SINCE JAN 1      5.90                      7.83  -1.93     3.95

SNOWFALL (IN)
  YESTERDAY        0.0
  MONTH TO DATE    1.2
  SINCE MAR 1      1.2
  SINCE JUL 1     15.8
  SNOW DEPTH       0

DEGREE DAYS
 HEATING
  YESTERDAY       10                        16     -6       32
  MONTH TO DATE  447                       490    -43      585
  SINCE MAR 1    447                       490    -43      585
  SINCE JUL 1   4154                      4083     71     4540

 COOLING
  YESTERDAY        0                         0      0        0
  MONTH TO DATE    0                         0      0        0
  SINCE MAR 1      0                         0      0        0
  SINCE JAN 1      0                         0      0        0
..................................................................


WIND (MPH)
  HIGHEST WIND SPEED    26   HIGHEST WIND DIRECTION    NE (50)
  HIGHEST GUST SPEED    32   HIGHEST GUST DIRECTION    NE (30)
  AVERAGE WIND SPEED    12.0


SKY COVER
  AVERAGE SKY COVER 0.3


WEATHER CONDITIONS
 THE FOLLOWING WEATHER WAS RECORDED YESTERDAY.
  THUNDERSTORM
  HEAVY RAIN
  RAIN
  LIGHT RAIN
  FOG
  FOG W/VISIBILITY <= 1/4 MILE


RELATIVE HUMIDITY (PERCENT)
 HIGHEST   100           500 AM
 LOWEST     29          1100 AM
 AVERAGE    65

..........................................................


THE SPRINGFIELD MO CLIMATE NORMALS FOR TODAY
                         NORMAL    RECORD    YEAR
 MAXIMUM TEMPERATURE (F)   61        82      1910
 MINIMUM TEMPERATURE (F)   38         5      1955


SUNRISE AND SUNSET
MARCH 26 2015.........SUNRISE   708 AM CDT   SUNSET   731 PM CDT
MARCH 27 2015.........SUNRISE   707 AM CDT   SUNSET   731 PM CDT


-  INDICATES NEGATIVE NUMBERS.
R  INDICATES RECORD WAS SET OR TIED.
MM INDICATES DATA IS MISSING.
T  INDICATES TRACE AMOUNT.




$$
