000
CDUS43 KSGF 190627
CLISGF


CLIMATE REPORT
NATIONAL WEATHER SERVICE SPRINGFIELD MO
127 AM CDT MON JUN 19 2017


...................................

...THE SPRINGFIELD MO CLIMATE SUMMARY FOR JUNE 18 2017...

CLIMATE NORMAL PERIOD 1981 TO 2010
CLIMATE RECORD PERIOD 1888 TO 2017


WEATHER ITEM   OBSERVED TIME   RECORD YEAR NORMAL DEPARTURE LAST
                VALUE   (LST)  VALUE       VALUE  FROM      YEAR
                                                  NORMAL
..................................................................
TEMPERATURE (F)
 YESTERDAY
  MAXIMUM         77    516 PM  99    1953  85     -8       88
                                      1952
                                      1918
  MINIMUM         63   1159 PM  47    1966  64     -1       72
  AVERAGE         70                        74     -4       80

PRECIPITATION (IN)
  YESTERDAY        0.09          2.52 1948   0.17  -0.08     0.00
  MONTH TO DATE    1.46                      2.92  -1.46     1.40
  SINCE JUN 1      1.46                      2.92  -1.46     1.40
  SINCE JAN 1     30.16                     20.95   9.21    12.65

SNOWFALL (IN)
  YESTERDAY        0.0
  MONTH TO DATE    0.0
  SINCE JUN 1      0.0
  SINCE JUL 1      1.8
  SNOW DEPTH       0

DEGREE DAYS
 HEATING
  YESTERDAY        0                         0      0        0
  MONTH TO DATE    0                         7     -7        0
  SINCE JUN 1      0                         7     -7        0
  SINCE JUL 1   3355                      4576  -1221     3629

 COOLING
  YESTERDAY        5                         9     -4       15
  MONTH TO DATE  169                       134     35      209
  SINCE JUN 1    169                       134     35      209
  SINCE JAN 1    317                       249     68      329
..................................................................


WIND (MPH)
  HIGHEST WIND SPEED    29   HIGHEST WIND DIRECTION    NW (330)
  HIGHEST GUST SPEED    37   HIGHEST GUST DIRECTION     N (340)
  AVERAGE WIND SPEED     7.3


SKY COVER
  AVERAGE SKY COVER 0.3


WEATHER CONDITIONS
 THE FOLLOWING WEATHER WAS RECORDED YESTERDAY.
  LIGHT RAIN
  FOG


RELATIVE HUMIDITY (PERCENT)
 HIGHEST   100           700 AM
 LOWEST     64           600 PM
 AVERAGE    82

..........................................................


THE SPRINGFIELD MO CLIMATE NORMALS FOR TODAY
                         NORMAL    RECORD    YEAR
 MAXIMUM TEMPERATURE (F)   85       100      1953
 MINIMUM TEMPERATURE (F)   64        49      1912


SUNRISE AND SUNSET
JUNE 19 2017..........SUNRISE   553 AM CDT   SUNSET   837 PM CDT
JUNE 20 2017..........SUNRISE   553 AM CDT   SUNSET   837 PM CDT


-  INDICATES NEGATIVE NUMBERS.
R  INDICATES RECORD WAS SET OR TIED.
MM INDICATES DATA IS MISSING.
T  INDICATES TRACE AMOUNT.




$$
