000
CDUS43 KSGF 120638
CLISGF


CLIMATE REPORT
NATIONAL WEATHER SERVICE SPRINGFIELD MO
138 AM CDT THU OCT 12 2017


...................................

...THE SPRINGFIELD MO CLIMATE SUMMARY FOR OCTOBER 11 2017...

CLIMATE NORMAL PERIOD 1981 TO 2010
CLIMATE RECORD PERIOD 1888 TO 2017


WEATHER ITEM   OBSERVED TIME   RECORD YEAR NORMAL DEPARTURE LAST
                VALUE   (LST)  VALUE       VALUE  FROM      YEAR
                                                  NORMAL
..................................................................
TEMPERATURE (F)
 YESTERDAY
  MAXIMUM         54    446 PM  91    1963  71    -17       83
  MINIMUM         46    818 AM  32    1987  48     -2       54
                                      1906
  AVERAGE         50                        59     -9       69

PRECIPITATION (IN)
  YESTERDAY        T             1.95 1929   0.10  -0.10     0.00
  MONTH TO DATE    0.32                      1.29  -0.97     0.83
  SINCE SEP 1      0.91                      5.90  -4.99     4.72
  SINCE JAN 1     43.49                     36.01   7.48    30.34

SNOWFALL (IN)
  YESTERDAY        0.0
  MONTH TO DATE    0.0
  SINCE SEP 1      0.0
  SINCE JUL 1      0.0
  SNOW DEPTH       0

DEGREE DAYS
 HEATING
  YESTERDAY       15                         7      8        0
  MONTH TO DATE   23                        63    -40       30
  SINCE SEP 1     31                       116    -85       44
  SINCE JUL 1     31                       118    -87       44

 COOLING
  YESTERDAY        0                         1     -1        4
  MONTH TO DATE   60                        17     43       30
  SINCE SEP 1    278                       190     88      296
  SINCE JAN 1   1436                      1376     60     1728
..................................................................


WIND (MPH)
  HIGHEST WIND SPEED    12   HIGHEST WIND DIRECTION    SE (150)
  HIGHEST GUST SPEED    16   HIGHEST GUST DIRECTION    NW (310)
  AVERAGE WIND SPEED     6.0


SKY COVER
  AVERAGE SKY COVER 1.0


WEATHER CONDITIONS
 THE FOLLOWING WEATHER WAS RECORDED YESTERDAY.
  LIGHT RAIN
  FOG


RELATIVE HUMIDITY (PERCENT)
 HIGHEST   100           700 AM
 LOWEST     83           100 PM
 AVERAGE    92

..........................................................


THE SPRINGFIELD MO CLIMATE NORMALS FOR TODAY
                         NORMAL    RECORD    YEAR
 MAXIMUM TEMPERATURE (F)   70        88      1899
 MINIMUM TEMPERATURE (F)   48        27      1987
                                             1909


SUNRISE AND SUNSET
OCTOBER 12 2017.......SUNRISE   719 AM CDT   SUNSET   640 PM CDT
OCTOBER 13 2017.......SUNRISE   720 AM CDT   SUNSET   639 PM CDT


-  INDICATES NEGATIVE NUMBERS.
R  INDICATES RECORD WAS SET OR TIED.
MM INDICATES DATA IS MISSING.
T  INDICATES TRACE AMOUNT.




$$
