000
CDUS43 KSGF 260627
CLISGF


CLIMATE REPORT
NATIONAL WEATHER SERVICE SPRINGFIELD MO
1227 AM CST MON JAN 26 2015


...................................

...THE SPRINGFIELD MO CLIMATE SUMMARY FOR JANUARY 25 2015...

CLIMATE NORMAL PERIOD 1981 TO 2010
CLIMATE RECORD PERIOD 1888 TO 2015


WEATHER ITEM   OBSERVED TIME   RECORD YEAR NORMAL DEPARTURE LAST
                VALUE   (LST)  VALUE       VALUE  FROM      YEAR
                                                  NORMAL
..................................................................
TEMPERATURE (F)
 YESTERDAY
  MAXIMUM         50    111 AM  75    1950  44      6       53
  MINIMUM         35   1159 PM -13    1894  22     13       24
  AVERAGE         43                        33     10       39

PRECIPITATION (IN)
  YESTERDAY        0.02          1.12 1895   0.07  -0.05     0.00
  MONTH TO DATE    0.78                      2.02  -1.24     1.26
  SINCE DEC 1      2.55                      5.06  -2.51     3.82
  SINCE JAN 1      0.78                      2.02  -1.24     1.26

SNOWFALL (IN)
  YESTERDAY        0.0
  MONTH TO DATE    0.3
  SINCE DEC 1      0.8
  SINCE JUL 1      2.5
  SNOW DEPTH       0

DEGREE DAYS
 HEATING
  YESTERDAY       22                        32    -10       26
  MONTH TO DATE  807                       815     -8      897
  SINCE DEC 1   1627                      1746   -119     1883
  SINCE JUL 1   2577                      2625    -48     2820

 COOLING
  YESTERDAY        0                         0      0        0
  MONTH TO DATE    0                         0      0        0
  SINCE DEC 1      0                         0      0        0
  SINCE JAN 1      0                         0      0        0
..................................................................


WIND (MPH)
  HIGHEST WIND SPEED    28   HIGHEST WIND DIRECTION    NW (320)
  HIGHEST GUST SPEED    37   HIGHEST GUST DIRECTION    NW (320)
  AVERAGE WIND SPEED    16.3


SKY COVER
  AVERAGE SKY COVER 1.0


WEATHER CONDITIONS
 THE FOLLOWING WEATHER WAS RECORDED YESTERDAY.
  LIGHT RAIN
  FOG


RELATIVE HUMIDITY (PERCENT)
 HIGHEST    92           600 PM
 LOWEST     46          1200 AM
 AVERAGE    69

..........................................................


THE SPRINGFIELD MO CLIMATE NORMALS FOR TODAY
                         NORMAL    RECORD    YEAR
 MAXIMUM TEMPERATURE (F)   44        74      1890
 MINIMUM TEMPERATURE (F)   22        -8      1904


SUNRISE AND SUNSET
JANUARY 26 2015.......SUNRISE   721 AM CST   SUNSET   531 PM CST
JANUARY 27 2015.......SUNRISE   720 AM CST   SUNSET   532 PM CST


-  INDICATES NEGATIVE NUMBERS.
R  INDICATES RECORD WAS SET OR TIED.
MM INDICATES DATA IS MISSING.
T  INDICATES TRACE AMOUNT.




$$
