000
CDUS43 KSGF 110626
CLISGF


CLIMATE REPORT
NATIONAL WEATHER SERVICE SPRINGFIELD MO
1226 AM CST WED JAN 11 2017


...................................

...THE SPRINGFIELD MO CLIMATE SUMMARY FOR JANUARY 10 2017...

CLIMATE NORMAL PERIOD 1981 TO 2010
CLIMATE RECORD PERIOD 1888 TO 2017


WEATHER ITEM   OBSERVED TIME   RECORD YEAR NORMAL DEPARTURE LAST
                VALUE   (LST)  VALUE       VALUE  FROM      YEAR
                                                  NORMAL
..................................................................
TEMPERATURE (F)
 YESTERDAY
  MAXIMUM         68   1237 PM  70    1890  42     26       21
  MINIMUM         33    929 PM -11    1982  22     11       10
  AVERAGE         51                        32     19       16

PRECIPITATION (IN)
  YESTERDAY        T             1.00 1905   0.09  -0.09      T
  MONTH TO DATE    0.05                      0.87  -0.82     0.69
  SINCE DEC 1      0.67                      3.91  -3.24    12.12
  SINCE JAN 1      0.05                      0.87  -0.82     0.69

SNOWFALL (IN)
  YESTERDAY       MM
  MONTH TO DATE    1.5
  SINCE DEC 1      1.7
  SINCE JUL 1      1.7
  SNOW DEPTH       0

DEGREE DAYS
 HEATING
  YESTERDAY       14                        33    -19       49
  MONTH TO DATE  350                       327     23      316
  SINCE DEC 1   1247                      1258    -11      965
  SINCE JUL 1   1763                      2137   -374     1610

 COOLING
  YESTERDAY        0                         0      0        0
  MONTH TO DATE    0                         0      0        0
  SINCE DEC 1      0                         0      0        0
  SINCE JAN 1      0                         0      0        0
..................................................................


WIND (MPH)
  HIGHEST WIND SPEED    39   HIGHEST WIND DIRECTION    SW (230)
  HIGHEST GUST SPEED    51   HIGHEST GUST DIRECTION    SW (230)
  AVERAGE WIND SPEED    17.8


SKY COVER
  AVERAGE SKY COVER 0.2


WEATHER CONDITIONS
 THE FOLLOWING WEATHER WAS RECORDED YESTERDAY.
  LIGHT RAIN


RELATIVE HUMIDITY (PERCENT)
 HIGHEST    80           100 AM
 LOWEST     30           500 PM
 AVERAGE    55

..........................................................


THE SPRINGFIELD MO CLIMATE NORMALS FOR TODAY
                         NORMAL    RECORD    YEAR
 MAXIMUM TEMPERATURE (F)   42        73      1911
 MINIMUM TEMPERATURE (F)   22       -18      1918


SUNRISE AND SUNSET
JANUARY 11 2017.......SUNRISE   727 AM CST   SUNSET   516 PM CST
JANUARY 12 2017.......SUNRISE   727 AM CST   SUNSET   517 PM CST


-  INDICATES NEGATIVE NUMBERS.
R  INDICATES RECORD WAS SET OR TIED.
MM INDICATES DATA IS MISSING.
T  INDICATES TRACE AMOUNT.




$$
