137
CDUS43 KSGF 090627
CLISGF


CLIMATE REPORT
NATIONAL WEATHER SERVICE SPRINGFIELD MO
1227 AM CST TUE FEB 9 2016


...................................

...THE SPRINGFIELD MO CLIMATE SUMMARY FOR FEBRUARY 8 2016...

CLIMATE NORMAL PERIOD 1981 TO 2010
CLIMATE RECORD PERIOD 1888 TO 2016


WEATHER ITEM   OBSERVED TIME   RECORD YEAR NORMAL DEPARTURE LAST
                VALUE   (LST)  VALUE       VALUE  FROM      YEAR
                                                  NORMAL
..................................................................
TEMPERATURE (F)
 YESTERDAY
  MAXIMUM         39    208 AM  72    1943  46     -7       70
  MINIMUM         28   1159 PM -17    1895  24      4       42
  AVERAGE         34                        35     -1       56

PRECIPITATION (IN)
  YESTERDAY        T             0.75 1980   0.08  -0.08     0.00
                                      1931
  MONTH TO DATE    0.05                      0.62  -0.57     0.40
  SINCE DEC 1     12.40                      6.13   6.27     2.98
  SINCE JAN 1      0.97                      3.09  -2.12     1.21

SNOWFALL (IN)
  YESTERDAY        T
  MONTH TO DATE    T
  SINCE DEC 1      3.0
  SINCE JUL 1      3.0
  SNOW DEPTH       0

DEGREE DAYS
 HEATING
  YESTERDAY       31                        30      1        9
  MONTH TO DATE  210                       244    -34      223
  SINCE DEC 1   1804                      2178   -374     1981
  SINCE JUL 1   2449                      3057   -608     2931

 COOLING
  YESTERDAY        0                         0      0        0
  MONTH TO DATE    0                         0      0        0
  SINCE DEC 1      0                         0      0        0
  SINCE JAN 1      0                         0      0        0
..................................................................


WIND (MPH)
  HIGHEST WIND SPEED    36   HIGHEST WIND DIRECTION    NW (330)
  HIGHEST GUST SPEED    46   HIGHEST GUST DIRECTION    NW (320)
  AVERAGE WIND SPEED    18.3


SKY COVER
  AVERAGE SKY COVER 0.9


WEATHER CONDITIONS
 THE FOLLOWING WEATHER WAS RECORDED YESTERDAY.
  LIGHT SNOW


RELATIVE HUMIDITY (PERCENT)
 HIGHEST    61           500 AM
 LOWEST     40          1100 AM
 AVERAGE    51

..........................................................


THE SPRINGFIELD MO CLIMATE NORMALS FOR TODAY
                         NORMAL    RECORD    YEAR
 MAXIMUM TEMPERATURE (F)   47        76      1932
 MINIMUM TEMPERATURE (F)   24       -17      1979


SUNRISE AND SUNSET
FEBRUARY  9 2016......SUNRISE   709 AM CST   SUNSET   546 PM CST
FEBRUARY 10 2016......SUNRISE   708 AM CST   SUNSET   548 PM CST


-  INDICATES NEGATIVE NUMBERS.
R  INDICATES RECORD WAS SET OR TIED.
MM INDICATES DATA IS MISSING.
T  INDICATES TRACE AMOUNT.




$$
