000
CDUS43 KSGF 240634
CLISGF


CLIMATE REPORT
NATIONAL WEATHER SERVICE SPRINGFIELD MO
134 AM CDT TUE MAY 24 2016


...................................

...THE SPRINGFIELD MO CLIMATE SUMMARY FOR MAY 23 2016...

CLIMATE NORMAL PERIOD 1981 TO 2010
CLIMATE RECORD PERIOD 1888 TO 2016


WEATHER ITEM   OBSERVED TIME   RECORD YEAR NORMAL DEPARTURE LAST
                VALUE   (LST)  VALUE       VALUE  FROM      YEAR
                                                  NORMAL
..................................................................
TEMPERATURE (F)
 YESTERDAY
  MAXIMUM         79    206 PM  90    1939  77      2       74
  MINIMUM         59    349 AM  40    1917  57      2       59
  AVERAGE         69                        67      2       67

PRECIPITATION (IN)
  YESTERDAY        0.23          2.36 1971   0.16   0.07     0.01
  MONTH TO DATE    3.98                      3.91   0.07     3.70
  SINCE MAR 1      9.42                     11.85  -2.43    10.27
  SINCE JAN 1     10.70                     16.84  -6.14    12.87

SNOWFALL (IN)
  YESTERDAY        0.0
  MONTH TO DATE    0.0
  SINCE MAR 1      T
  SINCE JUL 1      3.0
  SNOW DEPTH       0

DEGREE DAYS
 HEATING
  YESTERDAY        0                         2     -2        0
  MONTH TO DATE  129                        83     46       60
  SINCE MAR 1    716                       964   -248      825
  SINCE JUL 1   3629                      4557   -928     4532

 COOLING
  YESTERDAY        4                         4      0        2
  MONTH TO DATE   32                        53    -21       79
  SINCE MAR 1     59                        78    -19      101
  SINCE JAN 1     59                        78    -19      101
..................................................................


WIND (MPH)
  HIGHEST WIND SPEED    23   HIGHEST WIND DIRECTION     S (180)
  HIGHEST GUST SPEED    34   HIGHEST GUST DIRECTION     E (110)
  AVERAGE WIND SPEED    10.8


SKY COVER
  AVERAGE SKY COVER 0.2


WEATHER CONDITIONS
 THE FOLLOWING WEATHER WAS RECORDED YESTERDAY.
  HEAVY RAIN
  RAIN
  LIGHT RAIN
  FOG


RELATIVE HUMIDITY (PERCENT)
 HIGHEST    93           500 PM
 LOWEST     46          1000 AM
 AVERAGE    70

..........................................................


THE SPRINGFIELD MO CLIMATE NORMALS FOR TODAY
                         NORMAL    RECORD    YEAR
 MAXIMUM TEMPERATURE (F)   77        90      1939
 MINIMUM TEMPERATURE (F)   57        40      1925


SUNRISE AND SUNSET
MAY 24 2016...........SUNRISE   558 AM CDT   SUNSET   823 PM CDT
MAY 25 2016...........SUNRISE   558 AM CDT   SUNSET   824 PM CDT


-  INDICATES NEGATIVE NUMBERS.
R  INDICATES RECORD WAS SET OR TIED.
MM INDICATES DATA IS MISSING.
T  INDICATES TRACE AMOUNT.




$$
