000
CDUS43 KSGF 270627
CLISGF


CLIMATE REPORT
NATIONAL WEATHER SERVICE SPRINGFIELD MO
1227 AM CST SUN NOV 27 2016


...................................

...THE SPRINGFIELD MO CLIMATE SUMMARY FOR NOVEMBER 26 2016...

CLIMATE NORMAL PERIOD 1981 TO 2010
CLIMATE RECORD PERIOD 1888 TO 2016


WEATHER ITEM   OBSERVED TIME   RECORD YEAR NORMAL DEPARTURE LAST
                VALUE   (LST)  VALUE       VALUE  FROM      YEAR
                                                  NORMAL
..................................................................
TEMPERATURE (F)
 YESTERDAY
  MAXIMUM         48    407 PM  76    1965  52     -4       65
  MINIMUM         26    218 AM  12    1977  31     -5       56
  AVERAGE         37                        41     -4       61

PRECIPITATION (IN)
  YESTERDAY        0.00          1.60 1982   0.15  -0.15     0.05
  MONTH TO DATE    2.26                      3.68  -1.42     4.85
  SINCE SEP 1      9.95                     11.88  -1.93    10.41
  SINCE JAN 1     35.57                     41.99  -6.42    45.93

SNOWFALL (IN)
  YESTERDAY        0.0
  MONTH TO DATE    0.0
  SINCE SEP 1      0.0
  SINCE JUL 1      0.0
  SNOW DEPTH       0

DEGREE DAYS
 HEATING
  YESTERDAY       28                        24      4        4
  MONTH TO DATE  334                       472   -138      354
  SINCE SEP 1    436                       778   -342      552
  SINCE JUL 1    436                       780   -344      555

 COOLING
  YESTERDAY        0                         0      0        0
  MONTH TO DATE   17                         0     17        0
  SINCE SEP 1    376                       201    175      286
  SINCE JAN 1   1808                      1387    421     1555
..................................................................


WIND (MPH)
  HIGHEST WIND SPEED    16   HIGHEST WIND DIRECTION     S (160)
  HIGHEST GUST SPEED    20   HIGHEST GUST DIRECTION     S (160)
  AVERAGE WIND SPEED     9.0


SKY COVER
  AVERAGE SKY COVER 0.8


WEATHER CONDITIONS
 THE FOLLOWING WEATHER WAS RECORDED YESTERDAY.
  FOG
  FOG W/VISIBILITY <= 1/4 MILE


RELATIVE HUMIDITY (PERCENT)
 HIGHEST   100           700 AM
 LOWEST     71           300 PM
 AVERAGE    86

..........................................................


THE SPRINGFIELD MO CLIMATE NORMALS FOR TODAY
                         NORMAL    RECORD    YEAR
 MAXIMUM TEMPERATURE (F)   51        75      1964
 MINIMUM TEMPERATURE (F)   30         7      1975


SUNRISE AND SUNSET
NOVEMBER 27 2016......SUNRISE   705 AM CST   SUNSET   457 PM CST
NOVEMBER 28 2016......SUNRISE   706 AM CST   SUNSET   457 PM CST


-  INDICATES NEGATIVE NUMBERS.
R  INDICATES RECORD WAS SET OR TIED.
MM INDICATES DATA IS MISSING.
T  INDICATES TRACE AMOUNT.




$$
