000
CDUS43 KSGF 142327
CLISGF


CLIMATE REPORT
NATIONAL WEATHER SERVICE SPRINGFIELD MO
526 PM CST TUE NOV 14 2017


...................................

...THE SPRINGFIELD MO CLIMATE SUMMARY FOR NOVEMBER 14 2017...
VALID TODAY AS OF 0500 PM LOCAL TIME.

CLIMATE NORMAL PERIOD 1981 TO 2010
CLIMATE RECORD PERIOD 1888 TO 2017


WEATHER ITEM   OBSERVED TIME   RECORD YEAR NORMAL DEPARTURE LAST
                VALUE   (LST)  VALUE       VALUE  FROM      YEAR
                                                  NORMAL
..................................................................
TEMPERATURE (F)
 TODAY
  MAXIMUM         52   1241 AM  78    1973  58     -6       69
  MINIMUM         45   1002 AM  10    1940  36      9       41
  AVERAGE         49                        47      2       55

PRECIPITATION (IN)
  TODAY            0.21          0.98 1924   0.15   0.06     0.00
  MONTH TO DATE    0.24                      2.00  -1.76     2.21
  SINCE SEP 1      3.32                     10.20  -6.88     9.90
  SINCE JAN 1     45.90                     40.31   5.59    35.52

SNOWFALL (IN)
  TODAY            0.0
  MONTH TO DATE    0.0
  SINCE SEP 1      0.0
  SINCE JUL 1      0.0
  SNOW DEPTH       0

DEGREE DAYS
 HEATING
  TODAY           16                        18     -2       10
  MONTH TO DATE  201                       215    -14      134
  SINCE SEP 1    440                       521    -81      236
  SINCE JUL 1    440                       523    -83      236

 COOLING
  TODAY            0                         0      0        0
  MONTH TO DATE    4                         0      4       14
  SINCE SEP 1    309                       201    108      373
  SINCE JAN 1   1467                      1387     80     1805
..................................................................


WIND (MPH)
  HIGHEST WIND SPEED    20   HIGHEST WIND DIRECTION     S (160)
  HIGHEST GUST SPEED    26   HIGHEST GUST DIRECTION     S (160)


SKY COVER
  AVERAGE SKY COVER 1.0


WEATHER CONDITIONS
 THE FOLLOWING WEATHER WAS RECORDED TODAY.
  RAIN
  LIGHT RAIN
  FOG


RELATIVE HUMIDITY (PERCENT)
 HIGHEST   100          1200 PM
 LOWEST     71           100 AM
 AVERAGE    86

..........................................................


THE SPRINGFIELD MO CLIMATE NORMALS FOR TOMORROW
                         NORMAL    RECORD    YEAR
 MAXIMUM TEMPERATURE (F)   57        78      1964
 MINIMUM TEMPERATURE (F)   36         6      1940


SUNRISE AND SUNSET
NOVEMBER 14 2017......SUNRISE   652 AM CST   SUNSET   504 PM CST
NOVEMBER 15 2017......SUNRISE   653 AM CST   SUNSET   503 PM CST


-  INDICATES NEGATIVE NUMBERS.
R  INDICATES RECORD WAS SET OR TIED.
MM INDICATES DATA IS MISSING.
T  INDICATES TRACE AMOUNT.




$$
