000
CDUS43 KSGF 240627
CLISGF


CLIMATE REPORT
NATIONAL WEATHER SERVICE SPRINGFIELD MO
127 AM CDT THU JUL 24 2014


...................................

...THE SPRINGFIELD MO CLIMATE SUMMARY FOR JULY 23 2014...

CLIMATE NORMAL PERIOD 1981 TO 2010
CLIMATE RECORD PERIOD 1888 TO 2014


WEATHER ITEM   OBSERVED TIME   RECORD YEAR NORMAL DEPARTURE LAST
                VALUE   (LST)  VALUE       VALUE  FROM      YEAR
                                                  NORMAL
..................................................................
TEMPERATURE (F)
 YESTERDAY
  MAXIMUM         93    253 PM 106    1901  89      4       94
  MINIMUM         72   1159 PM  53    1947  68      4       72
  AVERAGE         83                        79      4       83

PRECIPITATION (IN)
  YESTERDAY        0.00          2.13 1956   0.11  -0.11     0.00
  MONTH TO DATE    2.25                      2.87  -0.62     2.17
  SINCE JUN 1      8.48                      7.72   0.76     4.43
  SINCE JAN 1     19.96                     25.75  -5.79    28.15

SNOWFALL (IN)
  YESTERDAY        0.0
  MONTH TO DATE    0.0
  SINCE JUN 1      0.0
  SINCE JUL 1      0.0
  SNOW DEPTH       0

DEGREE DAYS
 HEATING
  YESTERDAY        0                         0      0        0
  MONTH TO DATE    0                         0      0        0
  SINCE JUN 1      0                         9     -9       14
  SINCE JUL 1      0                         0      0        0

 COOLING
  YESTERDAY       18                        14      4       18
  MONTH TO DATE  205                       299    -94      305
  SINCE JUN 1    499                       562    -63      589
  SINCE JAN 1    692                       677     15      716
..................................................................


WIND (MPH)
  HIGHEST WIND SPEED    23   HIGHEST WIND DIRECTION     N (360)
  HIGHEST GUST SPEED    29   HIGHEST GUST DIRECTION     N (340)
  AVERAGE WIND SPEED     7.8


SKY COVER
  AVERAGE SKY COVER 0.2


WEATHER CONDITIONS
 THE FOLLOWING WEATHER WAS RECORDED YESTERDAY.
  FOG
  HAZE


RELATIVE HUMIDITY (PERCENT)
 HIGHEST    91          1200 AM
 LOWEST     41           400 PM
 AVERAGE    66

..........................................................


THE SPRINGFIELD MO CLIMATE NORMALS FOR TODAY
                         NORMAL    RECORD    YEAR
 MAXIMUM TEMPERATURE (F)   89       106      1934
 MINIMUM TEMPERATURE (F)   68        57      2003
                                             2000
                                             1947


SUNRISE AND SUNSET
JULY 24 2014..........SUNRISE   612 AM CDT   SUNSET   828 PM CDT
JULY 25 2014..........SUNRISE   613 AM CDT   SUNSET   827 PM CDT


-  INDICATES NEGATIVE NUMBERS.
R  INDICATES RECORD WAS SET OR TIED.
MM INDICATES DATA IS MISSING.
T  INDICATES TRACE AMOUNT.




$$
