000
CDUS43 KSGF 120633
CLISGF


CLIMATE REPORT
NATIONAL WEATHER SERVICE SPRINGFIELD MO
1232 AM CST SUN FEB 12 2017


...................................

...THE SPRINGFIELD MO CLIMATE SUMMARY FOR FEBRUARY 11 2017...

CLIMATE NORMAL PERIOD 1981 TO 2010
CLIMATE RECORD PERIOD 1888 TO 2017


WEATHER ITEM   OBSERVED TIME   RECORD YEAR NORMAL DEPARTURE LAST
                VALUE   (LST)  VALUE       VALUE  FROM      YEAR
                                                  NORMAL
..................................................................
TEMPERATURE (F)
 YESTERDAY
  MAXIMUM         82R   436 PM  73    1938  47     35       49
  MINIMUM         53    201 AM -16    1899  25     28       24
  AVERAGE         68                        36     32       37

PRECIPITATION (IN)
  YESTERDAY        0.00          1.41 1998   0.09  -0.09     0.00
  MONTH TO DATE    0.00                      0.88  -0.88     0.05
  SINCE DEC 1      4.69                      6.39  -1.70    12.40
  SINCE JAN 1      4.07                      3.35   0.72     0.97

SNOWFALL (IN)
  YESTERDAY        0.0
  MONTH TO DATE    0.0
  SINCE DEC 1      1.7
  SINCE JUL 1      1.7
  SNOW DEPTH       0

DEGREE DAYS
 HEATING
  YESTERDAY        0                        29    -29       28
  MONTH TO DATE  246                       332    -86      306
  SINCE DEC 1   1940                      2266   -326     1900
  SINCE JUL 1   2456                      3145   -689     2545

 COOLING
  YESTERDAY        3                         0      3        0
  MONTH TO DATE    3                         0      3        0
  SINCE DEC 1      3                         0      3        0
  SINCE JAN 1      3                         0      3        0
..................................................................


WIND (MPH)
  HIGHEST WIND SPEED    24   HIGHEST WIND DIRECTION    SW (210)
  HIGHEST GUST SPEED    31   HIGHEST GUST DIRECTION    SW (210)
  AVERAGE WIND SPEED    11.8


SKY COVER
  AVERAGE SKY COVER 0.0


WEATHER CONDITIONS
 THE FOLLOWING WEATHER WAS RECORDED YESTERDAY.
  FOG


RELATIVE HUMIDITY (PERCENT)
 HIGHEST    93           700 AM
 LOWEST     37           400 PM
 AVERAGE    65

..........................................................


THE SPRINGFIELD MO CLIMATE NORMALS FOR TODAY
                         NORMAL    RECORD    YEAR
 MAXIMUM TEMPERATURE (F)   47        81      1962
 MINIMUM TEMPERATURE (F)   25       -29      1899


SUNRISE AND SUNSET
FEBRUARY 12 2017......SUNRISE   705 AM CST   SUNSET   550 PM CST
FEBRUARY 13 2017......SUNRISE   704 AM CST   SUNSET   552 PM CST


-  INDICATES NEGATIVE NUMBERS.
R  INDICATES RECORD WAS SET OR TIED.
MM INDICATES DATA IS MISSING.
T  INDICATES TRACE AMOUNT.




$$
