000
CDUS43 KSGF 190646
CLISGF


CLIMATE REPORT
NATIONAL WEATHER SERVICE SPRINGFIELD MO
144 AM CDT TUE MAY 19 2015


...................................

...THE SPRINGFIELD MO CLIMATE SUMMARY FOR MAY 18 2015...

CLIMATE NORMAL PERIOD 1981 TO 2010
CLIMATE RECORD PERIOD 1888 TO 2015


WEATHER ITEM   OBSERVED TIME   RECORD YEAR NORMAL DEPARTURE LAST
                VALUE   (LST)  VALUE       VALUE  FROM      YEAR
                                                  NORMAL
..................................................................
TEMPERATURE (F)
 YESTERDAY
  MAXIMUM         82    236 PM  88    1962  76      6       71
  MINIMUM         58   1159 PM  37    2002  55      3       46
  AVERAGE         70                        65      5       59

PRECIPITATION (IN)
  YESTERDAY        0.00          2.13 1943   0.16  -0.16     0.00
  MONTH TO DATE    3.14                      3.13   0.01     2.40
  SINCE MAR 1      9.71                     11.07  -1.36     6.81
  SINCE JAN 1     12.31                     16.06  -3.75     8.60

SNOWFALL (IN)
  YESTERDAY        0.0
  MONTH TO DATE    0.0
  SINCE MAR 1      1.2
  SINCE JUL 1     15.8
  SNOW DEPTH       0

DEGREE DAYS
 HEATING
  YESTERDAY        0                         3     -3        6
  MONTH TO DATE   29                        73    -44      112
  SINCE MAR 1    794                       954   -160     1065
  SINCE JUL 1   4501                      4547    -46     5020

 COOLING
  YESTERDAY        5                         3      2        0
  MONTH TO DATE   77                        36     41       74
  SINCE MAR 1     99                        61     38       88
  SINCE JAN 1     99                        61     38       88
..................................................................


WIND (MPH)
  HIGHEST WIND SPEED    18   HIGHEST WIND DIRECTION     N (360)
  HIGHEST GUST SPEED    23   HIGHEST GUST DIRECTION     N (350)
  AVERAGE WIND SPEED     9.4


SKY COVER
  AVERAGE SKY COVER 0.1


WEATHER CONDITIONS
 THE FOLLOWING WEATHER WAS RECORDED YESTERDAY.
  FOG


RELATIVE HUMIDITY (PERCENT)
 HIGHEST   100           400 AM
 LOWEST     54           300 PM
 AVERAGE    77

..........................................................


THE SPRINGFIELD MO CLIMATE NORMALS FOR TODAY
                         NORMAL    RECORD    YEAR
 MAXIMUM TEMPERATURE (F)   76        91      1987
 MINIMUM TEMPERATURE (F)   55        38      1968
                                             1894


SUNRISE AND SUNSET
MAY 19 2015...........SUNRISE   602 AM CDT   SUNSET   818 PM CDT
MAY 20 2015...........SUNRISE   601 AM CDT   SUNSET   819 PM CDT


-  INDICATES NEGATIVE NUMBERS.
R  INDICATES RECORD WAS SET OR TIED.
MM INDICATES DATA IS MISSING.
T  INDICATES TRACE AMOUNT.




$$
