000
CDUS43 KSGF 122135
CLISGF


CLIMATE REPORT
NATIONAL WEATHER SERVICE SPRINGFIELD MO
435 PM CDT TUE SEP 12 2017


...................................

...THE SPRINGFIELD MO CLIMATE SUMMARY FOR SEPTEMBER 12 2017...
VALID AS OF 0400 PM LOCAL TIME.

CLIMATE NORMAL PERIOD 1981 TO 2010
CLIMATE RECORD PERIOD 1888 TO 2017


WEATHER ITEM   OBSERVED TIME   RECORD YEAR NORMAL DEPARTURE LAST
                VALUE   (LST)  VALUE       VALUE  FROM      YEAR
                                                  NORMAL
..................................................................
TEMPERATURE (F)
 TODAY
  MAXIMUM         77    116 PM  97    1939  82     -5       85
  MINIMUM         53    611 AM  36    1940  59     -6       59
  AVERAGE         65                        71     -6       72

PRECIPITATION (IN)
  TODAY            0.00          2.88 1898   0.17  -0.17     0.00
  MONTH TO DATE    T                         1.85  -1.85     1.17
  SINCE SEP 1      T                         1.85  -1.85     1.17
  SINCE JAN 1     42.58                     31.96  10.62    26.79

SNOWFALL (IN)
  TODAY            0.0
  MONTH TO DATE    0.0
  SINCE SEP 1      0.0
  SINCE JUL 1      0.0
  SNOW DEPTH       0

DEGREE DAYS
 HEATING
  TODAY            0                         1     -1        0
  MONTH TO DATE    6                         4      2        0
  SINCE SEP 1      6                         4      2        0
  SINCE JUL 1      6                         6      0        0

 COOLING
  TODAY            0                         6     -6        7
  MONTH TO DATE   52                        98    -46      114
  SINCE SEP 1     52                        98    -46      114
  SINCE JAN 1   1210                      1284    -74     1546
..................................................................


WIND (MPH)
  HIGHEST WIND SPEED    21   HIGHEST WIND DIRECTION     N (360)
  HIGHEST GUST SPEED    27   HIGHEST GUST DIRECTION    NE (40)


SKY COVER
  AVERAGE SKY COVER 0.0


WEATHER CONDITIONS
 THE FOLLOWING WEATHER WAS RECORDED TODAY.
  NO SIGNIFICANT WEATHER WAS OBSERVED.


RELATIVE HUMIDITY (PERCENT)
 HIGHEST    93           400 AM
 LOWEST     46          1200 PM
 AVERAGE    70

..........................................................


THE SPRINGFIELD MO CLIMATE NORMALS FOR TOMORROW
                         NORMAL    RECORD    YEAR
 MAXIMUM TEMPERATURE (F)   81        99      2011
 MINIMUM TEMPERATURE (F)   59        38      1902


SUNRISE AND SUNSET
SEPTEMBER 12 2017.....SUNRISE   653 AM CDT   SUNSET   725 PM CDT
SEPTEMBER 13 2017.....SUNRISE   654 AM CDT   SUNSET   724 PM CDT


-  INDICATES NEGATIVE NUMBERS.
R  INDICATES RECORD WAS SET OR TIED.
MM INDICATES DATA IS MISSING.
T  INDICATES TRACE AMOUNT.




$$
