000
CDUS43 KSGF 190645
CLISGF


CLIMATE REPORT
NATIONAL WEATHER SERVICE SPRINGFIELD MO
145 AM CDT SUN MAR 19 2017


...................................

...THE SPRINGFIELD MO CLIMATE SUMMARY FOR MARCH 18 2017...

CLIMATE NORMAL PERIOD 1981 TO 2010
CLIMATE RECORD PERIOD 1888 TO 2017


WEATHER ITEM   OBSERVED TIME   RECORD YEAR NORMAL DEPARTURE LAST
                VALUE   (LST)  VALUE       VALUE  FROM      YEAR
                                                  NORMAL
..................................................................
TEMPERATURE (F)
 YESTERDAY
  MAXIMUM         68    429 PM  83    1907  58     10       53
  MINIMUM         40    553 AM   3    1923  36      4       36
  AVERAGE         54                        47      7       45

PRECIPITATION (IN)
  YESTERDAY        0.00          3.93 2008   0.12  -0.12      T
  MONTH TO DATE    1.29                      2.00  -0.71     1.85
  SINCE MAR 1      1.29                      2.00  -0.71     1.85
  SINCE JAN 1      5.75                      6.99  -1.24     3.13

SNOWFALL (IN)
  YESTERDAY        0.0
  MONTH TO DATE    0.1
  SINCE MAR 1      0.1
  SINCE JUL 1      1.8
  SNOW DEPTH       0

DEGREE DAYS
 HEATING
  YESTERDAY       11                        18     -7       20
  MONTH TO DATE  328                       372    -44      206
  SINCE MAR 1    328                       372    -44      206
  SINCE JUL 1   3017                      3965   -948     3119

 COOLING
  YESTERDAY        0                         0      0        0
  MONTH TO DATE    0                         0      0        0
  SINCE MAR 1      0                         0      0        0
  SINCE JAN 1      9                         0      9        0
..................................................................


WIND (MPH)
  HIGHEST WIND SPEED    14   HIGHEST WIND DIRECTION    NW (330)
  HIGHEST GUST SPEED    17   HIGHEST GUST DIRECTION    NW (320)
  AVERAGE WIND SPEED     6.0


SKY COVER
  AVERAGE SKY COVER 0.0


WEATHER CONDITIONS
 THE FOLLOWING WEATHER WAS RECORDED YESTERDAY.
  HAZE


RELATIVE HUMIDITY (PERCENT)
 HIGHEST    80          1200 AM
 LOWEST     19           100 PM
 AVERAGE    50

..........................................................


THE SPRINGFIELD MO CLIMATE NORMALS FOR TODAY
                         NORMAL    RECORD    YEAR
 MAXIMUM TEMPERATURE (F)   59        86      1907
 MINIMUM TEMPERATURE (F)   36         2      1923


SUNRISE AND SUNSET
MARCH 19 2017.........SUNRISE   718 AM CDT   SUNSET   725 PM CDT
MARCH 20 2017.........SUNRISE   717 AM CDT   SUNSET   726 PM CDT


-  INDICATES NEGATIVE NUMBERS.
R  INDICATES RECORD WAS SET OR TIED.
MM INDICATES DATA IS MISSING.
T  INDICATES TRACE AMOUNT.




$$
