000
CDUS43 KSGF 170626
CLISGF


CLIMATE REPORT
NATIONAL WEATHER SERVICE SPRINGFIELD MO
126 AM CDT FRI OCT 17 2014


...................................

...THE SPRINGFIELD MO CLIMATE SUMMARY FOR OCTOBER 16 2014...

CLIMATE NORMAL PERIOD 1981 TO 2010
CLIMATE RECORD PERIOD 1888 TO 2014


WEATHER ITEM   OBSERVED TIME   RECORD YEAR NORMAL DEPARTURE LAST
                VALUE   (LST)  VALUE       VALUE  FROM      YEAR
                                                  NORMAL
..................................................................
TEMPERATURE (F)
 YESTERDAY
  MAXIMUM         77    335 PM  85    1950  69      8       58
                                      1947
  MINIMUM         40    324 AM  28    1966  47     -7       41
                                      1943
  AVERAGE         59                        58      1       50

PRECIPITATION (IN)
  YESTERDAY        0.00          1.42 1899   0.11  -0.11      T
  MONTH TO DATE    7.22                      1.83   5.39     3.44
  SINCE SEP 1     12.22                      6.44   5.78     5.62
  SINCE JAN 1     34.19                     36.55  -2.36    43.77

SNOWFALL (IN)
  YESTERDAY        0.0
  MONTH TO DATE    0.0
  SINCE SEP 1      0.0
  SINCE JUL 1      0.0
  SNOW DEPTH       0

DEGREE DAYS
 HEATING
  YESTERDAY        6                         8     -2       15
  MONTH TO DATE   89                       100    -11       75
  SINCE SEP 1    120                       153    -33       89
  SINCE JUL 1    120                       155    -35       89

 COOLING
  YESTERDAY        0                         1     -1        0
  MONTH TO DATE   29                        22      7       44
  SINCE SEP 1    208                       195     13      274
  SINCE JAN 1   1454                      1381     73     1417
..................................................................


WIND (MPH)
  HIGHEST WIND SPEED    18   HIGHEST WIND DIRECTION     S (190)
  HIGHEST GUST SPEED    22   HIGHEST GUST DIRECTION     S (200)
  AVERAGE WIND SPEED     8.7


SKY COVER
  AVERAGE SKY COVER 0.0


WEATHER CONDITIONS
 THE FOLLOWING WEATHER WAS RECORDED YESTERDAY.
  NO SIGNIFICANT WEATHER WAS OBSERVED.


RELATIVE HUMIDITY (PERCENT)
 HIGHEST    89          1200 AM
 LOWEST     36           100 PM
 AVERAGE    63

..........................................................


THE SPRINGFIELD MO CLIMATE NORMALS FOR TODAY
                         NORMAL    RECORD    YEAR
 MAXIMUM TEMPERATURE (F)   69        89      1964
 MINIMUM TEMPERATURE (F)   46        25      1976


SUNRISE AND SUNSET
OCTOBER 17 2014.......SUNRISE   723 AM CDT   SUNSET   634 PM CDT
OCTOBER 18 2014.......SUNRISE   724 AM CDT   SUNSET   633 PM CDT


-  INDICATES NEGATIVE NUMBERS.
R  INDICATES RECORD WAS SET OR TIED.
MM INDICATES DATA IS MISSING.
T  INDICATES TRACE AMOUNT.




$$
