000
CDUS43 KSGF 122228
CLISGF


CLIMATE REPORT
NATIONAL WEATHER SERVICE SPRINGFIELD MO
428 PM CST FRI DEC 12 2014


...................................

...THE SPRINGFIELD MO CLIMATE SUMMARY FOR DECEMBER 12 2014...
VALID AS OF 0400 PM LOCAL TIME.

CLIMATE NORMAL PERIOD 1981 TO 2010
CLIMATE RECORD PERIOD 1888 TO 2014


WEATHER ITEM   OBSERVED TIME   RECORD YEAR NORMAL DEPARTURE LAST
                VALUE   (LST)  VALUE       VALUE  FROM      YEAR
                                                  NORMAL
..................................................................
TEMPERATURE (F)
 TODAY
  MAXIMUM         53    359 PM  74    1889  45      8       37
  MINIMUM         39   1217 AM  -5    1962  25     14        2
  AVERAGE         46                        35     11       20

PRECIPITATION (IN)
  TODAY            0.00          1.50 1923   0.10  -0.10     0.00
  MONTH TO DATE    0.50                      1.33  -0.83     0.55
  SINCE DEC 1      0.50                      1.33  -0.83     0.55
  SINCE JAN 1     37.32                     43.86  -6.54    49.83

SNOWFALL (IN)
  TODAY            0.0
  MONTH TO DATE    T
  SINCE DEC 1      T
  SINCE JUL 1      1.7
  SNOW DEPTH       0

DEGREE DAYS
 HEATING
  TODAY           19                        30    -11       45
  MONTH TO DATE  312                       336    -24      434
  SINCE DEC 1    312                       336    -24      434
  SINCE JUL 1   1262                      1215     47     1371

 COOLING
  TODAY            0                         0      0        0
  MONTH TO DATE    0                         0      0        0
  SINCE DEC 1      0                         0      0        0
  SINCE JAN 1   1470                      1389     81     1417
..................................................................


WIND (MPH)
  HIGHEST WIND SPEED    15   HIGHEST WIND DIRECTION     S (160)
  HIGHEST GUST SPEED    18   HIGHEST GUST DIRECTION     S (170)


SKY COVER
  AVERAGE SKY COVER 0.9


WEATHER CONDITIONS
 THE FOLLOWING WEATHER WAS RECORDED TODAY.
  FOG
  HAZE


RELATIVE HUMIDITY (PERCENT)
 HIGHEST    92           100 AM
 LOWEST     71           100 PM
 AVERAGE    82

..........................................................


THE SPRINGFIELD MO CLIMATE NORMALS FOR TOMORROW
                         NORMAL    RECORD    YEAR
 MAXIMUM TEMPERATURE (F)   45        77      1948
 MINIMUM TEMPERATURE (F)   25        -4      1917


SUNRISE AND SUNSET
DECEMBER 12 2014......SUNRISE   718 AM CST   SUNSET   456 PM CST
DECEMBER 13 2014......SUNRISE   719 AM CST   SUNSET   457 PM CST


-  INDICATES NEGATIVE NUMBERS.
R  INDICATES RECORD WAS SET OR TIED.
MM INDICATES DATA IS MISSING.
T  INDICATES TRACE AMOUNT.




$$
