000
CDUS43 KSGF 280636
CLISGF


CLIMATE REPORT
NATIONAL WEATHER SERVICE SPRINGFIELD MO
1235 AM CST MON NOV 28 2016


...................................

...THE SPRINGFIELD MO CLIMATE SUMMARY FOR NOVEMBER 27 2016...

CLIMATE NORMAL PERIOD 1981 TO 2010
CLIMATE RECORD PERIOD 1888 TO 2016


WEATHER ITEM   OBSERVED TIME   RECORD YEAR NORMAL DEPARTURE LAST
                VALUE   (LST)  VALUE       VALUE  FROM      YEAR
                                                  NORMAL
..................................................................
TEMPERATURE (F)
 YESTERDAY
  MAXIMUM         51    610 PM  75    1964  51      0       63
  MINIMUM         39    502 AM   7    1975  30      9       37
  AVERAGE         45                        41      4       50

PRECIPITATION (IN)
  YESTERDAY        T             2.13 2015   0.13  -0.13     2.13
  MONTH TO DATE    2.26                      3.81  -1.55     6.98
  SINCE SEP 1      9.95                     12.01  -2.06    12.54
  SINCE JAN 1     35.57                     42.12  -6.55    48.06

SNOWFALL (IN)
  YESTERDAY        0.0
  MONTH TO DATE    0.0
  SINCE SEP 1      0.0
  SINCE JUL 1      0.0
  SNOW DEPTH       0

DEGREE DAYS
 HEATING
  YESTERDAY       20                        24     -4       15
  MONTH TO DATE  354                       496   -142      369
  SINCE SEP 1    456                       802   -346      567
  SINCE JUL 1    456                       804   -348      570

 COOLING
  YESTERDAY        0                         0      0        0
  MONTH TO DATE   17                         0     17        0
  SINCE SEP 1    376                       201    175      286
  SINCE JAN 1   1808                      1387    421     1555
..................................................................


WIND (MPH)
  HIGHEST WIND SPEED    29   HIGHEST WIND DIRECTION    SE (150)
  HIGHEST GUST SPEED    38   HIGHEST GUST DIRECTION     S (160)
  AVERAGE WIND SPEED    16.9


SKY COVER
  AVERAGE SKY COVER 0.7


WEATHER CONDITIONS
 THE FOLLOWING WEATHER WAS RECORDED YESTERDAY.
  LIGHT RAIN
  FOG


RELATIVE HUMIDITY (PERCENT)
 HIGHEST   100           100 AM
 LOWEST     76          1000 AM
 AVERAGE    88

..........................................................


THE SPRINGFIELD MO CLIMATE NORMALS FOR TODAY
                         NORMAL    RECORD    YEAR
 MAXIMUM TEMPERATURE (F)   51        73      1998
                                             1905
 MINIMUM TEMPERATURE (F)   30        10      1976
                                             1955
                                             1896


SUNRISE AND SUNSET
NOVEMBER 28 2016......SUNRISE   706 AM CST   SUNSET   457 PM CST
NOVEMBER 29 2016......SUNRISE   707 AM CST   SUNSET   457 PM CST


-  INDICATES NEGATIVE NUMBERS.
R  INDICATES RECORD WAS SET OR TIED.
MM INDICATES DATA IS MISSING.
T  INDICATES TRACE AMOUNT.




$$
