000
CDUS43 KSGF 050629
CLISGF


CLIMATE REPORT
NATIONAL WEATHER SERVICE SPRINGFIELD MO
126 AM CDT SAT JUL 5 2014


...................................

...THE SPRINGFIELD MO CLIMATE SUMMARY FOR JULY 4 2014...

CLIMATE NORMAL PERIOD 1981 TO 2010
CLIMATE RECORD PERIOD 1888 TO 2014


WEATHER ITEM   OBSERVED TIME   RECORD YEAR NORMAL DEPARTURE LAST
                VALUE   (LST)  VALUE       VALUE  FROM      YEAR
                                                  NORMAL
..................................................................
TEMPERATURE (F)
 YESTERDAY
  MAXIMUM         82    424 PM 100    2012  88     -6       84
  MINIMUM         57    416 AM  50    1968  67    -10       60
  AVERAGE         70                        77     -7       72

PRECIPITATION (IN)
  YESTERDAY        0.00          4.52 1983   0.13  -0.13      T
  MONTH TO DATE    T                         0.56  -0.56     0.49
  SINCE JUN 1      6.23                      5.41   0.82     2.75
  SINCE JAN 1     17.71                     23.44  -5.73    26.47

SNOWFALL (IN)
  YESTERDAY        0.0
  MONTH TO DATE    0.0
  SINCE JUN 1      0.0
  SINCE JUL 1      0.0
  SNOW DEPTH       0

DEGREE DAYS
 HEATING
  YESTERDAY        0                         0      0        0
  MONTH TO DATE    0                         0      0        0
  SINCE JUN 1      0                         9     -9       14
  SINCE JUL 1      0                         0      0        0

 COOLING
  YESTERDAY        5                        12     -7        7
  MONTH TO DATE   23                        48    -25       21
  SINCE JUN 1    317                       311      6      305
  SINCE JAN 1    510                       426     84      432
..................................................................


WIND (MPH)
  HIGHEST WIND SPEED    13   HIGHEST WIND DIRECTION     S (160)
  HIGHEST GUST SPEED    17   HIGHEST GUST DIRECTION     S (190)
  AVERAGE WIND SPEED     6.1


SKY COVER
  AVERAGE SKY COVER 0.1


WEATHER CONDITIONS
 THE FOLLOWING WEATHER WAS RECORDED YESTERDAY.
  NO SIGNIFICANT WEATHER WAS OBSERVED.


RELATIVE HUMIDITY (PERCENT)
 HIGHEST    80           400 AM
 LOWEST     45           300 PM
 AVERAGE    63

..........................................................


THE SPRINGFIELD MO CLIMATE NORMALS FOR TODAY
                         NORMAL    RECORD    YEAR
 MAXIMUM TEMPERATURE (F)   88       101      2012
                                             1954
 MINIMUM TEMPERATURE (F)   67        46      1972


SUNRISE AND SUNSET
JULY  5 2014..........SUNRISE   559 AM CDT   SUNSET   837 PM CDT
JULY  6 2014..........SUNRISE   559 AM CDT   SUNSET   837 PM CDT


-  INDICATES NEGATIVE NUMBERS.
R  INDICATES RECORD WAS SET OR TIED.
MM INDICATES DATA IS MISSING.
T  INDICATES TRACE AMOUNT.




$$
