000
CDUS43 KSGF 222126
CLISGF


CLIMATE REPORT
NATIONAL WEATHER SERVICE SPRINGFIELD MO
426 PM CDT FRI APR 22 2016


...................................

...THE SPRINGFIELD MO CLIMATE SUMMARY FOR APRIL 22 2016...
VALID AS OF 0400 PM LOCAL TIME.

CLIMATE NORMAL PERIOD 1981 TO 2010
CLIMATE RECORD PERIOD 1888 TO 2016


WEATHER ITEM   OBSERVED TIME   RECORD YEAR NORMAL DEPARTURE LAST
                VALUE   (LST)  VALUE       VALUE  FROM      YEAR
                                                  NORMAL
..................................................................
TEMPERATURE (F)
 TODAY
  MAXIMUM         75    251 PM  89    1963  69      6       62
  MINIMUM         48    530 AM  30    1986  46      2       43
                                      1982
  AVERAGE         62                        58      4       53

PRECIPITATION (IN)
  TODAY            0.00          1.43 1962   0.16  -0.16     0.30
  MONTH TO DATE    0.83                      2.99  -2.16     3.09
  SINCE MAR 1      3.77                      6.61  -2.84     6.47
  SINCE JAN 1      5.05                     11.60  -6.55     9.07

SNOWFALL (IN)
  TODAY            0.0
  MONTH TO DATE    0.0
  SINCE MAR 1      T
  SINCE JUL 1      3.0
  SNOW DEPTH       0

DEGREE DAYS
 HEATING
  TODAY            3                         8     -5       12
  MONTH TO DATE  173                       245    -72      151
  SINCE MAR 1    571                       826   -255      698
  SINCE JUL 1   3484                      4419   -935     4405

 COOLING
  TODAY            0                         1     -1        0
  MONTH TO DATE    6                        15     -9       22
  SINCE MAR 1      8                        18    -10       22
  SINCE JAN 1      8                        18    -10       22
..................................................................


WIND (MPH)
  HIGHEST WIND SPEED    18   HIGHEST WIND DIRECTION    NW (320)
  HIGHEST GUST SPEED    24   HIGHEST GUST DIRECTION    NW (330)


SKY COVER
  AVERAGE SKY COVER 0.1


WEATHER CONDITIONS
 THE FOLLOWING WEATHER WAS RECORDED TODAY.
  NO SIGNIFICANT WEATHER WAS OBSERVED.


RELATIVE HUMIDITY (PERCENT)
 HIGHEST    89           400 AM
 LOWEST     38           200 PM
 AVERAGE    64

..........................................................


THE SPRINGFIELD MO CLIMATE NORMALS FOR TOMORROW
                         NORMAL    RECORD    YEAR
 MAXIMUM TEMPERATURE (F)   69        88      1989
                                             1965
 MINIMUM TEMPERATURE (F)   47        28      1956


SUNRISE AND SUNSET
APRIL 22 2016.........SUNRISE   629 AM CDT   SUNSET   755 PM CDT
APRIL 23 2016.........SUNRISE   628 AM CDT   SUNSET   756 PM CDT


-  INDICATES NEGATIVE NUMBERS.
R  INDICATES RECORD WAS SET OR TIED.
MM INDICATES DATA IS MISSING.
T  INDICATES TRACE AMOUNT.




$$
