000
CDUS43 KSGF 122225
CLISGF


CLIMATE REPORT
NATIONAL WEATHER SERVICE SPRINGFIELD MO
425 PM CST THU JAN 12 2017


...................................

...THE SPRINGFIELD MO CLIMATE SUMMARY FOR JANUARY 12 2017...
VALID AS OF 0400 PM LOCAL TIME.

CLIMATE NORMAL PERIOD 1981 TO 2010
CLIMATE RECORD PERIOD 1888 TO 2017


WEATHER ITEM   OBSERVED TIME   RECORD YEAR NORMAL DEPARTURE LAST
                VALUE   (LST)  VALUE       VALUE  FROM      YEAR
                                                  NORMAL
..................................................................
TEMPERATURE (F)
 TODAY
  MAXIMUM         67    339 AM  69    2000  42     25       41
                                      1960
  MINIMUM         30    359 PM -19    1918  22      8       21
  AVERAGE         49                        32     17       31

PRECIPITATION (IN)
  TODAY            0.00          2.14 2007   0.08  -0.08     0.00
  MONTH TO DATE    0.05                      1.02  -0.97     0.69
  SINCE DEC 1      0.67                      4.06  -3.39    12.12
  SINCE JAN 1      0.05                      1.02  -0.97     0.69

SNOWFALL (IN)
  TODAY            0.0
  MONTH TO DATE    1.5
  SINCE DEC 1      1.7
  SINCE JUL 1      1.7
  SNOW DEPTH       0

DEGREE DAYS
 HEATING
  TODAY           16                        33    -17       34
  MONTH TO DATE  374                       393    -19      387
  SINCE DEC 1   1271                      1324    -53     1036
  SINCE JUL 1   1787                      2203   -416     1681

 COOLING
  TODAY            0                         0      0        0
  MONTH TO DATE    0                         0      0        0
  SINCE DEC 1      0                         0      0        0
  SINCE JAN 1      0                         0      0        0
..................................................................


WIND (MPH)
  HIGHEST WIND SPEED    22   HIGHEST WIND DIRECTION    SW (210)
  HIGHEST GUST SPEED    31   HIGHEST GUST DIRECTION     S (200)


SKY COVER
  AVERAGE SKY COVER 1.0


WEATHER CONDITIONS
 THE FOLLOWING WEATHER WAS RECORDED TODAY.
  FOG
  HAZE


RELATIVE HUMIDITY (PERCENT)
 HIGHEST    85          1000 AM
 LOWEST     68           200 AM
 AVERAGE    77

..........................................................


THE SPRINGFIELD MO CLIMATE NORMALS FOR TOMORROW
                         NORMAL    RECORD    YEAR
 MAXIMUM TEMPERATURE (F)   42        69      1996
                                             1928
 MINIMUM TEMPERATURE (F)   22       -12      1912


SUNRISE AND SUNSET
JANUARY 12 2017.......SUNRISE   727 AM CST   SUNSET   517 PM CST
JANUARY 13 2017.......SUNRISE   727 AM CST   SUNSET   518 PM CST


-  INDICATES NEGATIVE NUMBERS.
R  INDICATES RECORD WAS SET OR TIED.
MM INDICATES DATA IS MISSING.
T  INDICATES TRACE AMOUNT.




$$
