000
CDUS43 KSGF 310643
CLISGF


CLIMATE REPORT
NATIONAL WEATHER SERVICE SPRINGFIELD MO
143 AM CDT WED AUG 31 2016


...................................

...THE SPRINGFIELD MO CLIMATE SUMMARY FOR AUGUST 30 2016...

CLIMATE NORMAL PERIOD 1981 TO 2010
CLIMATE RECORD PERIOD 1888 TO 2016


WEATHER ITEM   OBSERVED TIME   RECORD YEAR NORMAL DEPARTURE LAST
                VALUE   (LST)  VALUE       VALUE  FROM      YEAR
                                                  NORMAL
..................................................................
TEMPERATURE (F)
 YESTERDAY
  MAXIMUM         93    324 PM 101    2000  87      6       85
                                      1947
  MINIMUM         71    618 AM  48    1946  64      7       68
  AVERAGE         82                        76      6       77

PRECIPITATION (IN)
  YESTERDAY        T             1.66 1888   0.13  -0.13     0.00
  MONTH TO DATE    2.12                      3.41  -1.29     6.13
  SINCE JUN 1     13.87                     11.94   1.93    20.12
  SINCE JAN 1     25.12                     29.97  -4.85    35.52

SNOWFALL (IN)
  YESTERDAY        0.0
  MONTH TO DATE    0.0
  SINCE JUN 1      0.0
  SINCE JUL 1      0.0
  SNOW DEPTH       0

DEGREE DAYS
 HEATING
  YESTERDAY        0                         0      0        0
  MONTH TO DATE    0                         0      0        3
  SINCE JUN 1      0                         9     -9        4
  SINCE JUL 1      0                         0      0        3

 COOLING
  YESTERDAY       17                        11      6       12
  MONTH TO DATE  428                       390     38      299
  SINCE JUN 1   1300                      1063    237     1112
  SINCE JAN 1   1420                      1178    242     1254
..................................................................


WIND (MPH)
  HIGHEST WIND SPEED    15   HIGHEST WIND DIRECTION    NE (40)
  HIGHEST GUST SPEED    21   HIGHEST GUST DIRECTION    NE (50)
  AVERAGE WIND SPEED     5.8


SKY COVER
  AVERAGE SKY COVER 0.1


WEATHER CONDITIONS
 THE FOLLOWING WEATHER WAS RECORDED YESTERDAY.
  THUNDERSTORM
  LIGHT RAIN


RELATIVE HUMIDITY (PERCENT)
 HIGHEST    90           400 AM
 LOWEST     44           300 PM
 AVERAGE    67

..........................................................


THE SPRINGFIELD MO CLIMATE NORMALS FOR TODAY
                         NORMAL    RECORD    YEAR
 MAXIMUM TEMPERATURE (F)   87       102      2000
                                             1947
 MINIMUM TEMPERATURE (F)   64        48      2009
                                             1967
                                             1915


SUNRISE AND SUNSET
AUGUST 31 2016........SUNRISE   644 AM CDT   SUNSET   743 PM CDT
SEPTEMBER  1 2016.....SUNRISE   645 AM CDT   SUNSET   741 PM CDT


-  INDICATES NEGATIVE NUMBERS.
R  INDICATES RECORD WAS SET OR TIED.
MM INDICATES DATA IS MISSING.
T  INDICATES TRACE AMOUNT.




$$
