000
CDUS43 KSGF 100645
CLISGF


CLIMATE REPORT
NATIONAL WEATHER SERVICE SPRINGFIELD MO
1245 AM CST TUE JAN 10 2017


...................................

...THE SPRINGFIELD MO CLIMATE SUMMARY FOR JANUARY 9 2017...

CLIMATE NORMAL PERIOD 1981 TO 2010
CLIMATE RECORD PERIOD 1888 TO 2017


WEATHER ITEM   OBSERVED TIME   RECORD YEAR NORMAL DEPARTURE LAST
                VALUE   (LST)  VALUE       VALUE  FROM      YEAR
                                                  NORMAL
..................................................................
TEMPERATURE (F)
 YESTERDAY
  MAXIMUM         49    202 PM  69    1963  42      7       39
  MINIMUM         22    531 AM  -5    2010  22      0       17
                                      1977
  AVERAGE         36                        32      4       28

PRECIPITATION (IN)
  YESTERDAY        0.00          0.76 1987   0.08  -0.08     0.42
                                      1907
  MONTH TO DATE    0.05                      0.78  -0.73     0.69
  SINCE DEC 1      0.67                      3.82  -3.15    12.12
  SINCE JAN 1      0.05                      0.78  -0.73     0.69

SNOWFALL (IN)
  YESTERDAY        0.0
  MONTH TO DATE    1.5
  SINCE DEC 1      1.7
  SINCE JUL 1      1.7
  SNOW DEPTH       0

DEGREE DAYS
 HEATING
  YESTERDAY       29                        33     -4       37
  MONTH TO DATE  336                       294     42      267
  SINCE DEC 1   1233                      1225      8      916
  SINCE JUL 1   1749                      2104   -355     1561

 COOLING
  YESTERDAY        0                         0      0        0
  MONTH TO DATE    0                         0      0        0
  SINCE DEC 1      0                         0      0        0
  SINCE JAN 1      0                         0      0        0
..................................................................


WIND (MPH)
  HIGHEST WIND SPEED    28   HIGHEST WIND DIRECTION     S (180)
  HIGHEST GUST SPEED    38   HIGHEST GUST DIRECTION     S (180)
  AVERAGE WIND SPEED    16.8


SKY COVER
  AVERAGE SKY COVER 0.3


WEATHER CONDITIONS
 THE FOLLOWING WEATHER WAS RECORDED YESTERDAY.
  NO SIGNIFICANT WEATHER WAS OBSERVED.


RELATIVE HUMIDITY (PERCENT)
 HIGHEST    76           600 PM
 LOWEST     45          1200 PM
 AVERAGE    61

..........................................................


THE SPRINGFIELD MO CLIMATE NORMALS FOR TODAY
                         NORMAL    RECORD    YEAR
 MAXIMUM TEMPERATURE (F)   42        70      1890
 MINIMUM TEMPERATURE (F)   22       -11      1982


SUNRISE AND SUNSET
JANUARY 10 2017.......SUNRISE   727 AM CST   SUNSET   515 PM CST
JANUARY 11 2017.......SUNRISE   727 AM CST   SUNSET   516 PM CST


-  INDICATES NEGATIVE NUMBERS.
R  INDICATES RECORD WAS SET OR TIED.
MM INDICATES DATA IS MISSING.
T  INDICATES TRACE AMOUNT.




$$
