000
CDUS43 KSGF 210628
CLISGF


CLIMATE REPORT
NATIONAL WEATHER SERVICE SPRINGFIELD MO
1228 AM CST SUN DEC 21 2014


...................................

...THE SPRINGFIELD MO CLIMATE SUMMARY FOR DECEMBER 20 2014...

CLIMATE NORMAL PERIOD 1981 TO 2010
CLIMATE RECORD PERIOD 1888 TO 2014


WEATHER ITEM   OBSERVED TIME   RECORD YEAR NORMAL DEPARTURE LAST
                VALUE   (LST)  VALUE       VALUE  FROM      YEAR
                                                  NORMAL
..................................................................
TEMPERATURE (F)
 YESTERDAY
  MAXIMUM         42    835 PM  67    1949  44     -2       59
  MINIMUM         37    753 AM -11    1901  24     13       30
  AVERAGE         40                        34      6       45

PRECIPITATION (IN)
  YESTERDAY        T             1.86 1991   0.09  -0.09     0.08
  MONTH TO DATE    1.32                      2.08  -0.76     1.54
  SINCE DEC 1      1.32                      2.08  -0.76     1.54
  SINCE JAN 1     38.14                     44.61  -6.47    50.82

SNOWFALL (IN)
  YESTERDAY        0.0
  MONTH TO DATE    0.5
  SINCE DEC 1      0.5
  SINCE JUL 1      2.2
  SNOW DEPTH       0

DEGREE DAYS
 HEATING
  YESTERDAY       25                        31     -6       20
  MONTH TO DATE  503                       581    -78      612
  SINCE DEC 1    503                       581    -78      612
  SINCE JUL 1   1453                      1460     -7     1549

 COOLING
  YESTERDAY        0                         0      0        0
  MONTH TO DATE    0                         0      0        0
  SINCE DEC 1      0                         0      0        0
  SINCE JAN 1   1470                      1389     81     1417
..................................................................


WIND (MPH)
  HIGHEST WIND SPEED    12   HIGHEST WIND DIRECTION     S (190)
  HIGHEST GUST SPEED    14   HIGHEST GUST DIRECTION     S (180)
  AVERAGE WIND SPEED     6.4


SKY COVER
  AVERAGE SKY COVER 1.0


WEATHER CONDITIONS
 THE FOLLOWING WEATHER WAS RECORDED YESTERDAY.
  FOG
  FOG W/VISIBILITY <= 1/4 MILE


RELATIVE HUMIDITY (PERCENT)
 HIGHEST   100           800 AM
 LOWEST     76           200 PM
 AVERAGE    88

..........................................................


THE SPRINGFIELD MO CLIMATE NORMALS FOR TODAY
                         NORMAL    RECORD    YEAR
 MAXIMUM TEMPERATURE (F)   43        70      1889
 MINIMUM TEMPERATURE (F)   24        -7      1989


SUNRISE AND SUNSET
DECEMBER 21 2014......SUNRISE   724 AM CST   SUNSET   500 PM CST
DECEMBER 22 2014......SUNRISE   724 AM CST   SUNSET   500 PM CST


-  INDICATES NEGATIVE NUMBERS.
R  INDICATES RECORD WAS SET OR TIED.
MM INDICATES DATA IS MISSING.
T  INDICATES TRACE AMOUNT.




$$
