000
CDUS43 KSGF 190626
CLISGF


CLIMATE REPORT
NATIONAL WEATHER SERVICE SPRINGFIELD MO
126 AM CDT THU MAY 19 2016


...................................

...THE SPRINGFIELD MO CLIMATE SUMMARY FOR MAY 18 2016...

CLIMATE NORMAL PERIOD 1981 TO 2010
CLIMATE RECORD PERIOD 1888 TO 2016


WEATHER ITEM   OBSERVED TIME   RECORD YEAR NORMAL DEPARTURE LAST
                VALUE   (LST)  VALUE       VALUE  FROM      YEAR
                                                  NORMAL
..................................................................
TEMPERATURE (F)
 YESTERDAY
  MAXIMUM         68    428 PM  88    1962  76     -8       82
  MINIMUM         49    321 AM  37    2002  55     -6       58
  AVERAGE         59                        65     -6       70

PRECIPITATION (IN)
  YESTERDAY        0.00          2.13 1943   0.16  -0.16     0.00
  MONTH TO DATE    3.63                      3.13   0.50     3.14
  SINCE MAR 1      9.07                     11.07  -2.00     9.71
  SINCE JAN 1     10.35                     16.06  -5.71    12.31

SNOWFALL (IN)
  YESTERDAY        0.0
  MONTH TO DATE    0.0
  SINCE MAR 1      T
  SINCE JUL 1      3.0
  SNOW DEPTH       0

DEGREE DAYS
 HEATING
  YESTERDAY        6                         3      3        0
  MONTH TO DATE  113                        73     40       29
  SINCE MAR 1    700                       954   -254      794
  SINCE JUL 1   3613                      4547   -934     4501

 COOLING
  YESTERDAY        0                         3     -3        5
  MONTH TO DATE   25                        36    -11       77
  SINCE MAR 1     52                        61     -9       99
  SINCE JAN 1     52                        61     -9       99
..................................................................


WIND (MPH)
  HIGHEST WIND SPEED    18   HIGHEST WIND DIRECTION    NE (50)
  HIGHEST GUST SPEED    22   HIGHEST GUST DIRECTION    NE (40)
  AVERAGE WIND SPEED    10.0


SKY COVER
  AVERAGE SKY COVER 0.6


WEATHER CONDITIONS
 THE FOLLOWING WEATHER WAS RECORDED YESTERDAY.
  NO SIGNIFICANT WEATHER WAS OBSERVED.


RELATIVE HUMIDITY (PERCENT)
 HIGHEST    86           200 AM
 LOWEST     42           400 PM
 AVERAGE    64

..........................................................


THE SPRINGFIELD MO CLIMATE NORMALS FOR TODAY
                         NORMAL    RECORD    YEAR
 MAXIMUM TEMPERATURE (F)   76        91      1987
 MINIMUM TEMPERATURE (F)   55        38      1968
                                             1894


SUNRISE AND SUNSET
MAY 19 2016...........SUNRISE   601 AM CDT   SUNSET   819 PM CDT
MAY 20 2016...........SUNRISE   601 AM CDT   SUNSET   820 PM CDT


-  INDICATES NEGATIVE NUMBERS.
R  INDICATES RECORD WAS SET OR TIED.
MM INDICATES DATA IS MISSING.
T  INDICATES TRACE AMOUNT.




$$
