000
CDUS43 KSGF 122326
CLISGF


CLIMATE REPORT
NATIONAL WEATHER SERVICE SPRINGFIELD MO
526 PM CST TUE DEC 12 2017


...................................

...THE SPRINGFIELD MO CLIMATE SUMMARY FOR DECEMBER 12 2017...
VALID TODAY AS OF 0500 PM LOCAL TIME.

CLIMATE NORMAL PERIOD 1981 TO 2010
CLIMATE RECORD PERIOD 1888 TO 2017


WEATHER ITEM   OBSERVED TIME   RECORD YEAR NORMAL DEPARTURE LAST
                VALUE   (LST)  VALUE       VALUE  FROM      YEAR
                                                  NORMAL
..................................................................
TEMPERATURE (F)
 TODAY
  MAXIMUM         43   1226 AM  74    1889  45     -2       43
  MINIMUM         24    734 AM  -5    1962  25     -1       27
  AVERAGE         34                        35     -1       35

PRECIPITATION (IN)
  TODAY            0.00          1.50 1923   0.10  -0.10     0.00
  MONTH TO DATE    0.05                      1.33  -1.28     0.26
  SINCE DEC 1      0.05                      1.33  -1.28     0.26
  SINCE JAN 1     46.08                     43.86   2.22    35.89

SNOWFALL (IN)
  TODAY            0.0
  MONTH TO DATE    0.0
  SINCE DEC 1      0.0
  SINCE JUL 1      0.0
  SNOW DEPTH       0

DEGREE DAYS
 HEATING
  TODAY           31                        30      1       30
  MONTH TO DATE  281                       336    -55      359
  SINCE DEC 1    281                       336    -55      359
  SINCE JUL 1    965                      1215   -250      875

 COOLING
  TODAY            0                         0      0        0
  MONTH TO DATE    0                         0      0        0
  SINCE DEC 1      0                         0      0        0
  SINCE JAN 1   1467                      1389     78     1808
..................................................................


WIND (MPH)
  HIGHEST WIND SPEED    23   HIGHEST WIND DIRECTION    NW (330)
  HIGHEST GUST SPEED    33   HIGHEST GUST DIRECTION    NW (320)


SKY COVER
  AVERAGE SKY COVER 0.1


WEATHER CONDITIONS
 THE FOLLOWING WEATHER WAS RECORDED TODAY.
  NO SIGNIFICANT WEATHER WAS OBSERVED.


RELATIVE HUMIDITY (PERCENT)
 HIGHEST    84           500 AM
 LOWEST     27           300 PM
 AVERAGE    56

..........................................................


THE SPRINGFIELD MO CLIMATE NORMALS FOR TOMORROW
                         NORMAL    RECORD    YEAR
 MAXIMUM TEMPERATURE (F)   45        77      1948
 MINIMUM TEMPERATURE (F)   25        -4      1917


SUNRISE AND SUNSET
DECEMBER 12 2017......SUNRISE   718 AM CST   SUNSET   457 PM CST
DECEMBER 13 2017......SUNRISE   719 AM CST   SUNSET   457 PM CST


-  INDICATES NEGATIVE NUMBERS.
R  INDICATES RECORD WAS SET OR TIED.
MM INDICATES DATA IS MISSING.
T  INDICATES TRACE AMOUNT.




$$
