000
CDUS43 KSGF 150644
CLISGF


CLIMATE REPORT
NATIONAL WEATHER SERVICE SPRINGFIELD MO
144 AM CDT WED MAR 15 2017


...................................

...THE SPRINGFIELD MO CLIMATE SUMMARY FOR MARCH 14 2017...

CLIMATE NORMAL PERIOD 1981 TO 2010
CLIMATE RECORD PERIOD 1888 TO 2017


WEATHER ITEM   OBSERVED TIME   RECORD YEAR NORMAL DEPARTURE LAST
                VALUE   (LST)  VALUE       VALUE  FROM      YEAR
                                                  NORMAL
..................................................................
TEMPERATURE (F)
 YESTERDAY
  MAXIMUM         32    244 PM  82    1971  57    -25       74
  MINIMUM         25   1159 PM  12    1993  35    -10       49
  AVERAGE         29                        46    -17       62

PRECIPITATION (IN)
  YESTERDAY        0.06          2.39 1990   0.12  -0.06     0.00
  MONTH TO DATE    1.29                      1.52  -0.23     1.85
  SINCE MAR 1      1.29                      1.52  -0.23     1.85
  SINCE JAN 1      5.75                      6.51  -0.76     3.13

SNOWFALL (IN)
  YESTERDAY        0.1
  MONTH TO DATE    0.1
  SINCE MAR 1      0.1
  SINCE JUL 1      1.8
  SNOW DEPTH       0

DEGREE DAYS
 HEATING
  YESTERDAY       36                        19     17        3
  MONTH TO DATE  261                       298    -37      158
  SINCE MAR 1    261                       298    -37      158
  SINCE JUL 1   2950                      3891   -941     3071

 COOLING
  YESTERDAY        0                         0      0        0
  MONTH TO DATE    0                         0      0        0
  SINCE MAR 1      0                         0      0        0
  SINCE JAN 1      9                         0      9        0
..................................................................


WIND (MPH)
  HIGHEST WIND SPEED    15   HIGHEST WIND DIRECTION     N (340)
  HIGHEST GUST SPEED    19   HIGHEST GUST DIRECTION    NW (330)
  AVERAGE WIND SPEED     8.7


SKY COVER
  AVERAGE SKY COVER 0.9


WEATHER CONDITIONS
 THE FOLLOWING WEATHER WAS RECORDED YESTERDAY.
  SNOW
  LIGHT SNOW
  FOG


RELATIVE HUMIDITY (PERCENT)
 HIGHEST    92          1200 AM
 LOWEST     63          1000 PM
 AVERAGE    78

..........................................................


THE SPRINGFIELD MO CLIMATE NORMALS FOR TODAY
                         NORMAL    RECORD    YEAR
 MAXIMUM TEMPERATURE (F)   57        81      2013
 MINIMUM TEMPERATURE (F)   35        11      1999


SUNRISE AND SUNSET
MARCH 15 2017.........SUNRISE   724 AM CDT   SUNSET   721 PM CDT
MARCH 16 2017.........SUNRISE   723 AM CDT   SUNSET   722 PM CDT


-  INDICATES NEGATIVE NUMBERS.
R  INDICATES RECORD WAS SET OR TIED.
MM INDICATES DATA IS MISSING.
T  INDICATES TRACE AMOUNT.




$$
