000
CDUS43 KSGF 200626
CLISGF


CLIMATE REPORT
NATIONAL WEATHER SERVICE SPRINGFIELD MO
126 AM CDT THU APR 20 2017


...................................

...THE SPRINGFIELD MO CLIMATE SUMMARY FOR APRIL 19 2017...

CLIMATE NORMAL PERIOD 1981 TO 2010
CLIMATE RECORD PERIOD 1888 TO 2017


WEATHER ITEM   OBSERVED TIME   RECORD YEAR NORMAL DEPARTURE LAST
                VALUE   (LST)  VALUE       VALUE  FROM      YEAR
                                                  NORMAL
..................................................................
TEMPERATURE (F)
 YESTERDAY
  MAXIMUM         81    301 PM  89    1987  68     13       71
  MINIMUM         60    538 AM  28    1953  45     15       54
  AVERAGE         71                        57     14       63

PRECIPITATION (IN)
  YESTERDAY        0.00          1.98 1976   0.16  -0.16     0.00
  MONTH TO DATE    2.07                      2.53  -0.46     0.82
  SINCE MAR 1      6.86                      6.15   0.71     3.76
  SINCE JAN 1     11.32                     11.14   0.18     5.04

SNOWFALL (IN)
  YESTERDAY        0.0
  MONTH TO DATE    0.0
  SINCE MAR 1      0.1
  SINCE JUL 1      1.8
  SNOW DEPTH       0

DEGREE DAYS
 HEATING
  YESTERDAY        0                         9     -9        2
  MONTH TO DATE   90                       220   -130      157
  SINCE MAR 1    506                       801   -295      555
  SINCE JUL 1   3195                      4394  -1199     3468

 COOLING
  YESTERDAY        6                         1      5        0
  MONTH TO DATE   31                        12     19        6
  SINCE MAR 1     37                        15     22        8
  SINCE JAN 1     46                        15     31        8
..................................................................


WIND (MPH)
  HIGHEST WIND SPEED    23   HIGHEST WIND DIRECTION     S (200)
  HIGHEST GUST SPEED    29   HIGHEST GUST DIRECTION     S (190)
  AVERAGE WIND SPEED    12.5


SKY COVER
  AVERAGE SKY COVER 0.1


WEATHER CONDITIONS
 THE FOLLOWING WEATHER WAS RECORDED YESTERDAY.
  NO SIGNIFICANT WEATHER WAS OBSERVED.


RELATIVE HUMIDITY (PERCENT)
 HIGHEST    93           600 AM
 LOWEST     48           500 PM
 AVERAGE    71

..........................................................


THE SPRINGFIELD MO CLIMATE NORMALS FOR TODAY
                         NORMAL    RECORD    YEAR
 MAXIMUM TEMPERATURE (F)   69        89      1987
 MINIMUM TEMPERATURE (F)   46        26      1953


SUNRISE AND SUNSET
APRIL 20 2017.........SUNRISE   632 AM CDT   SUNSET   753 PM CDT
APRIL 21 2017.........SUNRISE   631 AM CDT   SUNSET   754 PM CDT


-  INDICATES NEGATIVE NUMBERS.
R  INDICATES RECORD WAS SET OR TIED.
MM INDICATES DATA IS MISSING.
T  INDICATES TRACE AMOUNT.




$$
