000
CDUS43 KSGF 170627
CLISGF


CLIMATE REPORT
NATIONAL WEATHER SERVICE SPRINGFIELD MO
126 AM CDT WED AUG 17 2016


...................................

...THE SPRINGFIELD MO CLIMATE SUMMARY FOR AUGUST 16 2016...

CLIMATE NORMAL PERIOD 1981 TO 2010
CLIMATE RECORD PERIOD 1888 TO 2016


WEATHER ITEM   OBSERVED TIME   RECORD YEAR NORMAL DEPARTURE LAST
                VALUE   (LST)  VALUE       VALUE  FROM      YEAR
                                                  NORMAL
..................................................................
TEMPERATURE (F)
 YESTERDAY
  MAXIMUM         85    444 PM 105    1936  90     -5       87
  MINIMUM         62    602 AM  48    1992  67     -5       69
  AVERAGE         74                        78     -4       78

PRECIPITATION (IN)
  YESTERDAY        0.00          1.38 1930   0.11  -0.11     0.00
  MONTH TO DATE    1.42                      1.69  -0.27     4.70
  SINCE JUN 1     13.17                     10.22   2.95    18.69
  SINCE JAN 1     24.42                     28.25  -3.83    34.09

SNOWFALL (IN)
  YESTERDAY        0.0
  MONTH TO DATE    0.0
  SINCE JUN 1      0.0
  SINCE JUL 1      0.0
  SNOW DEPTH       0

DEGREE DAYS
 HEATING
  YESTERDAY        0                         0      0        0
  MONTH TO DATE    0                         0      0        0
  SINCE JUN 1      0                         9     -9        1
  SINCE JUL 1      0                         0      0        0

 COOLING
  YESTERDAY        9                        13     -4       13
  MONTH TO DATE  250                       221     29      212
  SINCE JUN 1   1122                       894    228     1025
  SINCE JAN 1   1242                      1009    233     1167
..................................................................


WIND (MPH)
  HIGHEST WIND SPEED     9   HIGHEST WIND DIRECTION    SE (150)
  HIGHEST GUST SPEED    16   HIGHEST GUST DIRECTION     S (160)
  AVERAGE WIND SPEED     3.9


SKY COVER
  AVERAGE SKY COVER 0.5


WEATHER CONDITIONS
 THE FOLLOWING WEATHER WAS RECORDED YESTERDAY.
  FOG
  FOG W/VISIBILITY <= 1/4 MILE


RELATIVE HUMIDITY (PERCENT)
 HIGHEST   100           400 AM
 LOWEST     48           400 PM
 AVERAGE    74

..........................................................


THE SPRINGFIELD MO CLIMATE NORMALS FOR TODAY
                         NORMAL    RECORD    YEAR
 MAXIMUM TEMPERATURE (F)   89       103      1956
 MINIMUM TEMPERATURE (F)   67        50      1992


SUNRISE AND SUNSET
AUGUST 17 2016........SUNRISE   632 AM CDT   SUNSET   802 PM CDT
AUGUST 18 2016........SUNRISE   633 AM CDT   SUNSET   801 PM CDT


-  INDICATES NEGATIVE NUMBERS.
R  INDICATES RECORD WAS SET OR TIED.
MM INDICATES DATA IS MISSING.
T  INDICATES TRACE AMOUNT.




$$
