000
CDUS43 KSGF 080626
CLISGF


CLIMATE REPORT
NATIONAL WEATHER SERVICE SPRINGFIELD MO
1226 AM CST MON JAN 8 2018


...................................

...THE SPRINGFIELD MO CLIMATE SUMMARY FOR JANUARY 7 2018...

CLIMATE NORMAL PERIOD 1981 TO 2010
CLIMATE RECORD PERIOD 1888 TO 2018


WEATHER ITEM   OBSERVED TIME   RECORD YEAR NORMAL DEPARTURE LAST
                VALUE   (LST)  VALUE       VALUE  FROM      YEAR
                                                  NORMAL
..................................................................
TEMPERATURE (F)
 YESTERDAY
  MAXIMUM         38   1159 PM  75    1965  42     -4       32
  MINIMUM         25    105 AM -15    1912  23      2        1
  AVERAGE         32                        32      0       17

PRECIPITATION (IN)
  YESTERDAY        0.62          1.75 2008   0.09   0.53     0.00
  MONTH TO DATE    0.62                      0.62   0.00     0.05
  SINCE DEC 1      2.14                      3.66  -1.52     0.67
  SINCE JAN 1      0.62                      0.62   0.00     0.05

SNOWFALL (IN)
  YESTERDAY        0.0
  MONTH TO DATE    T
  SINCE DEC 1      1.8
  SINCE JUL 1      1.8
  SNOW DEPTH       0

DEGREE DAYS
 HEATING
  YESTERDAY       33                        33      0       48
  MONTH TO DATE  305                       228     77      265
  SINCE DEC 1   1175                      1159     16     1162
  SINCE JUL 1   1859                      2038   -179     1678

 COOLING
  YESTERDAY        0                         0      0        0
  MONTH TO DATE    0                         0      0        0
  SINCE DEC 1      0                         0      0        0
  SINCE JAN 1      0                         0      0        0
..................................................................


WIND (MPH)
  HIGHEST WIND SPEED    25   HIGHEST WIND DIRECTION     S (160)
  HIGHEST GUST SPEED    35   HIGHEST GUST DIRECTION    SE (150)
  AVERAGE WIND SPEED    15.5


SKY COVER
  AVERAGE SKY COVER 0.8


WEATHER CONDITIONS
 THE FOLLOWING WEATHER WAS RECORDED YESTERDAY.
  HEAVY RAIN
  RAIN
  LIGHT RAIN
  FREEZING RAIN
  LT FREEZING RAIN
  FOG


RELATIVE HUMIDITY (PERCENT)
 HIGHEST   100           400 PM
 LOWEST     45           800 AM
 AVERAGE    73

..........................................................


THE SPRINGFIELD MO CLIMATE NORMALS FOR TODAY
                         NORMAL    RECORD    YEAR
 MAXIMUM TEMPERATURE (F)   42        68      2006
                                             2003
                                             1914
 MINIMUM TEMPERATURE (F)   22       -12      1979


SUNRISE AND SUNSET
JANUARY  8 2018.......SUNRISE   728 AM CST   SUNSET   513 PM CST
JANUARY  9 2018.......SUNRISE   728 AM CST   SUNSET   514 PM CST


-  INDICATES NEGATIVE NUMBERS.
R  INDICATES RECORD WAS SET OR TIED.
MM INDICATES DATA IS MISSING.
T  INDICATES TRACE AMOUNT.




$$
