000
CDUS43 KSGF 222127
CLISGF


CLIMATE REPORT
NATIONAL WEATHER SERVICE SPRINGFIELD MO
427 PM CDT SUN MAR 22 2015


...................................

...THE SPRINGFIELD MO CLIMATE SUMMARY FOR MARCH 22 2015...
VALID AS OF 0400 PM LOCAL TIME.

CLIMATE NORMAL PERIOD 1981 TO 2010
CLIMATE RECORD PERIOD 1888 TO 2015


WEATHER ITEM   OBSERVED TIME   RECORD YEAR NORMAL DEPARTURE LAST
                VALUE   (LST)  VALUE       VALUE  FROM      YEAR
                                                  NORMAL
..................................................................
TEMPERATURE (F)
 TODAY
  MAXIMUM         67    259 PM  88    1907  60      7       54
  MINIMUM         41    338 AM  12    1955  37      4       34
  AVERAGE         54                        48      6       44

PRECIPITATION (IN)
  TODAY            0.00          1.75 1906   0.12  -0.12     0.00
  MONTH TO DATE    2.07                      2.47  -0.40     2.11
  SINCE MAR 1      2.07                      2.47  -0.40     2.11
  SINCE JAN 1      4.67                      7.46  -2.79     3.90

SNOWFALL (IN)
  TODAY            0.0
  MONTH TO DATE    1.2
  SINCE MAR 1      1.2
  SINCE JUL 1     15.8
  SNOW DEPTH       0

DEGREE DAYS
 HEATING
  TODAY           11                        17     -6       21
  MONTH TO DATE  423                       441    -18      500
  SINCE MAR 1    423                       441    -18      500
  SINCE JUL 1   4130                      4034     96     4455

 COOLING
  TODAY            0                         0      0        0
  MONTH TO DATE    0                         0      0        0
  SINCE MAR 1      0                         0      0        0
  SINCE JAN 1      0                         0      0        0
..................................................................


WIND (MPH)
  HIGHEST WIND SPEED    12   HIGHEST WIND DIRECTION    SW (210)
  HIGHEST GUST SPEED    17   HIGHEST GUST DIRECTION     S (200)


SKY COVER
  AVERAGE SKY COVER 0.1


WEATHER CONDITIONS
 THE FOLLOWING WEATHER WAS RECORDED TODAY.
  NO SIGNIFICANT WEATHER WAS OBSERVED.


RELATIVE HUMIDITY (PERCENT)
 HIGHEST    82           400 AM
 LOWEST     28           100 PM
 AVERAGE    55

..........................................................


THE SPRINGFIELD MO CLIMATE NORMALS FOR TOMORROW
                         NORMAL    RECORD    YEAR
 MAXIMUM TEMPERATURE (F)   60        85      1910
 MINIMUM TEMPERATURE (F)   37        16      1974


SUNRISE AND SUNSET
MARCH 22 2015.........SUNRISE   714 AM CDT   SUNSET   727 PM CDT
MARCH 23 2015.........SUNRISE   713 AM CDT   SUNSET   728 PM CDT


-  INDICATES NEGATIVE NUMBERS.
R  INDICATES RECORD WAS SET OR TIED.
MM INDICATES DATA IS MISSING.
T  INDICATES TRACE AMOUNT.




$$
