000
CDUS43 KSGF 150653
CLISGF


CLIMATE REPORT
NATIONAL WEATHER SERVICE SPRINGFIELD MO
153 AM CDT SUN MAY 15 2016


...................................

...THE SPRINGFIELD MO CLIMATE SUMMARY FOR MAY 14 2016...

CLIMATE NORMAL PERIOD 1981 TO 2010
CLIMATE RECORD PERIOD 1888 TO 2016


WEATHER ITEM   OBSERVED TIME   RECORD YEAR NORMAL DEPARTURE LAST
                VALUE   (LST)  VALUE       VALUE  FROM      YEAR
                                                  NORMAL
..................................................................
TEMPERATURE (F)
 YESTERDAY
  MAXIMUM         61    422 PM  88    1947  75    -14       79
  MINIMUM         41   1159 PM  36    2000  54    -13       57
  AVERAGE         51                        64    -13       68

PRECIPITATION (IN)
  YESTERDAY        0.00          2.76 1956   0.17  -0.17     0.07
  MONTH TO DATE    0.11                      2.49  -2.38     2.28
  SINCE MAR 1      5.55                     10.43  -4.88     8.85
  SINCE JAN 1      6.83                     15.42  -8.59    11.45

SNOWFALL (IN)
  YESTERDAY        0.0
  MONTH TO DATE    0.0
  SINCE MAR 1      T
  SINCE JUL 1      3.0
  SNOW DEPTH       0

DEGREE DAYS
 HEATING
  YESTERDAY       14                         3     11        0
  MONTH TO DATE   71                        61     10       29
  SINCE MAR 1    658                       942   -284      794
  SINCE JUL 1   3571                      4535   -964     4501

 COOLING
  YESTERDAY        0                         3     -3        3
  MONTH TO DATE   25                        24      1       47
  SINCE MAR 1     52                        49      3       69
  SINCE JAN 1     52                        49      3       69
..................................................................


WIND (MPH)
  HIGHEST WIND SPEED    26   HIGHEST WIND DIRECTION     N (10)
  HIGHEST GUST SPEED    33   HIGHEST GUST DIRECTION     N (350)
  AVERAGE WIND SPEED    11.8


SKY COVER
  AVERAGE SKY COVER 0.2


WEATHER CONDITIONS
 THE FOLLOWING WEATHER WAS RECORDED YESTERDAY.
  NO SIGNIFICANT WEATHER WAS OBSERVED.


RELATIVE HUMIDITY (PERCENT)
 HIGHEST    79          1100 PM
 LOWEST     32           400 PM
 AVERAGE    56

..........................................................


THE SPRINGFIELD MO CLIMATE NORMALS FOR TODAY
                         NORMAL    RECORD    YEAR
 MAXIMUM TEMPERATURE (F)   75        87      1957
 MINIMUM TEMPERATURE (F)   54        35      1907


SUNRISE AND SUNSET
MAY 15 2016...........SUNRISE   605 AM CDT   SUNSET   816 PM CDT
MAY 16 2016...........SUNRISE   604 AM CDT   SUNSET   817 PM CDT


-  INDICATES NEGATIVE NUMBERS.
R  INDICATES RECORD WAS SET OR TIED.
MM INDICATES DATA IS MISSING.
T  INDICATES TRACE AMOUNT.




$$
