000
CDUS43 KSGF 062328
CLISGF


CLIMATE REPORT
NATIONAL WEATHER SERVICE SPRINGFIELD MO
526 PM CST MON NOV 6 2017


...................................

...THE SPRINGFIELD MO CLIMATE SUMMARY FOR NOVEMBER 6 2017...
VALID TODAY AS OF 0500 PM LOCAL TIME.

CLIMATE NORMAL PERIOD 1981 TO 2010
CLIMATE RECORD PERIOD 1888 TO 2017


WEATHER ITEM   OBSERVED TIME   RECORD YEAR NORMAL DEPARTURE LAST
                VALUE   (LST)  VALUE       VALUE  FROM      YEAR
                                                  NORMAL
..................................................................
TEMPERATURE (F)
 TODAY
  MAXIMUM         50   1241 PM  80    1999  61    -11       66
                                      1945
                                      1915
  MINIMUM         45    459 PM  15    1959  40      5       40
                                      1951
  AVERAGE         48                        50     -2       53

PRECIPITATION (IN)
  TODAY            0.01          2.92 1996   0.14  -0.13     0.00
  MONTH TO DATE    0.01                      0.82  -0.81     1.65
  SINCE SEP 1      3.09                      9.02  -5.93     9.34
  SINCE JAN 1     45.67                     39.13   6.54    34.96

SNOWFALL (IN)
  TODAY            0.0
  MONTH TO DATE    0.0
  SINCE SEP 1      0.0
  SINCE JUL 1      0.0
  SNOW DEPTH       0

DEGREE DAYS
 HEATING
  TODAY           17                        15      2       12
  MONTH TO DATE   43                        82    -39       31
  SINCE SEP 1    282                       388   -106      133
  SINCE JUL 1    282                       390   -108      133

 COOLING
  TODAY            0                         0      0        0
  MONTH TO DATE    4                         0      4       14
  SINCE SEP 1    309                       201    108      373
  SINCE JAN 1   1467                      1387     80     1805
..................................................................


WIND (MPH)
  HIGHEST WIND SPEED    15   HIGHEST WIND DIRECTION    NE (40)
  HIGHEST GUST SPEED    20   HIGHEST GUST DIRECTION     N (20)


SKY COVER
  AVERAGE SKY COVER 1.0


WEATHER CONDITIONS
 THE FOLLOWING WEATHER WAS RECORDED TODAY.
  LIGHT RAIN
  FOG


RELATIVE HUMIDITY (PERCENT)
 HIGHEST   100           400 PM
 LOWEST     80          1000 AM
 AVERAGE    90

..........................................................


THE SPRINGFIELD MO CLIMATE NORMALS FOR TOMORROW
                         NORMAL    RECORD    YEAR
 MAXIMUM TEMPERATURE (F)   61        79      1915
 MINIMUM TEMPERATURE (F)   39        12      1991


SUNRISE AND SUNSET
NOVEMBER  6 2017......SUNRISE   643 AM CST   SUNSET   510 PM CST
NOVEMBER  7 2017......SUNRISE   644 AM CST   SUNSET   510 PM CST


-  INDICATES NEGATIVE NUMBERS.
R  INDICATES RECORD WAS SET OR TIED.
MM INDICATES DATA IS MISSING.
T  INDICATES TRACE AMOUNT.




$$
