000
CDUS43 KSGF 102326
CLISGF


CLIMATE REPORT
NATIONAL WEATHER SERVICE SPRINGFIELD MO
525 PM CST WED JAN 10 2018


...................................

...THE SPRINGFIELD MO CLIMATE SUMMARY FOR JANUARY 10 2018...
VALID TODAY AS OF 0500 PM LOCAL TIME.

CLIMATE NORMAL PERIOD 1981 TO 2010
CLIMATE RECORD PERIOD 1888 TO 2018


WEATHER ITEM   OBSERVED TIME   RECORD YEAR NORMAL DEPARTURE LAST
                VALUE   (LST)  VALUE       VALUE  FROM      YEAR
                                                  NORMAL
..................................................................
TEMPERATURE (F)
 TODAY
  MAXIMUM         65    240 PM  70    1890  42     23       68
  MINIMUM         42    801 AM -11    1982  22     20       33
  AVERAGE         54                        32     22       51

PRECIPITATION (IN)
  TODAY            0.00          1.00 1905   0.09  -0.09      T
  MONTH TO DATE    0.62                      0.87  -0.25     0.05
  SINCE DEC 1      2.14                      3.91  -1.77     0.67
  SINCE JAN 1      0.62                      0.87  -0.25     0.05

SNOWFALL (IN)
  TODAY            0.0
  MONTH TO DATE    T
  SINCE DEC 1      1.8
  SINCE JUL 1      1.8
  SNOW DEPTH       0

DEGREE DAYS
 HEATING
  TODAY           11                        33    -22       14
  MONTH TO DATE  376                       327     49      350
  SINCE DEC 1   1246                      1258    -12     1247
  SINCE JUL 1   1930                      2137   -207     1763

 COOLING
  TODAY            0                         0      0        0
  MONTH TO DATE    0                         0      0        0
  SINCE DEC 1      0                         0      0        0
  SINCE JAN 1      0                         0      0        0
..................................................................


WIND (MPH)
  HIGHEST WIND SPEED    26   HIGHEST WIND DIRECTION     S (170)
  HIGHEST GUST SPEED    40   HIGHEST GUST DIRECTION     S (170)


SKY COVER
  AVERAGE SKY COVER 0.5


WEATHER CONDITIONS
 THE FOLLOWING WEATHER WAS RECORDED TODAY.
  FOG


RELATIVE HUMIDITY (PERCENT)
 HIGHEST   100          1200 AM
 LOWEST     40           300 PM
 AVERAGE    70

..........................................................


THE SPRINGFIELD MO CLIMATE NORMALS FOR TOMORROW
                         NORMAL    RECORD    YEAR
 MAXIMUM TEMPERATURE (F)   42        74      2017
 MINIMUM TEMPERATURE (F)   22       -18      1918


SUNRISE AND SUNSET
JANUARY 10 2018.......SUNRISE   727 AM CST   SUNSET   515 PM CST
JANUARY 11 2018.......SUNRISE   727 AM CST   SUNSET   516 PM CST


-  INDICATES NEGATIVE NUMBERS.
R  INDICATES RECORD WAS SET OR TIED.
MM INDICATES DATA IS MISSING.
T  INDICATES TRACE AMOUNT.




$$
