000
CDUS43 KSGF 162230
CLISGF


CLIMATE REPORT
NATIONAL WEATHER SERVICE SPRINGFIELD MO
529 PM CDT SAT JUL 16 2016


...................................

...THE SPRINGFIELD MO CLIMATE SUMMARY FOR JULY 16 2016...
VALID TODAY AS OF 0500 PM LOCAL TIME.

CLIMATE NORMAL PERIOD 1981 TO 2010
CLIMATE RECORD PERIOD 1888 TO 2016


WEATHER ITEM   OBSERVED TIME   RECORD YEAR NORMAL DEPARTURE LAST
                VALUE   (LST)  VALUE       VALUE  FROM      YEAR
                                                  NORMAL
..................................................................
TEMPERATURE (F)
 TODAY
  MAXIMUM         88    355 PM 104    1980  89     -1       91
  MINIMUM         68    525 AM  54    2014  68      0       73
                                      1970
  AVERAGE         78                        78      0       82

PRECIPITATION (IN)
  TODAY            0.00          2.18 1958   0.12  -0.12     0.00
  MONTH TO DATE    3.17                      2.09   1.08     7.92
  SINCE JUN 1      7.59                      6.94   0.65    12.70
  SINCE JAN 1     18.84                     24.97  -6.13    28.10

SNOWFALL (IN)
  TODAY            0.0
  MONTH TO DATE    0.0
  SINCE JUN 1      0.0
  SINCE JUL 1      0.0
  SNOW DEPTH       0

DEGREE DAYS
 HEATING
  TODAY            0                         0      0        0
  MONTH TO DATE    0                         0      0        0
  SINCE JUN 1      0                         9     -9        1
  SINCE JUL 1      0                         0      0        0

 COOLING
  TODAY           13                        13      0       17
  MONTH TO DATE  212                       203      9      211
  SINCE JUN 1    608                       466    142      561
  SINCE JAN 1    728                       581    147      703
..................................................................


WIND (MPH)
  HIGHEST WIND SPEED    14   HIGHEST WIND DIRECTION     S (160)
  HIGHEST GUST SPEED    18   HIGHEST GUST DIRECTION     S (160)


SKY COVER
  AVERAGE SKY COVER 0.2


WEATHER CONDITIONS
 THE FOLLOWING WEATHER WAS RECORDED TODAY.
  NO SIGNIFICANT WEATHER WAS OBSERVED.


RELATIVE HUMIDITY (PERCENT)
 HIGHEST    90           100 AM
 LOWEST     53           200 PM
 AVERAGE    72

..........................................................


THE SPRINGFIELD MO CLIMATE NORMALS FOR TOMORROW
                         NORMAL    RECORD    YEAR
 MAXIMUM TEMPERATURE (F)   89       107      1954
 MINIMUM TEMPERATURE (F)   68        52      1976
                                             1967


SUNRISE AND SUNSET
JULY 16 2016..........SUNRISE   606 AM CDT   SUNSET   833 PM CDT
JULY 17 2016..........SUNRISE   607 AM CDT   SUNSET   832 PM CDT


-  INDICATES NEGATIVE NUMBERS.
R  INDICATES RECORD WAS SET OR TIED.
MM INDICATES DATA IS MISSING.
T  INDICATES TRACE AMOUNT.




$$
