000
CDUS43 KSGF 102235
CLISGF


CLIMATE REPORT
NATIONAL WEATHER SERVICE SPRINGFIELD MO
534 PM CDT MON JUL 10 2017


...................................

...THE SPRINGFIELD MO CLIMATE SUMMARY FOR JULY 10 2017...
VALID TODAY AS OF 0500 PM LOCAL TIME.

CLIMATE NORMAL PERIOD 1981 TO 2010
CLIMATE RECORD PERIOD 1888 TO 2017


WEATHER ITEM   OBSERVED TIME   RECORD YEAR NORMAL DEPARTURE LAST
                VALUE   (LST)  VALUE       VALUE  FROM      YEAR
                                                  NORMAL
..................................................................
TEMPERATURE (F)
 TODAY
  MAXIMUM         90    354 PM 102    2011  88      2       90
  MINIMUM         70    533 AM  53    1961  68      2       71
  AVERAGE         80                        78      2       81

PRECIPITATION (IN)
  TODAY            0.00          1.77 1909   0.13  -0.13     0.00
  MONTH TO DATE    0.63                      1.35  -0.72     2.64
  SINCE JUN 1      5.62                      6.20  -0.58     7.06
  SINCE JAN 1     34.32                     24.23  10.09    18.31

SNOWFALL (IN)
  TODAY            0.0
  MONTH TO DATE    0.0
  SINCE JUN 1      0.0
  SINCE JUL 1      0.0
  SNOW DEPTH       0

DEGREE DAYS
 HEATING
  TODAY            0                         0      0        0
  MONTH TO DATE    0                         0      0        0
  SINCE JUN 1      0                         9     -9        0
  SINCE JUL 1      0                         0      0        0

 COOLING
  TODAY           15                        13      2       16
  MONTH TO DATE  124                       125     -1      135
  SINCE JUN 1    394                       388      6      531
  SINCE JAN 1    542                       503     39      651
..................................................................


WIND (MPH)
  HIGHEST WIND SPEED    18   HIGHEST WIND DIRECTION    SW (220)
  HIGHEST GUST SPEED    24   HIGHEST GUST DIRECTION    SW (210)


SKY COVER
  AVERAGE SKY COVER 0.1


WEATHER CONDITIONS
 THE FOLLOWING WEATHER WAS RECORDED TODAY.
  NO SIGNIFICANT WEATHER WAS OBSERVED.


RELATIVE HUMIDITY (PERCENT)
 HIGHEST    90           200 AM
 LOWEST     56           200 PM
 AVERAGE    73

..........................................................


THE SPRINGFIELD MO CLIMATE NORMALS FOR TOMORROW
                         NORMAL    RECORD    YEAR
 MAXIMUM TEMPERATURE (F)   89       101      1966
                                             1901
 MINIMUM TEMPERATURE (F)   68        52      1975


SUNRISE AND SUNSET
JULY 10 2017..........SUNRISE   602 AM CDT   SUNSET   836 PM CDT
JULY 11 2017..........SUNRISE   603 AM CDT   SUNSET   835 PM CDT


-  INDICATES NEGATIVE NUMBERS.
R  INDICATES RECORD WAS SET OR TIED.
MM INDICATES DATA IS MISSING.
T  INDICATES TRACE AMOUNT.




$$
