000
CDUS43 KSGF 100627
CLISGF


CLIMATE REPORT
NATIONAL WEATHER SERVICE SPRINGFIELD MO
127 AM CDT WED SEP 10 2014


...................................

...THE SPRINGFIELD MO CLIMATE SUMMARY FOR SEPTEMBER 9 2014...

CLIMATE NORMAL PERIOD 1981 TO 2010
CLIMATE RECORD PERIOD 1888 TO 2014


WEATHER ITEM   OBSERVED TIME   RECORD YEAR NORMAL DEPARTURE LAST
                VALUE   (LST)  VALUE       VALUE  FROM      YEAR
                                                  NORMAL
..................................................................
TEMPERATURE (F)
 YESTERDAY
  MAXIMUM         90    248 PM  98    1939  83      7       95
  MINIMUM         70    636 AM  42    1943  61      9       70
  AVERAGE         80                        72      8       83

PRECIPITATION (IN)
  YESTERDAY        0.00          1.79 2010   0.15  -0.15     0.00
  MONTH TO DATE    1.67                      1.36   0.31     0.04
  SINCE SEP 1      1.67                      1.36   0.31     0.04
  SINCE JAN 1     23.64                     31.47  -7.83    38.19

SNOWFALL (IN)
  YESTERDAY        0.0
  MONTH TO DATE    0.0
  SINCE SEP 1      0.0
  SINCE JUL 1      0.0
  SNOW DEPTH       0

DEGREE DAYS
 HEATING
  YESTERDAY        0                         1     -1        0
  MONTH TO DATE    0                         1     -1        0
  SINCE SEP 1      0                         1     -1        0
  SINCE JUL 1      0                         3     -3        0

 COOLING
  YESTERDAY       15                         7      8       18
  MONTH TO DATE   95                        78     17      108
  SINCE SEP 1     95                        78     17      108
  SINCE JAN 1   1341                      1264     77     1251
..................................................................


WIND (MPH)
  HIGHEST WIND SPEED    23   HIGHEST WIND DIRECTION     S (170)
  HIGHEST GUST SPEED    28   HIGHEST GUST DIRECTION     S (180)
  AVERAGE WIND SPEED    13.9


SKY COVER
  AVERAGE SKY COVER 0.2


WEATHER CONDITIONS
 THE FOLLOWING WEATHER WAS RECORDED YESTERDAY.
  NO SIGNIFICANT WEATHER WAS OBSERVED.


RELATIVE HUMIDITY (PERCENT)
 HIGHEST    90           500 AM
 LOWEST     52           300 PM
 AVERAGE    71

..........................................................


THE SPRINGFIELD MO CLIMATE NORMALS FOR TODAY
                         NORMAL    RECORD    YEAR
 MAXIMUM TEMPERATURE (F)   83        96      1984
                                             1938
 MINIMUM TEMPERATURE (F)   60        38      1976


SUNRISE AND SUNSET
SEPTEMBER 10 2014.....SUNRISE   651 AM CDT   SUNSET   729 PM CDT
SEPTEMBER 11 2014.....SUNRISE   652 AM CDT   SUNSET   727 PM CDT


-  INDICATES NEGATIVE NUMBERS.
R  INDICATES RECORD WAS SET OR TIED.
MM INDICATES DATA IS MISSING.
T  INDICATES TRACE AMOUNT.




$$
