000
CDUS43 KSGF 160627
CLISGF


CLIMATE REPORT
NATIONAL WEATHER SERVICE SPRINGFIELD MO
126 AM CDT TUE AUG 16 2016


...................................

...THE SPRINGFIELD MO CLIMATE SUMMARY FOR AUGUST 15 2016...

CLIMATE NORMAL PERIOD 1981 TO 2010
CLIMATE RECORD PERIOD 1888 TO 2016


WEATHER ITEM   OBSERVED TIME   RECORD YEAR NORMAL DEPARTURE LAST
                VALUE   (LST)  VALUE       VALUE  FROM      YEAR
                                                  NORMAL
..................................................................
TEMPERATURE (F)
 YESTERDAY
  MAXIMUM         76   1221 PM 102    2007  90    -14       87
                                      1936
  MINIMUM         67   1159 PM  49    2004  67      0       65
  AVERAGE         72                        78     -6       76

PRECIPITATION (IN)
  YESTERDAY        0.06          3.39 1976   0.11  -0.05     0.00
  MONTH TO DATE    1.42                      1.58  -0.16     4.70
  SINCE JUN 1     13.17                     10.11   3.06    18.69
  SINCE JAN 1     24.42                     28.14  -3.72    34.09

SNOWFALL (IN)
  YESTERDAY        0.0
  MONTH TO DATE    0.0
  SINCE JUN 1      0.0
  SINCE JUL 1      0.0
  SNOW DEPTH       0

DEGREE DAYS
 HEATING
  YESTERDAY        0                         0      0        0
  MONTH TO DATE    0                         0      0        0
  SINCE JUN 1      0                         9     -9        1
  SINCE JUL 1      0                         0      0        0

 COOLING
  YESTERDAY        7                        13     -6       11
  MONTH TO DATE  241                       208     33      199
  SINCE JUN 1   1113                       881    232     1012
  SINCE JAN 1   1233                       996    237     1154
..................................................................


WIND (MPH)
  HIGHEST WIND SPEED    10   HIGHEST WIND DIRECTION     N (10)
  HIGHEST GUST SPEED    12   HIGHEST GUST DIRECTION     N (350)
  AVERAGE WIND SPEED     4.5


SKY COVER
  AVERAGE SKY COVER 0.7


WEATHER CONDITIONS
 THE FOLLOWING WEATHER WAS RECORDED YESTERDAY.
  LIGHT RAIN
  FOG
  HAZE


RELATIVE HUMIDITY (PERCENT)
 HIGHEST    93           300 AM
 LOWEST     69           100 PM
 AVERAGE    81

..........................................................


THE SPRINGFIELD MO CLIMATE NORMALS FOR TODAY
                         NORMAL    RECORD    YEAR
 MAXIMUM TEMPERATURE (F)   90       105      1936
 MINIMUM TEMPERATURE (F)   67        48      1992


SUNRISE AND SUNSET
AUGUST 16 2016........SUNRISE   631 AM CDT   SUNSET   803 PM CDT
AUGUST 17 2016........SUNRISE   632 AM CDT   SUNSET   802 PM CDT


-  INDICATES NEGATIVE NUMBERS.
R  INDICATES RECORD WAS SET OR TIED.
MM INDICATES DATA IS MISSING.
T  INDICATES TRACE AMOUNT.




$$
