000
CDUS43 KSGF 192135
CLISGF


CLIMATE REPORT
NATIONAL WEATHER SERVICE SPRINGFIELD MO
434 PM CDT TUE APR 19 2016


...................................

...THE SPRINGFIELD MO CLIMATE SUMMARY FOR APRIL 19 2016...
VALID AS OF 0400 PM LOCAL TIME.

CLIMATE NORMAL PERIOD 1981 TO 2010
CLIMATE RECORD PERIOD 1888 TO 2016


WEATHER ITEM   OBSERVED TIME   RECORD YEAR NORMAL DEPARTURE LAST
                VALUE   (LST)  VALUE       VALUE  FROM      YEAR
                                                  NORMAL
..................................................................
TEMPERATURE (F)
 TODAY
  MAXIMUM         71    142 PM  89    1987  68      3       69
  MINIMUM         54    556 AM  28    1953  45      9       50
  AVERAGE         63                        57      6       60

PRECIPITATION (IN)
  TODAY            0.00          1.98 1976   0.16  -0.16      T
  MONTH TO DATE    0.82                      2.53  -1.71     2.47
  SINCE MAR 1      3.76                      6.15  -2.39     5.85
  SINCE JAN 1      5.04                     11.14  -6.10     8.45

SNOWFALL (IN)
  TODAY            0.0
  MONTH TO DATE    0.0
  SINCE MAR 1      T
  SINCE JUL 1      3.0
  SNOW DEPTH       0

DEGREE DAYS
 HEATING
  TODAY            2                         9     -7        5
  MONTH TO DATE  157                       220    -63      116
  SINCE MAR 1    555                       801   -246      663
  SINCE JUL 1   3468                      4394   -926     4370

 COOLING
  TODAY            0                         1     -1        0
  MONTH TO DATE    6                        12     -6       22
  SINCE MAR 1      8                        15     -7       22
  SINCE JAN 1      8                        15     -7       22
..................................................................


WIND (MPH)
  HIGHEST WIND SPEED    16   HIGHEST WIND DIRECTION    SE (130)
  HIGHEST GUST SPEED    19   HIGHEST GUST DIRECTION    SE (120)


SKY COVER
  AVERAGE SKY COVER 0.8


WEATHER CONDITIONS
 THE FOLLOWING WEATHER WAS RECORDED TODAY.
  FOG
  FOG W/VISIBILITY <= 1/4 MILE


RELATIVE HUMIDITY (PERCENT)
 HIGHEST    93           400 AM
 LOWEST     61          1100 AM
 AVERAGE    77

..........................................................


THE SPRINGFIELD MO CLIMATE NORMALS FOR TOMORROW
                         NORMAL    RECORD    YEAR
 MAXIMUM TEMPERATURE (F)   69        89      1987
 MINIMUM TEMPERATURE (F)   46        26      1953


SUNRISE AND SUNSET
APRIL 19 2016.........SUNRISE   633 AM CDT   SUNSET   753 PM CDT
APRIL 20 2016.........SUNRISE   632 AM CDT   SUNSET   754 PM CDT


-  INDICATES NEGATIVE NUMBERS.
R  INDICATES RECORD WAS SET OR TIED.
MM INDICATES DATA IS MISSING.
T  INDICATES TRACE AMOUNT.




$$
