000
CDUS43 KSGF 200645
CLISGF


CLIMATE REPORT
NATIONAL WEATHER SERVICE SPRINGFIELD MO
145 AM CDT WED MAY 20 2015


...................................

...THE SPRINGFIELD MO CLIMATE SUMMARY FOR MAY 19 2015...

CLIMATE NORMAL PERIOD 1981 TO 2010
CLIMATE RECORD PERIOD 1888 TO 2015


WEATHER ITEM   OBSERVED TIME   RECORD YEAR NORMAL DEPARTURE LAST
                VALUE   (LST)  VALUE       VALUE  FROM      YEAR
                                                  NORMAL
..................................................................
TEMPERATURE (F)
 YESTERDAY
  MAXIMUM         72    351 PM  91    1987  76     -4       82
  MINIMUM         51    520 AM  38    1968  55     -4       58
                                      1894
  AVERAGE         62                        66     -4       70

PRECIPITATION (IN)
  YESTERDAY        0.04          2.70 1943   0.15  -0.11     0.00
  MONTH TO DATE    3.18                      3.28  -0.10     2.40
  SINCE MAR 1      9.75                     11.22  -1.47     6.81
  SINCE JAN 1     12.35                     16.21  -3.86     8.60

SNOWFALL (IN)
  YESTERDAY        0.0
  MONTH TO DATE    0.0
  SINCE MAR 1      1.2
  SINCE JUL 1     15.8
  SNOW DEPTH       0

DEGREE DAYS
 HEATING
  YESTERDAY        3                         2      1        0
  MONTH TO DATE   32                        75    -43      112
  SINCE MAR 1    797                       956   -159     1065
  SINCE JUL 1   4504                      4549    -45     5020

 COOLING
  YESTERDAY        0                         3     -3        5
  MONTH TO DATE   77                        39     38       79
  SINCE MAR 1     99                        64     35       93
  SINCE JAN 1     99                        64     35       93
..................................................................


WIND (MPH)
  HIGHEST WIND SPEED    18   HIGHEST WIND DIRECTION    NE (40)
  HIGHEST GUST SPEED    23   HIGHEST GUST DIRECTION    NE (40)
  AVERAGE WIND SPEED    10.8


SKY COVER
  AVERAGE SKY COVER 0.1


WEATHER CONDITIONS
 THE FOLLOWING WEATHER WAS RECORDED YESTERDAY.
  LIGHT RAIN


RELATIVE HUMIDITY (PERCENT)
 HIGHEST    83           200 AM
 LOWEST     47           100 PM
 AVERAGE    65

..........................................................


THE SPRINGFIELD MO CLIMATE NORMALS FOR TODAY
                         NORMAL    RECORD    YEAR
 MAXIMUM TEMPERATURE (F)   76        90      1964
 MINIMUM TEMPERATURE (F)   56        38      1981


SUNRISE AND SUNSET
MAY 20 2015...........SUNRISE   601 AM CDT   SUNSET   819 PM CDT
MAY 21 2015...........SUNRISE   601 AM CDT   SUNSET   820 PM CDT


-  INDICATES NEGATIVE NUMBERS.
R  INDICATES RECORD WAS SET OR TIED.
MM INDICATES DATA IS MISSING.
T  INDICATES TRACE AMOUNT.




$$
