603
CDUS43 KSGF 150630
CLISGF


CLIMATE REPORT
NATIONAL WEATHER SERVICE SPRINGFIELD MO
130 AM CDT TUE AUG 15 2017


...................................

...THE SPRINGFIELD MO CLIMATE SUMMARY FOR AUGUST 14 2017...

CLIMATE NORMAL PERIOD 1981 TO 2010
CLIMATE RECORD PERIOD 1888 TO 2017


WEATHER ITEM   OBSERVED TIME   RECORD YEAR NORMAL DEPARTURE LAST
                VALUE   (LST)  VALUE       VALUE  FROM      YEAR
                                                  NORMAL
..................................................................
TEMPERATURE (F)
 YESTERDAY
  MAXIMUM         81    518 PM 102    2007  90     -9       79
  MINIMUM         68    441 AM  53    1967  67      1       66
  AVERAGE         75                        78     -3       73

PRECIPITATION (IN)
  YESTERDAY        0.00          2.06 1890   0.11  -0.11      T
  MONTH TO DATE    5.00                      1.47   3.53     1.36
  SINCE JUN 1     11.77                     10.00   1.77    13.11
  SINCE JAN 1     40.47                     28.03  12.44    24.36

SNOWFALL (IN)
  YESTERDAY        0.0
  MONTH TO DATE    0.0
  SINCE JUN 1      0.0
  SINCE JUL 1      0.0
  SNOW DEPTH       0

DEGREE DAYS
 HEATING
  YESTERDAY        0                         0      0        0
  MONTH TO DATE    0                         0      0        0
  SINCE JUN 1      0                         9     -9        0
  SINCE JUL 1      0                         0      0        0

 COOLING
  YESTERDAY       10                        13     -3        8
  MONTH TO DATE  119                       195    -76      234
  SINCE JUN 1    854                       868    -14     1106
  SINCE JAN 1   1002                       983     19     1226
..................................................................


WIND (MPH)
  HIGHEST WIND SPEED    10   HIGHEST WIND DIRECTION     S (190)
  HIGHEST GUST SPEED    13   HIGHEST GUST DIRECTION     S (180)
  AVERAGE WIND SPEED     4.3


SKY COVER
  AVERAGE SKY COVER 0.6


WEATHER CONDITIONS
 THE FOLLOWING WEATHER WAS RECORDED YESTERDAY.
  FOG


RELATIVE HUMIDITY (PERCENT)
 HIGHEST   100          1200 AM
 LOWEST     69           500 PM
 AVERAGE    85

..........................................................


THE SPRINGFIELD MO CLIMATE NORMALS FOR TODAY
                         NORMAL    RECORD    YEAR
 MAXIMUM TEMPERATURE (F)   90       102      2007
                                             1936
 MINIMUM TEMPERATURE (F)   67        49      2004


SUNRISE AND SUNSET
AUGUST 15 2017........SUNRISE   630 AM CDT   SUNSET   805 PM CDT
AUGUST 16 2017........SUNRISE   631 AM CDT   SUNSET   804 PM CDT


-  INDICATES NEGATIVE NUMBERS.
R  INDICATES RECORD WAS SET OR TIED.
MM INDICATES DATA IS MISSING.
T  INDICATES TRACE AMOUNT.




$$
