000
CDUS43 KSGF 252226
CLISGF


CLIMATE REPORT
NATIONAL WEATHER SERVICE SPRINGFIELD MO
526 PM CDT THU SEP 25 2014


...................................

...THE SPRINGFIELD MO CLIMATE SUMMARY FOR SEPTEMBER 25 2014...
VALID TODAY AS OF 0500 PM LOCAL TIME.

CLIMATE NORMAL PERIOD 1981 TO 2010
CLIMATE RECORD PERIOD 1888 TO 2014


WEATHER ITEM   OBSERVED TIME   RECORD YEAR NORMAL DEPARTURE LAST
                VALUE   (LST)  VALUE       VALUE  FROM      YEAR
                                                  NORMAL
..................................................................
TEMPERATURE (F)
 TODAY
  MAXIMUM         80    328 PM  95    1939  76      4       79
  MINIMUM         57    626 AM  36    1989  54      3       54
  AVERAGE         69                        65      4       67

PRECIPITATION (IN)
  TODAY            0.00          3.27 1993   0.16  -0.16     0.00
  MONTH TO DATE    5.00                      3.87   1.13     1.85
  SINCE SEP 1      5.00                      3.87   1.13     1.85
  SINCE JAN 1     26.97                     33.98  -7.01    40.00

SNOWFALL (IN)
  TODAY            0.0
  MONTH TO DATE    0.0
  SINCE SEP 1      0.0
  SINCE JUL 1      0.0
  SNOW DEPTH       0

DEGREE DAYS
 HEATING
  TODAY            0                         3     -3        0
  MONTH TO DATE   31                        32     -1       13
  SINCE SEP 1     31                        32     -1       13
  SINCE JUL 1     31                        34     -3       13

 COOLING
  TODAY            4                         3      1        2
  MONTH TO DATE  148                       158    -10      211
  SINCE SEP 1    148                       158    -10      211
  SINCE JAN 1   1394                      1344     50     1354
..................................................................


WIND (MPH)
  HIGHEST WIND SPEED    12   HIGHEST WIND DIRECTION    SE (150)
  HIGHEST GUST SPEED    15   HIGHEST GUST DIRECTION    SE (140)


SKY COVER
  AVERAGE SKY COVER 0.0


WEATHER CONDITIONS
 THE FOLLOWING WEATHER WAS RECORDED TODAY.
  NO SIGNIFICANT WEATHER WAS OBSERVED.


RELATIVE HUMIDITY (PERCENT)
 HIGHEST    80           200 AM
 LOWEST     42           100 PM
 AVERAGE    61

..........................................................


THE SPRINGFIELD MO CLIMATE NORMALS FOR TOMORROW
                         NORMAL    RECORD    YEAR
 MAXIMUM TEMPERATURE (F)   76        92      1953
                                             1938
 MINIMUM TEMPERATURE (F)   53        34      1975


SUNRISE AND SUNSET
SEPTEMBER 25 2014.....SUNRISE   704 AM CDT   SUNSET   706 PM CDT
SEPTEMBER 26 2014.....SUNRISE   705 AM CDT   SUNSET   704 PM CDT


-  INDICATES NEGATIVE NUMBERS.
R  INDICATES RECORD WAS SET OR TIED.
MM INDICATES DATA IS MISSING.
T  INDICATES TRACE AMOUNT.




$$
