000
CDUS43 KSGF 120629
CLISGF


CLIMATE REPORT
NATIONAL WEATHER SERVICE SPRINGFIELD MO
1229 AM CST MON FEB 12 2018


...................................

...THE SPRINGFIELD MO CLIMATE SUMMARY FOR FEBRUARY 11 2018...

CLIMATE NORMAL PERIOD 1981 TO 2010
CLIMATE RECORD PERIOD 1888 TO 2018


WEATHER ITEM   OBSERVED TIME   RECORD YEAR NORMAL DEPARTURE LAST
                VALUE   (LST)  VALUE       VALUE  FROM      YEAR
                                                  NORMAL
..................................................................
TEMPERATURE (F)
 YESTERDAY
  MAXIMUM         24    853 PM  82    2017  47    -23       82
  MINIMUM         16   1123 PM -16    1899  25     -9       53
  AVERAGE         20                        36    -16       68

PRECIPITATION (IN)
  YESTERDAY        T             1.41 1998   0.09  -0.09     0.00
  MONTH TO DATE    0.03                      0.88  -0.85     0.00
  SINCE DEC 1      3.51                      6.39  -2.88     4.69
  SINCE JAN 1      1.99                      3.35  -1.36     4.07

SNOWFALL (IN)
  YESTERDAY        T
  MONTH TO DATE    0.9
  SINCE DEC 1      5.4
  SINCE JUL 1      5.4
  SNOW DEPTH       0

DEGREE DAYS
 HEATING
  YESTERDAY       45                        29     16        0
  MONTH TO DATE  388                       332     56      246
  SINCE DEC 1   2280                      2266     14     1940
  SINCE JUL 1   2964                      3145   -181     2456

 COOLING
  YESTERDAY        0                         0      0        3
  MONTH TO DATE    0                         0      0        3
  SINCE DEC 1      0                         0      0        3
  SINCE JAN 1      0                         0      0        3
..................................................................


WIND (MPH)
  HIGHEST WIND SPEED    17   HIGHEST WIND DIRECTION    NW (330)
  HIGHEST GUST SPEED    21   HIGHEST GUST DIRECTION    NW (310)
  AVERAGE WIND SPEED     9.5


SKY COVER
  AVERAGE SKY COVER 0.9


WEATHER CONDITIONS
 THE FOLLOWING WEATHER WAS RECORDED YESTERDAY.
  LIGHT SNOW
  FOG


RELATIVE HUMIDITY (PERCENT)
 HIGHEST   100           200 AM
 LOWEST     81           300 PM
 AVERAGE    91

..........................................................


THE SPRINGFIELD MO CLIMATE NORMALS FOR TODAY
                         NORMAL    RECORD    YEAR
 MAXIMUM TEMPERATURE (F)   47        81      1962
 MINIMUM TEMPERATURE (F)   25       -29      1899


SUNRISE AND SUNSET
FEBRUARY 12 2018......SUNRISE   706 AM CST   SUNSET   550 PM CST
FEBRUARY 13 2018......SUNRISE   705 AM CST   SUNSET   551 PM CST


-  INDICATES NEGATIVE NUMBERS.
R  INDICATES RECORD WAS SET OR TIED.
MM INDICATES DATA IS MISSING.
T  INDICATES TRACE AMOUNT.




$$
