000
CDUS43 KSGF 042126
CLISGF


CLIMATE REPORT
NATIONAL WEATHER SERVICE SPRINGFIELD MO
425 PM CDT SAT JUL 4 2015


...................................

...THE SPRINGFIELD MO CLIMATE SUMMARY FOR JULY 4 2015...
VALID AS OF 0400 PM LOCAL TIME.

CLIMATE NORMAL PERIOD 1981 TO 2010
CLIMATE RECORD PERIOD 1888 TO 2015


WEATHER ITEM   OBSERVED TIME   RECORD YEAR NORMAL DEPARTURE LAST
                VALUE   (LST)  VALUE       VALUE  FROM      YEAR
                                                  NORMAL
..................................................................
TEMPERATURE (F)
 TODAY
  MAXIMUM         86    253 PM 100    2012  88     -2       82
  MINIMUM         65    548 AM  50    1968  67     -2       57
  AVERAGE         76                        77     -1       70

PRECIPITATION (IN)
  TODAY            0.00          4.52 1983   0.13  -0.13     0.00
  MONTH TO DATE    2.83                      0.56   2.27      T
  SINCE JUN 1      7.61                      5.41   2.20     6.23
  SINCE JAN 1     23.01                     23.44  -0.43    17.71

SNOWFALL (IN)
  TODAY            0.0
  MONTH TO DATE    0.0
  SINCE JUN 1      0.0
  SINCE JUL 1      0.0
  SNOW DEPTH       0

DEGREE DAYS
 HEATING
  TODAY            0                         0      0        0
  MONTH TO DATE    0                         0      0        0
  SINCE JUN 1      1                         9     -8        0
  SINCE JUL 1      0                         0      0        0

 COOLING
  TODAY           11                        12     -1        5
  MONTH TO DATE   45                        48     -3       23
  SINCE JUN 1    395                       311     84      317
  SINCE JAN 1    537                       426    111      510
..................................................................


WIND (MPH)
  HIGHEST WIND SPEED     9   HIGHEST WIND DIRECTION     E (80)
  HIGHEST GUST SPEED    12   HIGHEST GUST DIRECTION    NE (30)


SKY COVER
  AVERAGE SKY COVER 0.3


WEATHER CONDITIONS
 THE FOLLOWING WEATHER WAS RECORDED TODAY.
  NO SIGNIFICANT WEATHER WAS OBSERVED.


RELATIVE HUMIDITY (PERCENT)
 HIGHEST    87           100 AM
 LOWEST     51           200 PM
 AVERAGE    69

..........................................................


THE SPRINGFIELD MO CLIMATE NORMALS FOR TOMORROW
                         NORMAL    RECORD    YEAR
 MAXIMUM TEMPERATURE (F)   88       101      2012
                                             1954
 MINIMUM TEMPERATURE (F)   67        46      1972


SUNRISE AND SUNSET
JULY  4 2015..........SUNRISE   558 AM CDT   SUNSET   837 PM CDT
JULY  5 2015..........SUNRISE   559 AM CDT   SUNSET   837 PM CDT


-  INDICATES NEGATIVE NUMBERS.
R  INDICATES RECORD WAS SET OR TIED.
MM INDICATES DATA IS MISSING.
T  INDICATES TRACE AMOUNT.




$$
