000
CDUS43 KSGF 102227
CLISGF


CLIMATE REPORT
NATIONAL WEATHER SERVICE SPRINGFIELD MO
526 PM CDT SUN SEP 10 2017


...................................

...THE SPRINGFIELD MO CLIMATE SUMMARY FOR SEPTEMBER 10 2017...
VALID TODAY AS OF 0500 PM LOCAL TIME.

CLIMATE NORMAL PERIOD 1981 TO 2010
CLIMATE RECORD PERIOD 1888 TO 2017


WEATHER ITEM   OBSERVED TIME   RECORD YEAR NORMAL DEPARTURE LAST
                VALUE   (LST)  VALUE       VALUE  FROM      YEAR
                                                  NORMAL
..................................................................
TEMPERATURE (F)
 TODAY
  MAXIMUM         81    245 PM  96    1984  83     -2       76
                                      1938
  MINIMUM         59    523 AM  38    1976  60     -1       56
  AVERAGE         70                        71     -1       66

PRECIPITATION (IN)
  TODAY            0.00          4.43 1975   0.16  -0.16     0.42
  MONTH TO DATE    T                         1.52  -1.52     1.17
  SINCE SEP 1      T                         1.52  -1.52     1.17
  SINCE JAN 1     42.58                     31.63  10.95    26.79

SNOWFALL (IN)
  TODAY            0.0
  MONTH TO DATE    0.0
  SINCE SEP 1      0.0
  SINCE JUL 1      0.0
  SNOW DEPTH       0

DEGREE DAYS
 HEATING
  TODAY            0                         1     -1        0
  MONTH TO DATE    6                         2      4        0
  SINCE SEP 1      6                         2      4        0
  SINCE JUL 1      6                         4      2        0

 COOLING
  TODAY            5                         7     -2        1
  MONTH TO DATE   51                        85    -34      107
  SINCE SEP 1     51                        85    -34      107
  SINCE JAN 1   1209                      1271    -62     1539
..................................................................


WIND (MPH)
  HIGHEST WIND SPEED    14   HIGHEST WIND DIRECTION     S (170)
  HIGHEST GUST SPEED    18   HIGHEST GUST DIRECTION    SE (150)


SKY COVER
  AVERAGE SKY COVER 0.4


WEATHER CONDITIONS
 THE FOLLOWING WEATHER WAS RECORDED TODAY.
  NO SIGNIFICANT WEATHER WAS OBSERVED.


RELATIVE HUMIDITY (PERCENT)
 HIGHEST    84           100 AM
 LOWEST     39          1200 PM
 AVERAGE    62

..........................................................


THE SPRINGFIELD MO CLIMATE NORMALS FOR TOMORROW
                         NORMAL    RECORD    YEAR
 MAXIMUM TEMPERATURE (F)   82        96      2000
                                             1936
 MINIMUM TEMPERATURE (F)   60        37      1940


SUNRISE AND SUNSET
SEPTEMBER 10 2017.....SUNRISE   652 AM CDT   SUNSET   728 PM CDT
SEPTEMBER 11 2017.....SUNRISE   653 AM CDT   SUNSET   727 PM CDT


-  INDICATES NEGATIVE NUMBERS.
R  INDICATES RECORD WAS SET OR TIED.
MM INDICATES DATA IS MISSING.
T  INDICATES TRACE AMOUNT.




$$
