000
CDUS43 KSGF 162226
CLISGF


CLIMATE REPORT
NATIONAL WEATHER SERVICE SPRINGFIELD MO
525 PM CDT TUE MAY 16 2017


...................................

...THE SPRINGFIELD MO CLIMATE SUMMARY FOR MAY 16 2017...
VALID TODAY AS OF 0500 PM LOCAL TIME.

CLIMATE NORMAL PERIOD 1981 TO 2010
CLIMATE RECORD PERIOD 1888 TO 2017


WEATHER ITEM   OBSERVED TIME   RECORD YEAR NORMAL DEPARTURE LAST
                VALUE   (LST)  VALUE       VALUE  FROM      YEAR
                                                  NORMAL
..................................................................
TEMPERATURE (F)
 TODAY
  MAXIMUM         83    359 PM  93    1972  75      8       56
  MINIMUM         62    543 AM  36    1997  55      7       50
                                      1890
  AVERAGE         73                        65      8       53

PRECIPITATION (IN)
  TODAY            0.00          2.55 1896   0.16  -0.16     1.78
  MONTH TO DATE    3.10                      2.81   0.29     1.90
  SINCE MAR 1     19.92                     10.75   9.17     7.34
  SINCE JAN 1     24.38                     15.74   8.64     8.62

SNOWFALL (IN)
  TODAY            0.0
  MONTH TO DATE    0.0
  SINCE MAR 1      0.1
  SINCE JUL 1      1.8
  SNOW DEPTH       0

DEGREE DAYS
 HEATING
  TODAY            0                         3     -3       12
  MONTH TO DATE   49                        67    -18       96
  SINCE MAR 1    640                       948   -308      683
  SINCE JUL 1   3329                      4541  -1212     3596

 COOLING
  TODAY            8                         3      5        0
  MONTH TO DATE   36                        30      6       25
  SINCE MAR 1     77                        55     22       52
  SINCE JAN 1     86                        55     31       52
..................................................................


WIND (MPH)
  HIGHEST WIND SPEED    26   HIGHEST WIND DIRECTION     S (190)
  HIGHEST GUST SPEED    32   HIGHEST GUST DIRECTION     S (180)


SKY COVER
  AVERAGE SKY COVER 0.0


WEATHER CONDITIONS
 THE FOLLOWING WEATHER WAS RECORDED TODAY.
  NO SIGNIFICANT WEATHER WAS OBSERVED.


RELATIVE HUMIDITY (PERCENT)
 HIGHEST    90           500 AM
 LOWEST     36           100 PM
 AVERAGE    63

..........................................................


THE SPRINGFIELD MO CLIMATE NORMALS FOR TOMORROW
                         NORMAL    RECORD    YEAR
 MAXIMUM TEMPERATURE (F)   76        88      2001
                                             1972
 MINIMUM TEMPERATURE (F)   55        37      2011


SUNRISE AND SUNSET
MAY 16 2017...........SUNRISE   604 AM CDT   SUNSET   816 PM CDT
MAY 17 2017...........SUNRISE   603 AM CDT   SUNSET   817 PM CDT


-  INDICATES NEGATIVE NUMBERS.
R  INDICATES RECORD WAS SET OR TIED.
MM INDICATES DATA IS MISSING.
T  INDICATES TRACE AMOUNT.




$$
