000
CDUS43 KSGF 210627
CLISGF


CLIMATE REPORT
NATIONAL WEATHER SERVICE SPRINGFIELD MO
126 AM CDT THU MAY 21 2015


...................................

...THE SPRINGFIELD MO CLIMATE SUMMARY FOR MAY 20 2015...

CLIMATE NORMAL PERIOD 1981 TO 2010
CLIMATE RECORD PERIOD 1888 TO 2015


WEATHER ITEM   OBSERVED TIME   RECORD YEAR NORMAL DEPARTURE LAST
                VALUE   (LST)  VALUE       VALUE  FROM      YEAR
                                                  NORMAL
..................................................................
TEMPERATURE (F)
 YESTERDAY
  MAXIMUM         63   1137 AM  90    1964  76    -13       85
  MINIMUM         49   1159 PM  38    1981  56     -7       62
  AVERAGE         56                        66    -10       74

PRECIPITATION (IN)
  YESTERDAY        0.51          2.20 1896   0.16   0.35     0.00
  MONTH TO DATE    3.69                      3.44   0.25     2.40
  SINCE MAR 1     10.26                     11.38  -1.12     6.81
  SINCE JAN 1     12.86                     16.37  -3.51     8.60

SNOWFALL (IN)
  YESTERDAY        0.0
  MONTH TO DATE    0.0
  SINCE MAR 1      1.2
  SINCE JUL 1     15.8
  SNOW DEPTH       0

DEGREE DAYS
 HEATING
  YESTERDAY        9                         2      7        0
  MONTH TO DATE   41                        77    -36      112
  SINCE MAR 1    806                       958   -152     1065
  SINCE JUL 1   4513                      4551    -38     5020

 COOLING
  YESTERDAY        0                         3     -3        9
  MONTH TO DATE   77                        42     35       88
  SINCE MAR 1     99                        67     32      102
  SINCE JAN 1     99                        67     32      102
..................................................................


WIND (MPH)
  HIGHEST WIND SPEED    23   HIGHEST WIND DIRECTION    SE (140)
  HIGHEST GUST SPEED    27   HIGHEST GUST DIRECTION    SE (140)
  AVERAGE WIND SPEED    13.4


SKY COVER
  AVERAGE SKY COVER 0.9


WEATHER CONDITIONS
 THE FOLLOWING WEATHER WAS RECORDED YESTERDAY.
  HEAVY RAIN
  RAIN
  LIGHT RAIN
  FOG


RELATIVE HUMIDITY (PERCENT)
 HIGHEST    93           800 AM
 LOWEST     80          1200 AM
 AVERAGE    87

..........................................................


THE SPRINGFIELD MO CLIMATE NORMALS FOR TODAY
                         NORMAL    RECORD    YEAR
 MAXIMUM TEMPERATURE (F)   77        91      1987
 MINIMUM TEMPERATURE (F)   56        36      1892


SUNRISE AND SUNSET
MAY 21 2015...........SUNRISE   601 AM CDT   SUNSET   820 PM CDT
MAY 22 2015...........SUNRISE   600 AM CDT   SUNSET   821 PM CDT


-  INDICATES NEGATIVE NUMBERS.
R  INDICATES RECORD WAS SET OR TIED.
MM INDICATES DATA IS MISSING.
T  INDICATES TRACE AMOUNT.




$$
