000
CDUS43 KSGF 122227
CLISGF


CLIMATE REPORT
NATIONAL WEATHER SERVICE SPRINGFIELD MO
526 PM CDT FRI AUG 12 2016


...................................

...THE SPRINGFIELD MO CLIMATE SUMMARY FOR AUGUST 12 2016...
VALID TODAY AS OF 0500 PM LOCAL TIME.

CLIMATE NORMAL PERIOD 1981 TO 2010
CLIMATE RECORD PERIOD 1888 TO 2016


WEATHER ITEM   OBSERVED TIME   RECORD YEAR NORMAL DEPARTURE LAST
                VALUE   (LST)  VALUE       VALUE  FROM      YEAR
                                                  NORMAL
..................................................................
TEMPERATURE (F)
 TODAY
  MAXIMUM         90   1246 PM 104    1999  90      0       84
                                      1934
  MINIMUM         75    359 PM  44    1967  67      8       63
  AVERAGE         83                        79      4       74

PRECIPITATION (IN)
  TODAY            0.05          1.82 1935   0.12  -0.07     0.00
  MONTH TO DATE    1.33                      1.25   0.08     4.70
  SINCE JUN 1     13.08                      9.78   3.30    18.69
  SINCE JAN 1     24.33                     27.81  -3.48    34.09

SNOWFALL (IN)
  TODAY            0.0
  MONTH TO DATE    0.0
  SINCE JUN 1      0.0
  SINCE JUL 1      0.0
  SNOW DEPTH       0

DEGREE DAYS
 HEATING
  TODAY            0                         0      0        0
  MONTH TO DATE    0                         0      0        0
  SINCE JUN 1      0                         9     -9        1
  SINCE JUL 1      0                         0      0        0

 COOLING
  TODAY           18                        14      4        9
  MONTH TO DATE  213                       168     45      169
  SINCE JUN 1   1085                       841    244      982
  SINCE JAN 1   1205                       956    249     1124
..................................................................


WIND (MPH)
  HIGHEST WIND SPEED    24   HIGHEST WIND DIRECTION    NW (310)
  HIGHEST GUST SPEED    36   HIGHEST GUST DIRECTION    NW (320)


SKY COVER
  AVERAGE SKY COVER 0.4


WEATHER CONDITIONS
 THE FOLLOWING WEATHER WAS RECORDED TODAY.
  THUNDERSTORM
  LIGHT RAIN
  FOG


RELATIVE HUMIDITY (PERCENT)
 HIGHEST    91           700 AM
 LOWEST     63          1200 PM
 AVERAGE    77

..........................................................


THE SPRINGFIELD MO CLIMATE NORMALS FOR TOMORROW
                         NORMAL    RECORD    YEAR
 MAXIMUM TEMPERATURE (F)   90       101      2010
 MINIMUM TEMPERATURE (F)   67        47      2004
                                             1967


SUNRISE AND SUNSET
AUGUST 12 2016........SUNRISE   628 AM CDT   SUNSET   808 PM CDT
AUGUST 13 2016........SUNRISE   629 AM CDT   SUNSET   807 PM CDT


-  INDICATES NEGATIVE NUMBERS.
R  INDICATES RECORD WAS SET OR TIED.
MM INDICATES DATA IS MISSING.
T  INDICATES TRACE AMOUNT.




$$
