527
CDUS43 KSGF 140645
CLISGF


CLIMATE REPORT
NATIONAL WEATHER SERVICE SPRINGFIELD MO
1244 AM CST TUE NOV 14 2017


...................................

...THE SPRINGFIELD MO CLIMATE SUMMARY FOR NOVEMBER 13 2017...

CLIMATE NORMAL PERIOD 1981 TO 2010
CLIMATE RECORD PERIOD 1888 TO 2017


WEATHER ITEM   OBSERVED TIME   RECORD YEAR NORMAL DEPARTURE LAST
                VALUE   (LST)  VALUE       VALUE  FROM      YEAR
                                                  NORMAL
..................................................................
TEMPERATURE (F)
 YESTERDAY
  MAXIMUM         59    137 PM  81    1999  58      1       62
  MINIMUM         36    401 AM   5    1986  37     -1       35
  AVERAGE         48                        47      1       49

PRECIPITATION (IN)
  YESTERDAY        T             1.38 1993   0.15  -0.15     0.00
  MONTH TO DATE    0.03                      1.85  -1.82     2.21
  SINCE SEP 1      3.11                     10.05  -6.94     9.90
  SINCE JAN 1     45.69                     40.16   5.53    35.52

SNOWFALL (IN)
  YESTERDAY        0.0
  MONTH TO DATE    0.0
  SINCE SEP 1      0.0
  SINCE JUL 1      0.0
  SNOW DEPTH       0

DEGREE DAYS
 HEATING
  YESTERDAY       17                        18     -1       16
  MONTH TO DATE  185                       197    -12      124
  SINCE SEP 1    424                       503    -79      226
  SINCE JUL 1    424                       505    -81      226

 COOLING
  YESTERDAY        0                         0      0        0
  MONTH TO DATE    4                         0      4       14
  SINCE SEP 1    309                       201    108      373
  SINCE JAN 1   1467                      1387     80     1805
..................................................................


WIND (MPH)
  HIGHEST WIND SPEED    16   HIGHEST WIND DIRECTION     S (160)
  HIGHEST GUST SPEED    22   HIGHEST GUST DIRECTION     S (170)
  AVERAGE WIND SPEED     7.8


SKY COVER
  AVERAGE SKY COVER 0.7


WEATHER CONDITIONS
 THE FOLLOWING WEATHER WAS RECORDED YESTERDAY.
  LIGHT RAIN


RELATIVE HUMIDITY (PERCENT)
 HIGHEST    92           400 AM
 LOWEST     62           100 PM
 AVERAGE    77

..........................................................


THE SPRINGFIELD MO CLIMATE NORMALS FOR TODAY
                         NORMAL    RECORD    YEAR
 MAXIMUM TEMPERATURE (F)   58        78      1973
 MINIMUM TEMPERATURE (F)   36        10      1940


SUNRISE AND SUNSET
NOVEMBER 14 2017......SUNRISE   652 AM CST   SUNSET   504 PM CST
NOVEMBER 15 2017......SUNRISE   653 AM CST   SUNSET   503 PM CST


-  INDICATES NEGATIVE NUMBERS.
R  INDICATES RECORD WAS SET OR TIED.
MM INDICATES DATA IS MISSING.
T  INDICATES TRACE AMOUNT.




$$
