000
CDUS43 KSGF 230626
CLISGF


CLIMATE REPORT
NATIONAL WEATHER SERVICE SPRINGFIELD MO
1225 AM CST WED NOV 23 2016


...................................

...THE SPRINGFIELD MO CLIMATE SUMMARY FOR NOVEMBER 22 2016...

CLIMATE NORMAL PERIOD 1981 TO 2010
CLIMATE RECORD PERIOD 1888 TO 2016


WEATHER ITEM   OBSERVED TIME   RECORD YEAR NORMAL DEPARTURE LAST
                VALUE   (LST)  VALUE       VALUE  FROM      YEAR
                                                  NORMAL
..................................................................
TEMPERATURE (F)
 YESTERDAY
  MAXIMUM         58    111 PM  76    1900  54      4       49
  MINIMUM         47    346 AM   6    1898  33     14       21
  AVERAGE         53                        43     10       35

PRECIPITATION (IN)
  YESTERDAY        0.05          0.95 1899   0.14  -0.09     0.00
  MONTH TO DATE    2.26                      3.12  -0.86     4.80
  SINCE SEP 1      9.95                     11.32  -1.37    10.36
  SINCE JAN 1     35.57                     41.43  -5.86    45.88

SNOWFALL (IN)
  YESTERDAY        0.0
  MONTH TO DATE    0.0
  SINCE SEP 1      0.0
  SINCE JUL 1      0.0
  SNOW DEPTH       0

DEGREE DAYS
 HEATING
  YESTERDAY       12                        22    -10       30
  MONTH TO DATE  241                       379   -138      308
  SINCE SEP 1    343                       685   -342      506
  SINCE JUL 1    343                       687   -344      509

 COOLING
  YESTERDAY        0                         0      0        0
  MONTH TO DATE   17                         0     17        0
  SINCE SEP 1    376                       201    175      286
  SINCE JAN 1   1808                      1387    421     1555
..................................................................


WIND (MPH)
  HIGHEST WIND SPEED    29   HIGHEST WIND DIRECTION     S (160)
  HIGHEST GUST SPEED    35   HIGHEST GUST DIRECTION     S (160)
  AVERAGE WIND SPEED    20.0


SKY COVER
  AVERAGE SKY COVER 0.7


WEATHER CONDITIONS
 THE FOLLOWING WEATHER WAS RECORDED YESTERDAY.
  RAIN
  LIGHT RAIN
  FOG


RELATIVE HUMIDITY (PERCENT)
 HIGHEST    93           600 PM
 LOWEST     46           600 AM
 AVERAGE    70

..........................................................


THE SPRINGFIELD MO CLIMATE NORMALS FOR TODAY
                         NORMAL    RECORD    YEAR
 MAXIMUM TEMPERATURE (F)   53        74      1974
 MINIMUM TEMPERATURE (F)   32         8      1950


SUNRISE AND SUNSET
NOVEMBER 23 2016......SUNRISE   701 AM CST   SUNSET   459 PM CST
NOVEMBER 24 2016......SUNRISE   702 AM CST   SUNSET   458 PM CST


-  INDICATES NEGATIVE NUMBERS.
R  INDICATES RECORD WAS SET OR TIED.
MM INDICATES DATA IS MISSING.
T  INDICATES TRACE AMOUNT.




$$
