000
CDUS43 KSGF 110635
CLISGF


CLIMATE REPORT
NATIONAL WEATHER SERVICE SPRINGFIELD MO
1234 AM CST SUN FEB 11 2018


...................................

...THE SPRINGFIELD MO CLIMATE SUMMARY FOR FEBRUARY 10 2018...

CLIMATE NORMAL PERIOD 1981 TO 2010
CLIMATE RECORD PERIOD 1888 TO 2018


WEATHER ITEM   OBSERVED TIME   RECORD YEAR NORMAL DEPARTURE LAST
                VALUE   (LST)  VALUE       VALUE  FROM      YEAR
                                                  NORMAL
..................................................................
TEMPERATURE (F)
 YESTERDAY
  MAXIMUM         35   1230 AM  74    1999  47    -12       72
                                      1932
  MINIMUM         23    557 PM -10    2011  25     -2       34
  AVERAGE         29                        36     -7       53

PRECIPITATION (IN)
  YESTERDAY        0.01          0.84 1998   0.09  -0.08     0.00
  MONTH TO DATE    0.03                      0.79  -0.76     0.00
  SINCE DEC 1      3.51                      6.30  -2.79     4.69
  SINCE JAN 1      1.99                      3.26  -1.27     4.07

SNOWFALL (IN)
  YESTERDAY       MM
  MONTH TO DATE    0.9
  SINCE DEC 1      5.4
  SINCE JUL 1      5.4
  SNOW DEPTH       0

DEGREE DAYS
 HEATING
  YESTERDAY       36                        29      7       12
  MONTH TO DATE  343                       303     40      246
  SINCE DEC 1   2235                      2237     -2     1940
  SINCE JUL 1   2919                      3116   -197     2456

 COOLING
  YESTERDAY        0                         0      0        0
  MONTH TO DATE    0                         0      0        0
  SINCE DEC 1      0                         0      0        0
  SINCE JAN 1      0                         0      0        0
..................................................................


WIND (MPH)
  HIGHEST WIND SPEED    20   HIGHEST WIND DIRECTION    NE (30)
  HIGHEST GUST SPEED    25   HIGHEST GUST DIRECTION    NE (30)
  AVERAGE WIND SPEED    11.4


SKY COVER
  AVERAGE SKY COVER 1.0


WEATHER CONDITIONS
 THE FOLLOWING WEATHER WAS RECORDED YESTERDAY.
  LT FREEZING RAIN
  LIGHT SNOW
  FOG
  HAZE


RELATIVE HUMIDITY (PERCENT)
 HIGHEST    96           300 PM
 LOWEST     64          1200 AM
 AVERAGE    80

..........................................................


THE SPRINGFIELD MO CLIMATE NORMALS FOR TODAY
                         NORMAL    RECORD    YEAR
 MAXIMUM TEMPERATURE (F)   47        82      2017
 MINIMUM TEMPERATURE (F)   25       -16      1899


SUNRISE AND SUNSET
FEBRUARY 11 2018......SUNRISE   707 AM CST   SUNSET   549 PM CST
FEBRUARY 12 2018......SUNRISE   706 AM CST   SUNSET   550 PM CST


-  INDICATES NEGATIVE NUMBERS.
R  INDICATES RECORD WAS SET OR TIED.
MM INDICATES DATA IS MISSING.
T  INDICATES TRACE AMOUNT.




$$
