000
CDUS43 KSGF 232226
CLISGF


CLIMATE REPORT
NATIONAL WEATHER SERVICE SPRINGFIELD MO
526 PM CDT TUE SEP 23 2014


...................................

...THE SPRINGFIELD MO CLIMATE SUMMARY FOR SEPTEMBER 23 2014...
VALID TODAY AS OF 0500 PM LOCAL TIME.

CLIMATE NORMAL PERIOD 1981 TO 2010
CLIMATE RECORD PERIOD 1888 TO 2014


WEATHER ITEM   OBSERVED TIME   RECORD YEAR NORMAL DEPARTURE LAST
                VALUE   (LST)  VALUE       VALUE  FROM      YEAR
                                                  NORMAL
..................................................................
TEMPERATURE (F)
 TODAY
  MAXIMUM         75    227 PM  92    1960  77     -2       77
                                      1939
  MINIMUM         50    616 AM  35    1989  55     -5       51
                                      1983
  AVERAGE         63                        66     -3       64

PRECIPITATION (IN)
  TODAY            0.00          1.80 1996   0.15  -0.15     0.00
  MONTH TO DATE    5.00                      3.56   1.44     1.82
  SINCE SEP 1      5.00                      3.56   1.44     1.82
  SINCE JAN 1     26.97                     33.67  -6.70    39.97

SNOWFALL (IN)
  TODAY            0.0
  MONTH TO DATE    0.0
  SINCE SEP 1      0.0
  SINCE JUL 1      0.0
  SNOW DEPTH       0

DEGREE DAYS
 HEATING
  TODAY            2                         3     -1        1
  MONTH TO DATE   30                        26      4       13
  SINCE SEP 1     30                        26      4       13
  SINCE JUL 1     30                        28      2       13

 COOLING
  TODAY            0                         4     -4        0
  MONTH TO DATE  144                       152     -8      206
  SINCE SEP 1    144                       152     -8      206
  SINCE JAN 1   1390                      1338     52     1349
..................................................................


WIND (MPH)
  HIGHEST WIND SPEED    14   HIGHEST WIND DIRECTION    SE (130)
  HIGHEST GUST SPEED    17   HIGHEST GUST DIRECTION    SE (130)


SKY COVER
  AVERAGE SKY COVER 0.0


WEATHER CONDITIONS
 THE FOLLOWING WEATHER WAS RECORDED TODAY.
  NO SIGNIFICANT WEATHER WAS OBSERVED.


RELATIVE HUMIDITY (PERCENT)
 HIGHEST    83           200 AM
 LOWEST     35           200 PM
 AVERAGE    59

..........................................................


THE SPRINGFIELD MO CLIMATE NORMALS FOR TOMORROW
                         NORMAL    RECORD    YEAR
 MAXIMUM TEMPERATURE (F)   77        92      1939
 MINIMUM TEMPERATURE (F)   54        32      1989


SUNRISE AND SUNSET
SEPTEMBER 23 2014.....SUNRISE   702 AM CDT   SUNSET   709 PM CDT
SEPTEMBER 24 2014.....SUNRISE   703 AM CDT   SUNSET   707 PM CDT


-  INDICATES NEGATIVE NUMBERS.
R  INDICATES RECORD WAS SET OR TIED.
MM INDICATES DATA IS MISSING.
T  INDICATES TRACE AMOUNT.




$$
