000
CDUS43 KSGF 032127
CLISGF


CLIMATE REPORT
NATIONAL WEATHER SERVICE SPRINGFIELD MO
426 PM CDT THU AUG 3 2017


...................................

...THE SPRINGFIELD MO CLIMATE SUMMARY FOR AUGUST 3 2017...
VALID AS OF 0400 PM LOCAL TIME.

CLIMATE NORMAL PERIOD 1981 TO 2010
CLIMATE RECORD PERIOD 1888 TO 2017


WEATHER ITEM   OBSERVED TIME   RECORD YEAR NORMAL DEPARTURE LAST
                VALUE   (LST)  VALUE       VALUE  FROM      YEAR
                                                  NORMAL
..................................................................
TEMPERATURE (F)
 TODAY
  MAXIMUM         90    209 PM 105    2011  90      0       94
  MINIMUM         67    457 AM  52    1976  68     -1       77
                                      1974
  AVERAGE         79                        79      0       86

PRECIPITATION (IN)
  TODAY            0.00          1.60 1971   0.10  -0.10     0.01
  MONTH TO DATE    T                         0.29  -0.29     0.01
  SINCE JUN 1      6.77                      8.82  -2.05    11.76
  SINCE JAN 1     35.47                     26.85   8.62    23.01

SNOWFALL (IN)
  TODAY            0.0
  MONTH TO DATE    0.0
  SINCE JUN 1      0.0
  SINCE JUL 1      0.0
  SNOW DEPTH       0

DEGREE DAYS
 HEATING
  TODAY            0                         0      0        0
  MONTH TO DATE    0                         0      0        0
  SINCE JUN 1      0                         9     -9        0
  SINCE JUL 1      0                         0      0        0

 COOLING
  TODAY           14                        14      0       21
  MONTH TO DATE   41                        42     -1       57
  SINCE JUN 1    776                       715     61      929
  SINCE JAN 1    924                       830     94     1049
..................................................................


WIND (MPH)
  HIGHEST WIND SPEED    14   HIGHEST WIND DIRECTION    NE (30)
  HIGHEST GUST SPEED    19   HIGHEST GUST DIRECTION    SW (230)


SKY COVER
  AVERAGE SKY COVER 0.1


WEATHER CONDITIONS
 THE FOLLOWING WEATHER WAS RECORDED TODAY.
  NO SIGNIFICANT WEATHER WAS OBSERVED.


RELATIVE HUMIDITY (PERCENT)
 HIGHEST    93           400 AM
 LOWEST     46           200 PM
 AVERAGE    70

..........................................................


THE SPRINGFIELD MO CLIMATE NORMALS FOR TOMORROW
                         NORMAL    RECORD    YEAR
 MAXIMUM TEMPERATURE (F)   90       106      2012
 MINIMUM TEMPERATURE (F)   68        46      1974


SUNRISE AND SUNSET
AUGUST  3 2017........SUNRISE   620 AM CDT   SUNSET   819 PM CDT
AUGUST  4 2017........SUNRISE   621 AM CDT   SUNSET   818 PM CDT


-  INDICATES NEGATIVE NUMBERS.
R  INDICATES RECORD WAS SET OR TIED.
MM INDICATES DATA IS MISSING.
T  INDICATES TRACE AMOUNT.




$$
