000
CDUS43 KSGF 150628
CLISGF


CLIMATE REPORT
NATIONAL WEATHER SERVICE SPRINGFIELD MO
127 AM CDT WED OCT 15 2014


...................................

...THE SPRINGFIELD MO CLIMATE SUMMARY FOR OCTOBER 14 2014...

CLIMATE NORMAL PERIOD 1981 TO 2010
CLIMATE RECORD PERIOD 1888 TO 2014


WEATHER ITEM   OBSERVED TIME   RECORD YEAR NORMAL DEPARTURE LAST
                VALUE   (LST)  VALUE       VALUE  FROM      YEAR
                                                  NORMAL
..................................................................
TEMPERATURE (F)
 YESTERDAY
  MAXIMUM         64    410 PM  89    1963  70     -6       65
  MINIMUM         52    521 AM  31    2006  47      5       56
                                      1969
  AVERAGE         58                        58      0       61

PRECIPITATION (IN)
  YESTERDAY        0.03          2.22 1920   0.10  -0.07      T
  MONTH TO DATE    7.22                      1.61   5.61     2.95
  SINCE SEP 1     12.22                      6.22   6.00     5.13
  SINCE JAN 1     34.19                     36.33  -2.14    43.28

SNOWFALL (IN)
  YESTERDAY        0.0
  MONTH TO DATE    0.0
  SINCE SEP 1      0.0
  SINCE JUL 1      0.0
  SNOW DEPTH       0

DEGREE DAYS
 HEATING
  YESTERDAY        7                         7      0        4
  MONTH TO DATE   73                        84    -11       52
  SINCE SEP 1    104                       137    -33       66
  SINCE JUL 1    104                       139    -35       66

 COOLING
  YESTERDAY        0                         1     -1        0
  MONTH TO DATE   29                        20      9       44
  SINCE SEP 1    208                       193     15      274
  SINCE JAN 1   1454                      1379     75     1417
..................................................................


WIND (MPH)
  HIGHEST WIND SPEED    24   HIGHEST WIND DIRECTION    NW (300)
  HIGHEST GUST SPEED    36   HIGHEST GUST DIRECTION    NW (310)
  AVERAGE WIND SPEED    13.6


SKY COVER
  AVERAGE SKY COVER 1.0


WEATHER CONDITIONS
 THE FOLLOWING WEATHER WAS RECORDED YESTERDAY.
  LIGHT RAIN
  FOG


RELATIVE HUMIDITY (PERCENT)
 HIGHEST    96           100 AM
 LOWEST     39           500 PM
 AVERAGE    68

..........................................................


THE SPRINGFIELD MO CLIMATE NORMALS FOR TODAY
                         NORMAL    RECORD    YEAR
 MAXIMUM TEMPERATURE (F)   69        86      1963
                                             1938
 MINIMUM TEMPERATURE (F)   47        31      1986


SUNRISE AND SUNSET
OCTOBER 15 2014.......SUNRISE   721 AM CDT   SUNSET   637 PM CDT
OCTOBER 16 2014.......SUNRISE   722 AM CDT   SUNSET   635 PM CDT


-  INDICATES NEGATIVE NUMBERS.
R  INDICATES RECORD WAS SET OR TIED.
MM INDICATES DATA IS MISSING.
T  INDICATES TRACE AMOUNT.




$$
