000
CDUS43 KSGF 052326
CLISGF


CLIMATE REPORT
NATIONAL WEATHER SERVICE SPRINGFIELD MO
526 PM CST FRI FEB 5 2016


...................................

...THE SPRINGFIELD MO CLIMATE SUMMARY FOR FEBRUARY 5 2016...
VALID TODAY AS OF 0500 PM LOCAL TIME.

CLIMATE NORMAL PERIOD 1981 TO 2010
CLIMATE RECORD PERIOD 1888 TO 2016


WEATHER ITEM   OBSERVED TIME   RECORD YEAR NORMAL DEPARTURE LAST
                VALUE   (LST)  VALUE       VALUE  FROM      YEAR
                                                  NORMAL
..................................................................
TEMPERATURE (F)
 TODAY
  MAXIMUM         52    332 PM  71    1963  46      6       34
                                      1925
  MINIMUM         21    438 AM  -3    1906  24     -3        9
  AVERAGE         37                        35      2       22

PRECIPITATION (IN)
  TODAY            0.00          1.87 2008   0.08  -0.08     0.00
  MONTH TO DATE    0.05                      0.38  -0.33     0.40
  SINCE DEC 1     12.40                      5.89   6.51     2.98
  SINCE JAN 1      0.97                      2.85  -1.88     1.21

SNOWFALL (IN)
  TODAY            0.0
  MONTH TO DATE    T
  SINCE DEC 1      3.0
  SINCE JUL 1      3.0
  SNOW DEPTH       0

DEGREE DAYS
 HEATING
  TODAY           28                        30     -2       43
  MONTH TO DATE  130                       154    -24      179
  SINCE DEC 1   1724                      2088   -364     1937
  SINCE JUL 1   2369                      2967   -598     2887

 COOLING
  TODAY            0                         0      0        0
  MONTH TO DATE    0                         0      0        0
  SINCE DEC 1      0                         0      0        0
  SINCE JAN 1      0                         0      0        0
..................................................................


WIND (MPH)
  HIGHEST WIND SPEED    18   HIGHEST WIND DIRECTION     W (260)
  HIGHEST GUST SPEED    23   HIGHEST GUST DIRECTION     W (290)


SKY COVER
  AVERAGE SKY COVER 0.0


WEATHER CONDITIONS
 THE FOLLOWING WEATHER WAS RECORDED TODAY.
  NO SIGNIFICANT WEATHER WAS OBSERVED.


RELATIVE HUMIDITY (PERCENT)
 HIGHEST    74           300 AM
 LOWEST     26           200 PM
 AVERAGE    50

..........................................................


THE SPRINGFIELD MO CLIMATE NORMALS FOR TOMORROW
                         NORMAL    RECORD    YEAR
 MAXIMUM TEMPERATURE (F)   46        72      1904
 MINIMUM TEMPERATURE (F)   24       -10      1985


SUNRISE AND SUNSET
FEBRUARY  5 2016......SUNRISE   713 AM CST   SUNSET   542 PM CST
FEBRUARY  6 2016......SUNRISE   712 AM CST   SUNSET   543 PM CST


-  INDICATES NEGATIVE NUMBERS.
R  INDICATES RECORD WAS SET OR TIED.
MM INDICATES DATA IS MISSING.
T  INDICATES TRACE AMOUNT.




$$
