000
CDUS43 KSGF 082226
CLISGF


CLIMATE REPORT
NATIONAL WEATHER SERVICE SPRINGFIELD MO
525 PM CDT FRI SEP 8 2017


...................................

...THE SPRINGFIELD MO CLIMATE SUMMARY FOR SEPTEMBER 8 2017...
VALID TODAY AS OF 0500 PM LOCAL TIME.

CLIMATE NORMAL PERIOD 1981 TO 2010
CLIMATE RECORD PERIOD 1888 TO 2017


WEATHER ITEM   OBSERVED TIME   RECORD YEAR NORMAL DEPARTURE LAST
                VALUE   (LST)  VALUE       VALUE  FROM      YEAR
                                                  NORMAL
..................................................................
TEMPERATURE (F)
 TODAY
  MAXIMUM         84    213 PM  98    1960  84      0       85
                                      1947
                                      1939
  MINIMUM         55    510 AM  45    1956  61     -6       73
  AVERAGE         70                        72     -2       79

PRECIPITATION (IN)
  TODAY            0.00          2.14 1992   0.15  -0.15     0.63
  MONTH TO DATE    T                         1.21  -1.21     0.63
  SINCE SEP 1      T                         1.21  -1.21     0.63
  SINCE JAN 1     42.58                     31.32  11.26    26.25

SNOWFALL (IN)
  TODAY            0.0
  MONTH TO DATE    0.0
  SINCE SEP 1      0.0
  SINCE JUL 1      0.0
  SNOW DEPTH       0

DEGREE DAYS
 HEATING
  TODAY            0                         0      0        0
  MONTH TO DATE    6                         0      6        0
  SINCE SEP 1      6                         0      6        0
  SINCE JUL 1      6                         2      4        0

 COOLING
  TODAY            5                         8     -3       14
  MONTH TO DATE   39                        71    -32       92
  SINCE SEP 1     39                        71    -32       92
  SINCE JAN 1   1197                      1257    -60     1524
..................................................................


WIND (MPH)
  HIGHEST WIND SPEED     8   HIGHEST WIND DIRECTION    SW (240)
  HIGHEST GUST SPEED    13   HIGHEST GUST DIRECTION     W (250)


SKY COVER
  AVERAGE SKY COVER 0.0


WEATHER CONDITIONS
 THE FOLLOWING WEATHER WAS RECORDED TODAY.
  NO SIGNIFICANT WEATHER WAS OBSERVED.


RELATIVE HUMIDITY (PERCENT)
 HIGHEST    93           200 AM
 LOWEST     40           200 PM
 AVERAGE    67

..........................................................


THE SPRINGFIELD MO CLIMATE NORMALS FOR TOMORROW
                         NORMAL    RECORD    YEAR
 MAXIMUM TEMPERATURE (F)   83        98      1939
 MINIMUM TEMPERATURE (F)   61        42      1943


SUNRISE AND SUNSET
SEPTEMBER  8 2017.....SUNRISE   650 AM CDT   SUNSET   731 PM CDT
SEPTEMBER  9 2017.....SUNRISE   651 AM CDT   SUNSET   730 PM CDT


-  INDICATES NEGATIVE NUMBERS.
R  INDICATES RECORD WAS SET OR TIED.
MM INDICATES DATA IS MISSING.
T  INDICATES TRACE AMOUNT.




$$
