000
CDUS43 KSGF 162327
CLISGF


CLIMATE REPORT
NATIONAL WEATHER SERVICE SPRINGFIELD MO
525 PM CST FRI JAN 16 2015


...................................

...THE SPRINGFIELD MO CLIMATE SUMMARY FOR JANUARY 16 2015...
VALID TODAY AS OF 0500 PM LOCAL TIME.

CLIMATE NORMAL PERIOD 1981 TO 2010
CLIMATE RECORD PERIOD 1888 TO 2015


WEATHER ITEM   OBSERVED TIME   RECORD YEAR NORMAL DEPARTURE LAST
                VALUE   (LST)  VALUE       VALUE  FROM      YEAR
                                                  NORMAL
..................................................................
TEMPERATURE (F)
 TODAY
  MAXIMUM         59    332 PM  70    1952  43     16       49
  MINIMUM         22    549 AM -11    1977  22      0       30
  AVERAGE         41                        32      9       40

PRECIPITATION (IN)
  TODAY            0.00          1.23 1932   0.08  -0.08      T
  MONTH TO DATE    0.72                      1.34  -0.62     1.26
  SINCE DEC 1      2.49                      4.38  -1.89     3.82
  SINCE JAN 1      0.72                      1.34  -0.62     1.26

SNOWFALL (IN)
  TODAY            0.0
  MONTH TO DATE    0.0
  SINCE DEC 1      0.5
  SINCE JUL 1      2.2
  SNOW DEPTH       0

DEGREE DAYS
 HEATING
  TODAY           24                        33     -9       25
  MONTH TO DATE  599                       525     74      573
  SINCE DEC 1   1419                      1456    -37     1559
  SINCE JUL 1   2369                      2335     34     2496

 COOLING
  TODAY            0                         0      0        0
  MONTH TO DATE    0                         0      0        0
  SINCE DEC 1      0                         0      0        0
  SINCE JAN 1      0                         0      0        0
..................................................................


WIND (MPH)
  HIGHEST WIND SPEED    16   HIGHEST WIND DIRECTION    SW (220)
  HIGHEST GUST SPEED    20   HIGHEST GUST DIRECTION    SW (220)


SKY COVER
  AVERAGE SKY COVER 0.0


WEATHER CONDITIONS
 THE FOLLOWING WEATHER WAS RECORDED TODAY.
  NO SIGNIFICANT WEATHER WAS OBSERVED.


RELATIVE HUMIDITY (PERCENT)
 HIGHEST    81           500 AM
 LOWEST     28           300 PM
 AVERAGE    55

..........................................................


THE SPRINGFIELD MO CLIMATE NORMALS FOR TOMORROW
                         NORMAL    RECORD    YEAR
 MAXIMUM TEMPERATURE (F)   43        70      1894
 MINIMUM TEMPERATURE (F)   22       -15      1930


SUNRISE AND SUNSET
JANUARY 16 2015.......SUNRISE   726 AM CST   SUNSET   521 PM CST
JANUARY 17 2015.......SUNRISE   726 AM CST   SUNSET   522 PM CST


-  INDICATES NEGATIVE NUMBERS.
R  INDICATES RECORD WAS SET OR TIED.
MM INDICATES DATA IS MISSING.
T  INDICATES TRACE AMOUNT.




$$
