000
CDUS43 KSGF 140626
CLISGF


CLIMATE REPORT
NATIONAL WEATHER SERVICE SPRINGFIELD MO
1226 AM CST TUE FEB 14 2017


...................................

...THE SPRINGFIELD MO CLIMATE SUMMARY FOR FEBRUARY 13 2017...

CLIMATE NORMAL PERIOD 1981 TO 2010
CLIMATE RECORD PERIOD 1888 TO 2017


WEATHER ITEM   OBSERVED TIME   RECORD YEAR NORMAL DEPARTURE LAST
                VALUE   (LST)  VALUE       VALUE  FROM      YEAR
                                                  NORMAL
..................................................................
TEMPERATURE (F)
 YESTERDAY
  MAXIMUM         56    310 PM  79    1962  48      8       38
  MINIMUM         29    217 AM -22    1905  25      4       21
  AVERAGE         43                        36      7       30

PRECIPITATION (IN)
  YESTERDAY        0.11          1.54 1946   0.09   0.02     0.00
  MONTH TO DATE    0.11                      1.07  -0.96     0.05
  SINCE DEC 1      4.80                      6.58  -1.78    12.40
  SINCE JAN 1      4.18                      3.54   0.64     0.97

SNOWFALL (IN)
  YESTERDAY        0.0
  MONTH TO DATE    0.0
  SINCE DEC 1      1.7
  SINCE JUL 1      1.7
  SNOW DEPTH       0

DEGREE DAYS
 HEATING
  YESTERDAY       22                        28     -6       35
  MONTH TO DATE  285                       389   -104      371
  SINCE DEC 1   1979                      2323   -344     1965
  SINCE JUL 1   2495                      3202   -707     2610

 COOLING
  YESTERDAY        0                         0      0        0
  MONTH TO DATE    3                         0      3        0
  SINCE DEC 1      3                         0      3        0
  SINCE JAN 1      3                         0      3        0
..................................................................


WIND (MPH)
  HIGHEST WIND SPEED    17   HIGHEST WIND DIRECTION    SE (120)
  HIGHEST GUST SPEED    20   HIGHEST GUST DIRECTION    SE (120)
  AVERAGE WIND SPEED     4.8


SKY COVER
  AVERAGE SKY COVER 0.5


WEATHER CONDITIONS
 THE FOLLOWING WEATHER WAS RECORDED YESTERDAY.
  LIGHT RAIN


RELATIVE HUMIDITY (PERCENT)
 HIGHEST    76          1100 PM
 LOWEST     22           300 PM
 AVERAGE    49

..........................................................


THE SPRINGFIELD MO CLIMATE NORMALS FOR TODAY
                         NORMAL    RECORD    YEAR
 MAXIMUM TEMPERATURE (F)   48        75      1954
                                             1921
 MINIMUM TEMPERATURE (F)   26         0      1905


SUNRISE AND SUNSET
FEBRUARY 14 2017......SUNRISE   703 AM CST   SUNSET   553 PM CST
FEBRUARY 15 2017......SUNRISE   702 AM CST   SUNSET   554 PM CST


-  INDICATES NEGATIVE NUMBERS.
R  INDICATES RECORD WAS SET OR TIED.
MM INDICATES DATA IS MISSING.
T  INDICATES TRACE AMOUNT.




$$
