000
CDUS43 KSGF 112126
CLISGF


CLIMATE REPORT
NATIONAL WEATHER SERVICE SPRINGFIELD MO
425 PM CDT WED MAY 11 2016


...................................

...THE SPRINGFIELD MO CLIMATE SUMMARY FOR MAY 11 2016...
VALID AS OF 0400 PM LOCAL TIME.

CLIMATE NORMAL PERIOD 1981 TO 2010
CLIMATE RECORD PERIOD 1888 TO 2016


WEATHER ITEM   OBSERVED TIME   RECORD YEAR NORMAL DEPARTURE LAST
                VALUE   (LST)  VALUE       VALUE  FROM      YEAR
                                                  NORMAL
..................................................................
TEMPERATURE (F)
 TODAY
  MAXIMUM         86    245 PM  90    1963  74     12       66
  MINIMUM         67    622 AM  34    1969  53     14       48
  AVERAGE         77                        63     14       57

PRECIPITATION (IN)
  TODAY            T             1.88 1918   0.18  -0.18     0.13
  MONTH TO DATE    0.07                      1.96  -1.89     2.21
  SINCE MAR 1      5.51                      9.90  -4.39     8.78
  SINCE JAN 1      6.79                     14.89  -8.10    11.38

SNOWFALL (IN)
  TODAY            0.0
  MONTH TO DATE    0.0
  SINCE MAR 1      T
  SINCE JUL 1      3.0
  SNOW DEPTH       0

DEGREE DAYS
 HEATING
  TODAY            0                         4     -4        8
  MONTH TO DATE   52                        51      1       16
  SINCE MAR 1    639                       932   -293      781
  SINCE JUL 1   3552                      4525   -973     4488

 COOLING
  TODAY           12                         2     10        0
  MONTH TO DATE   25                        17      8       44
  SINCE MAR 1     52                        42     10       66
  SINCE JAN 1     52                        42     10       66
..................................................................


WIND (MPH)
  HIGHEST WIND SPEED    28   HIGHEST WIND DIRECTION    SW (210)
  HIGHEST GUST SPEED    34   HIGHEST GUST DIRECTION    SW (210)


SKY COVER
  AVERAGE SKY COVER 0.2


WEATHER CONDITIONS
 THE FOLLOWING WEATHER WAS RECORDED TODAY.
  LIGHT RAIN
  FOG
  HAZE


RELATIVE HUMIDITY (PERCENT)
 HIGHEST    90           500 AM
 LOWEST     43           100 PM
 AVERAGE    67

..........................................................


THE SPRINGFIELD MO CLIMATE NORMALS FOR TOMORROW
                         NORMAL    RECORD    YEAR
 MAXIMUM TEMPERATURE (F)   74        90      1963
 MINIMUM TEMPERATURE (F)   53        36      2013


SUNRISE AND SUNSET
MAY 11 2016...........SUNRISE   608 AM CDT   SUNSET   812 PM CDT
MAY 12 2016...........SUNRISE   607 AM CDT   SUNSET   813 PM CDT


-  INDICATES NEGATIVE NUMBERS.
R  INDICATES RECORD WAS SET OR TIED.
MM INDICATES DATA IS MISSING.
T  INDICATES TRACE AMOUNT.




$$
