000
CDUS43 KSGF 102326
CLISGF


CLIMATE REPORT
NATIONAL WEATHER SERVICE SPRINGFIELD MO
525 PM CST FRI NOV 10 2017


...................................

...THE SPRINGFIELD MO CLIMATE SUMMARY FOR NOVEMBER 10 2017...
VALID TODAY AS OF 0500 PM LOCAL TIME.

CLIMATE NORMAL PERIOD 1981 TO 2010
CLIMATE RECORD PERIOD 1888 TO 2017


WEATHER ITEM   OBSERVED TIME   RECORD YEAR NORMAL DEPARTURE LAST
                VALUE   (LST)  VALUE       VALUE  FROM      YEAR
                                                  NORMAL
..................................................................
TEMPERATURE (F)
 TODAY
  MAXIMUM         53    324 PM  78    1915  60     -7       67
                                      1911
                                      1902
  MINIMUM         30    718 AM  17    1960  38     -8       34
  AVERAGE         42                        49     -7       51

PRECIPITATION (IN)
  TODAY            0.00          0.88 1974   0.15  -0.15     0.00
  MONTH TO DATE    0.01                      1.40  -1.39     2.21
  SINCE SEP 1      3.09                      9.60  -6.51     9.90
  SINCE JAN 1     45.67                     39.71   5.96    35.52

SNOWFALL (IN)
  TODAY            0.0
  MONTH TO DATE    0.0
  SINCE SEP 1      0.0
  SINCE JUL 1      0.0
  SNOW DEPTH       0

DEGREE DAYS
 HEATING
  TODAY           23                        16      7       14
  MONTH TO DATE  132                       145    -13       79
  SINCE SEP 1    371                       451    -80      181
  SINCE JUL 1    371                       453    -82      181

 COOLING
  TODAY            0                         0      0        0
  MONTH TO DATE    4                         0      4       14
  SINCE SEP 1    309                       201    108      373
  SINCE JAN 1   1467                      1387     80     1805
..................................................................


WIND (MPH)
  HIGHEST WIND SPEED    14   HIGHEST WIND DIRECTION    SE (120)
  HIGHEST GUST SPEED    19   HIGHEST GUST DIRECTION    SE (150)


SKY COVER
  AVERAGE SKY COVER 0.1


WEATHER CONDITIONS
 THE FOLLOWING WEATHER WAS RECORDED TODAY.
  NO SIGNIFICANT WEATHER WAS OBSERVED.


RELATIVE HUMIDITY (PERCENT)
 HIGHEST    70           100 AM
 LOWEST     38           300 PM
 AVERAGE    54

..........................................................


THE SPRINGFIELD MO CLIMATE NORMALS FOR TOMORROW
                         NORMAL    RECORD    YEAR
 MAXIMUM TEMPERATURE (F)   59        80      1989
                                             1911
 MINIMUM TEMPERATURE (F)   38        13      1911


SUNRISE AND SUNSET
NOVEMBER 10 2017......SUNRISE   648 AM CST   SUNSET   507 PM CST
NOVEMBER 11 2017......SUNRISE   649 AM CST   SUNSET   506 PM CST


-  INDICATES NEGATIVE NUMBERS.
R  INDICATES RECORD WAS SET OR TIED.
MM INDICATES DATA IS MISSING.
T  INDICATES TRACE AMOUNT.




$$
