000
CDUS43 KSGF 130629
CLISGF


CLIMATE REPORT
NATIONAL WEATHER SERVICE SPRINGFIELD MO
129 AM CDT SAT MAY 13 2017


...................................

...THE SPRINGFIELD MO CLIMATE SUMMARY FOR MAY 12 2017...

CLIMATE NORMAL PERIOD 1981 TO 2010
CLIMATE RECORD PERIOD 1888 TO 2017


WEATHER ITEM   OBSERVED TIME   RECORD YEAR NORMAL DEPARTURE LAST
                VALUE   (LST)  VALUE       VALUE  FROM      YEAR
                                                  NORMAL
..................................................................
TEMPERATURE (F)
 YESTERDAY
  MAXIMUM         73    519 PM  90    1963  74     -1       73
  MINIMUM         55   1141 PM  36    2013  53      2       50
  AVERAGE         64                        64      0       62

PRECIPITATION (IN)
  YESTERDAY        0.20          2.40 1999   0.18   0.02     0.04
  MONTH TO DATE    3.10                      2.14   0.96     0.11
  SINCE MAR 1     19.92                     10.08   9.84     5.55
  SINCE JAN 1     24.38                     15.07   9.31     6.83

SNOWFALL (IN)
  YESTERDAY        0.0
  MONTH TO DATE    0.0
  SINCE MAR 1      0.1
  SINCE JUL 1      1.8
  SNOW DEPTH       0

DEGREE DAYS
 HEATING
  YESTERDAY        1                         4     -3        3
  MONTH TO DATE   49                        55     -6       55
  SINCE MAR 1    640                       936   -296      642
  SINCE JUL 1   3329                      4529  -1200     3555

 COOLING
  YESTERDAY        0                         2     -2        0
  MONTH TO DATE   20                        19      1       25
  SINCE MAR 1     61                        44     17       52
  SINCE JAN 1     70                        44     26       52
..................................................................


WIND (MPH)
  HIGHEST WIND SPEED    24   HIGHEST WIND DIRECTION    NE (40)
  HIGHEST GUST SPEED    31   HIGHEST GUST DIRECTION    NE (30)
  AVERAGE WIND SPEED    12.3


SKY COVER
  AVERAGE SKY COVER 0.6


WEATHER CONDITIONS
 THE FOLLOWING WEATHER WAS RECORDED YESTERDAY.
  HEAVY RAIN
  RAIN
  LIGHT RAIN
  FOG


RELATIVE HUMIDITY (PERCENT)
 HIGHEST   100           300 AM
 LOWEST     46           300 PM
 AVERAGE    73

..........................................................


THE SPRINGFIELD MO CLIMATE NORMALS FOR TODAY
                         NORMAL    RECORD    YEAR
 MAXIMUM TEMPERATURE (F)   74        88      1974
                                             1956
 MINIMUM TEMPERATURE (F)   54        36      1971


SUNRISE AND SUNSET
MAY 13 2017...........SUNRISE   606 AM CDT   SUNSET   814 PM CDT
MAY 14 2017...........SUNRISE   606 AM CDT   SUNSET   815 PM CDT


-  INDICATES NEGATIVE NUMBERS.
R  INDICATES RECORD WAS SET OR TIED.
MM INDICATES DATA IS MISSING.
T  INDICATES TRACE AMOUNT.




$$
