000
CDUS43 KSGF 200634
CLISGF


CLIMATE REPORT
NATIONAL WEATHER SERVICE SPRINGFIELD MO
1233 AM CST TUE JAN 20 2015


...................................

...THE SPRINGFIELD MO CLIMATE SUMMARY FOR JANUARY 19 2015...

CLIMATE NORMAL PERIOD 1981 TO 2010
CLIMATE RECORD PERIOD 1888 TO 2015


WEATHER ITEM   OBSERVED TIME   RECORD YEAR NORMAL DEPARTURE LAST
                VALUE   (LST)  VALUE       VALUE  FROM      YEAR
                                                  NORMAL
..................................................................
TEMPERATURE (F)
 YESTERDAY
  MAXIMUM         66    357 PM  72    1951  43     23       55
  MINIMUM         28    719 AM -13    1984  22      6       18
  AVERAGE         47                        32     15       37

PRECIPITATION (IN)
  YESTERDAY        0.00          2.12 1990   0.08  -0.08     0.00
  MONTH TO DATE    0.72                      1.58  -0.86     1.26
  SINCE DEC 1      2.49                      4.62  -2.13     3.82
  SINCE JAN 1      0.72                      1.58  -0.86     1.26

SNOWFALL (IN)
  YESTERDAY        0.0
  MONTH TO DATE    0.3
  SINCE DEC 1      0.8
  SINCE JUL 1      2.5
  SNOW DEPTH       0

DEGREE DAYS
 HEATING
  YESTERDAY       18                        32    -14       28
  MONTH TO DATE  650                       623     27      671
  SINCE DEC 1   1470                      1554    -84     1657
  SINCE JUL 1   2420                      2433    -13     2594

 COOLING
  YESTERDAY        0                         0      0        0
  MONTH TO DATE    0                         0      0        0
  SINCE DEC 1      0                         0      0        0
  SINCE JAN 1      0                         0      0        0
..................................................................


WIND (MPH)
  HIGHEST WIND SPEED    16   HIGHEST WIND DIRECTION     W (280)
  HIGHEST GUST SPEED    22   HIGHEST GUST DIRECTION     W (270)
  AVERAGE WIND SPEED     5.4


SKY COVER
  AVERAGE SKY COVER 0.0


WEATHER CONDITIONS
 THE FOLLOWING WEATHER WAS RECORDED YESTERDAY.
  NO SIGNIFICANT WEATHER WAS OBSERVED.


RELATIVE HUMIDITY (PERCENT)
 HIGHEST    72           800 AM
 LOWEST     19           200 PM
 AVERAGE    46

..........................................................


THE SPRINGFIELD MO CLIMATE NORMALS FOR TODAY
                         NORMAL    RECORD    YEAR
 MAXIMUM TEMPERATURE (F)   43        70      1906
                                             1895
 MINIMUM TEMPERATURE (F)   22       -13      1985


SUNRISE AND SUNSET
JANUARY 20 2015.......SUNRISE   724 AM CST   SUNSET   525 PM CST
JANUARY 21 2015.......SUNRISE   724 AM CST   SUNSET   526 PM CST


-  INDICATES NEGATIVE NUMBERS.
R  INDICATES RECORD WAS SET OR TIED.
MM INDICATES DATA IS MISSING.
T  INDICATES TRACE AMOUNT.




$$
