000
CDUS43 KSGF 202328
CLISGF


CLIMATE REPORT
NATIONAL WEATHER SERVICE SPRINGFIELD MO
527 PM CST FRI FEB 20 2015


...................................

...THE SPRINGFIELD MO CLIMATE SUMMARY FOR FEBRUARY 20 2015...
VALID TODAY AS OF 0500 PM LOCAL TIME.

CLIMATE NORMAL PERIOD 1981 TO 2010
CLIMATE RECORD PERIOD 1888 TO 2015


WEATHER ITEM   OBSERVED TIME   RECORD YEAR NORMAL DEPARTURE LAST
                VALUE   (LST)  VALUE       VALUE  FROM      YEAR
                                                  NORMAL
..................................................................
TEMPERATURE (F)
 TODAY
  MAXIMUM         28    459 PM  76    1996  50    -22       73
  MINIMUM         18    311 AM   7    1918  28    -10       34
  AVERAGE         23                        39    -16       54

PRECIPITATION (IN)
  TODAY            0.00          2.26 1997   0.10  -0.10     0.16
  MONTH TO DATE    1.26                      1.72  -0.46     0.50
  SINCE DEC 1      3.84                      7.23  -3.39     4.35
  SINCE JAN 1      2.07                      4.19  -2.12     1.79

SNOWFALL (IN)
  TODAY            0.0
  MONTH TO DATE    7.9
  SINCE DEC 1      8.7
  SINCE JUL 1     10.4
  SNOW DEPTH       3

DEGREE DAYS
 HEATING
  TODAY           42                        26     16       11
  MONTH TO DATE  684                       580    104      697
  SINCE DEC 1   2442                      2514    -72     2789
  SINCE JUL 1   3392                      3393     -1     3726

 COOLING
  TODAY            0                         0      0        0
  MONTH TO DATE    0                         0      0        0
  SINCE DEC 1      0                         0      0        0
  SINCE JAN 1      0                         0      0        0
..................................................................


WIND (MPH)
  HIGHEST WIND SPEED    25   HIGHEST WIND DIRECTION    SE (140)
  HIGHEST GUST SPEED    32   HIGHEST GUST DIRECTION    SE (150)


SKY COVER
  AVERAGE SKY COVER 0.8


WEATHER CONDITIONS
 THE FOLLOWING WEATHER WAS RECORDED TODAY.
  FOG
  HAZE


RELATIVE HUMIDITY (PERCENT)
 HIGHEST    85           500 PM
 LOWEST     49           100 AM
 AVERAGE    67

..........................................................


THE SPRINGFIELD MO CLIMATE NORMALS FOR TOMORROW
                         NORMAL    RECORD    YEAR
 MAXIMUM TEMPERATURE (F)   50        73      1935
 MINIMUM TEMPERATURE (F)   28         0      1978


SUNRISE AND SUNSET
FEBRUARY 20 2015......SUNRISE   657 AM CST   SUNSET   558 PM CST
FEBRUARY 21 2015......SUNRISE   655 AM CST   SUNSET   559 PM CST


-  INDICATES NEGATIVE NUMBERS.
R  INDICATES RECORD WAS SET OR TIED.
MM INDICATES DATA IS MISSING.
T  INDICATES TRACE AMOUNT.




$$
