000
CDUS43 KSGF 282348
CLISGF


CLIMATE REPORT
NATIONAL WEATHER SERVICE SPRINGFIELD MO
547 PM CST TUE NOV 28 2017


...................................

...THE SPRINGFIELD MO CLIMATE SUMMARY FOR NOVEMBER 28 2017...
VALID AS OF 0400 PM LOCAL TIME.

CLIMATE NORMAL PERIOD 1981 TO 2010
CLIMATE RECORD PERIOD 1888 TO 2017


WEATHER ITEM   OBSERVED TIME   RECORD YEAR NORMAL DEPARTURE LAST
                VALUE   (LST)  VALUE       VALUE  FROM      YEAR
                                                  NORMAL
..................................................................
TEMPERATURE (F)
 TODAY
  MAXIMUM         73R   141 PM  73    1998  51     22       59
                                      1905
  MINIMUM         51    727 AM  10    1976  30     21       42
                                      1955
                                      1896
  AVERAGE         62                        40     22       51

PRECIPITATION (IN)
  TODAY            0.00          0.64 1908   0.14  -0.14     0.06
  MONTH TO DATE    0.37                      3.95  -3.58     2.32
  SINCE SEP 1      3.45                     12.15  -8.70    10.01
  SINCE JAN 1     46.03                     42.26   3.77    35.63

SNOWFALL (IN)
  TODAY            0.0
  MONTH TO DATE    0.0
  SINCE SEP 1      0.0
  SINCE JUL 1      0.0
  SNOW DEPTH       0

DEGREE DAYS
 HEATING
  TODAY            3                        25    -22       14
  MONTH TO DATE  418                       521   -103      368
  SINCE SEP 1    657                       827   -170      470
  SINCE JUL 1    657                       829   -172      470

 COOLING
  TODAY            0                         0      0        0
  MONTH TO DATE    4                         0      4       17
  SINCE SEP 1    309                       201    108      376
  SINCE JAN 1   1467                      1387     80     1808
..................................................................


WIND (MPH)
  HIGHEST WIND SPEED    24   HIGHEST WIND DIRECTION     S (200)
  HIGHEST GUST SPEED    33   HIGHEST GUST DIRECTION     S (190)


SKY COVER
  AVERAGE SKY COVER 0.0


WEATHER CONDITIONS
 THE FOLLOWING WEATHER WAS RECORDED TODAY.
  NO SIGNIFICANT WEATHER WAS OBSERVED.


RELATIVE HUMIDITY (PERCENT)
 HIGHEST    46           800 AM
 LOWEST     35          1200 AM
 AVERAGE    41

..........................................................


THE SPRINGFIELD MO CLIMATE NORMALS FOR TOMORROW
                         NORMAL    RECORD    YEAR
 MAXIMUM TEMPERATURE (F)   50        76      1927
 MINIMUM TEMPERATURE (F)   30         6      1976


SUNRISE AND SUNSET
NOVEMBER 28 2017......SUNRISE   706 AM CST   SUNSET   457 PM CST
NOVEMBER 29 2017......SUNRISE   707 AM CST   SUNSET   457 PM CST


-  INDICATES NEGATIVE NUMBERS.
R  INDICATES RECORD WAS SET OR TIED.
MM INDICATES DATA IS MISSING.
T  INDICATES TRACE AMOUNT.




$$
