000
CDUS43 KSGF 100636
CLISGF


CLIMATE REPORT
NATIONAL WEATHER SERVICE SPRINGFIELD MO
135 AM CDT SUN SEP 10 2017


...................................

...THE SPRINGFIELD MO CLIMATE SUMMARY FOR SEPTEMBER 9 2017...

CLIMATE NORMAL PERIOD 1981 TO 2010
CLIMATE RECORD PERIOD 1888 TO 2017


WEATHER ITEM   OBSERVED TIME   RECORD YEAR NORMAL DEPARTURE LAST
                VALUE   (LST)  VALUE       VALUE  FROM      YEAR
                                                  NORMAL
..................................................................
TEMPERATURE (F)
 YESTERDAY
  MAXIMUM         85    318 PM  98    1939  83      2       86
  MINIMUM         58    604 AM  42    1943  61     -3       71
  AVERAGE         72                        72      0       79

PRECIPITATION (IN)
  YESTERDAY        0.00          1.79 2010   0.15  -0.15     0.12
  MONTH TO DATE    T                         1.36  -1.36     0.75
  SINCE SEP 1      T                         1.36  -1.36     0.75
  SINCE JAN 1     42.58                     31.47  11.11    26.37

SNOWFALL (IN)
  YESTERDAY        0.0
  MONTH TO DATE    0.0
  SINCE SEP 1      0.0
  SINCE JUL 1      0.0
  SNOW DEPTH       0

DEGREE DAYS
 HEATING
  YESTERDAY        0                         1     -1        0
  MONTH TO DATE    6                         1      5        0
  SINCE SEP 1      6                         1      5        0
  SINCE JUL 1      6                         3      3        0

 COOLING
  YESTERDAY        7                         7      0       14
  MONTH TO DATE   46                        78    -32      106
  SINCE SEP 1     46                        78    -32      106
  SINCE JAN 1   1204                      1264    -60     1538
..................................................................


WIND (MPH)
  HIGHEST WIND SPEED    12   HIGHEST WIND DIRECTION    SE (130)
  HIGHEST GUST SPEED    17   HIGHEST GUST DIRECTION     E (80)
  AVERAGE WIND SPEED     6.3


SKY COVER
  AVERAGE SKY COVER 0.1


WEATHER CONDITIONS
 THE FOLLOWING WEATHER WAS RECORDED YESTERDAY.
  NO SIGNIFICANT WEATHER WAS OBSERVED.


RELATIVE HUMIDITY (PERCENT)
 HIGHEST    93           600 AM
 LOWEST     43           100 PM
 AVERAGE    68

..........................................................


THE SPRINGFIELD MO CLIMATE NORMALS FOR TODAY
                         NORMAL    RECORD    YEAR
 MAXIMUM TEMPERATURE (F)   83        96      1984
                                             1938
 MINIMUM TEMPERATURE (F)   60        38      1976


SUNRISE AND SUNSET
SEPTEMBER 10 2017.....SUNRISE   652 AM CDT   SUNSET   728 PM CDT
SEPTEMBER 11 2017.....SUNRISE   653 AM CDT   SUNSET   727 PM CDT


-  INDICATES NEGATIVE NUMBERS.
R  INDICATES RECORD WAS SET OR TIED.
MM INDICATES DATA IS MISSING.
T  INDICATES TRACE AMOUNT.




$$
