000
CDUS43 KSGF 140639
CLISGF


CLIMATE REPORT
NATIONAL WEATHER SERVICE SPRINGFIELD MO
139 AM CDT SAT MAY 14 2016


...................................

...THE SPRINGFIELD MO CLIMATE SUMMARY FOR MAY 13 2016...

CLIMATE NORMAL PERIOD 1981 TO 2010
CLIMATE RECORD PERIOD 1888 TO 2016


WEATHER ITEM   OBSERVED TIME   RECORD YEAR NORMAL DEPARTURE LAST
                VALUE   (LST)  VALUE       VALUE  FROM      YEAR
                                                  NORMAL
..................................................................
TEMPERATURE (F)
 YESTERDAY
  MAXIMUM         80    326 PM  88    1974  74      6       72
                                      1956
  MINIMUM         46    453 AM  36    1971  54     -8       47
  AVERAGE         63                        64     -1       60

PRECIPITATION (IN)
  YESTERDAY        T             2.65 1991   0.18  -0.18      T
  MONTH TO DATE    0.11                      2.32  -2.21     2.21
  SINCE MAR 1      5.55                     10.26  -4.71     8.78
  SINCE JAN 1      6.83                     15.25  -8.42    11.38

SNOWFALL (IN)
  YESTERDAY        0.0
  MONTH TO DATE    0.0
  SINCE MAR 1      T
  SINCE JUL 1      3.0
  SNOW DEPTH       0

DEGREE DAYS
 HEATING
  YESTERDAY        2                         3     -1        5
  MONTH TO DATE   57                        58     -1       29
  SINCE MAR 1    644                       939   -295      794
  SINCE JUL 1   3557                      4532   -975     4501

 COOLING
  YESTERDAY        0                         2     -2        0
  MONTH TO DATE   25                        21      4       44
  SINCE MAR 1     52                        46      6       66
  SINCE JAN 1     52                        46      6       66
..................................................................


WIND (MPH)
  HIGHEST WIND SPEED    30   HIGHEST WIND DIRECTION     N (360)
  HIGHEST GUST SPEED    38   HIGHEST GUST DIRECTION     N (10)
  AVERAGE WIND SPEED    11.0


SKY COVER
  AVERAGE SKY COVER 0.1


WEATHER CONDITIONS
 THE FOLLOWING WEATHER WAS RECORDED YESTERDAY.
  LIGHT RAIN


RELATIVE HUMIDITY (PERCENT)
 HIGHEST    86           300 AM
 LOWEST     33           100 PM
 AVERAGE    60

..........................................................


THE SPRINGFIELD MO CLIMATE NORMALS FOR TODAY
                         NORMAL    RECORD    YEAR
 MAXIMUM TEMPERATURE (F)   75        88      1947
 MINIMUM TEMPERATURE (F)   54        36      2000


SUNRISE AND SUNSET
MAY 14 2016...........SUNRISE   605 AM CDT   SUNSET   815 PM CDT
MAY 15 2016...........SUNRISE   605 AM CDT   SUNSET   816 PM CDT


-  INDICATES NEGATIVE NUMBERS.
R  INDICATES RECORD WAS SET OR TIED.
MM INDICATES DATA IS MISSING.
T  INDICATES TRACE AMOUNT.




$$
