000
CDUS43 KSGF 132228
CLISGF


CLIMATE REPORT
NATIONAL WEATHER SERVICE SPRINGFIELD MO
527 PM CDT SAT MAY 13 2017


...................................

...THE SPRINGFIELD MO CLIMATE SUMMARY FOR MAY 13 2017...
VALID TODAY AS OF 0500 PM LOCAL TIME.

CLIMATE NORMAL PERIOD 1981 TO 2010
CLIMATE RECORD PERIOD 1888 TO 2017


WEATHER ITEM   OBSERVED TIME   RECORD YEAR NORMAL DEPARTURE LAST
                VALUE   (LST)  VALUE       VALUE  FROM      YEAR
                                                  NORMAL
..................................................................
TEMPERATURE (F)
 TODAY
  MAXIMUM         78    313 PM  88    1974  74      4       80
                                      1956
  MINIMUM         51    538 AM  36    1971  54     -3       46
  AVERAGE         65                        64      1       63

PRECIPITATION (IN)
  TODAY            0.00          2.65 1991   0.18  -0.18      T
  MONTH TO DATE    3.10                      2.32   0.78     0.11
  SINCE MAR 1     19.92                     10.26   9.66     5.55
  SINCE JAN 1     24.38                     15.25   9.13     6.83

SNOWFALL (IN)
  TODAY            0.0
  MONTH TO DATE    0.0
  SINCE MAR 1      0.1
  SINCE JUL 1      1.8
  SNOW DEPTH       0

DEGREE DAYS
 HEATING
  TODAY            0                         3     -3        2
  MONTH TO DATE   49                        58     -9       57
  SINCE MAR 1    640                       939   -299      644
  SINCE JUL 1   3329                      4532  -1203     3557

 COOLING
  TODAY            0                         2     -2        0
  MONTH TO DATE   20                        21     -1       25
  SINCE MAR 1     61                        46     15       52
  SINCE JAN 1     70                        46     24       52
..................................................................


WIND (MPH)
  HIGHEST WIND SPEED    10   HIGHEST WIND DIRECTION     S (190)
  HIGHEST GUST SPEED    14   HIGHEST GUST DIRECTION    NE (30)


SKY COVER
  AVERAGE SKY COVER 0.1


WEATHER CONDITIONS
 THE FOLLOWING WEATHER WAS RECORDED TODAY.
  FOG


RELATIVE HUMIDITY (PERCENT)
 HIGHEST    96           300 AM
 LOWEST     41           200 PM
 AVERAGE    69

..........................................................


THE SPRINGFIELD MO CLIMATE NORMALS FOR TOMORROW
                         NORMAL    RECORD    YEAR
 MAXIMUM TEMPERATURE (F)   75        88      1947
 MINIMUM TEMPERATURE (F)   54        36      2000


SUNRISE AND SUNSET
MAY 13 2017...........SUNRISE   606 AM CDT   SUNSET   814 PM CDT
MAY 14 2017...........SUNRISE   606 AM CDT   SUNSET   815 PM CDT


-  INDICATES NEGATIVE NUMBERS.
R  INDICATES RECORD WAS SET OR TIED.
MM INDICATES DATA IS MISSING.
T  INDICATES TRACE AMOUNT.




$$
