000
CDUS43 KSGF 022327
CLISGF


CLIMATE REPORT
NATIONAL WEATHER SERVICE SPRINGFIELD MO
526 PM CST MON JAN 2 2017


...................................

...THE SPRINGFIELD MO CLIMATE SUMMARY FOR JANUARY 2 2017...
VALID TODAY AS OF 0500 PM LOCAL TIME.

CLIMATE NORMAL PERIOD 1981 TO 2010
CLIMATE RECORD PERIOD 1888 TO 2017


WEATHER ITEM   OBSERVED TIME   RECORD YEAR NORMAL DEPARTURE LAST
                VALUE   (LST)  VALUE       VALUE  FROM      YEAR
                                                  NORMAL
..................................................................
TEMPERATURE (F)
 TODAY
  MAXIMUM         53    235 PM  71    1997  42     11       50
  MINIMUM         43    529 AM  -6    2001  23     20       25
  AVERAGE         48                        33     15       38

PRECIPITATION (IN)
  TODAY            T             4.64 1897   0.08  -0.08     0.00
  MONTH TO DATE    T                         0.17  -0.17     0.00
  SINCE DEC 1      0.62                      3.21  -2.59    11.43
  SINCE JAN 1      T                         0.17  -0.17     0.00

SNOWFALL (IN)
  TODAY            0.0
  MONTH TO DATE    0.0
  SINCE DEC 1      0.2
  SINCE JUL 1      0.2
  SNOW DEPTH       0

DEGREE DAYS
 HEATING
  TODAY           17                        32    -15       27
  MONTH TO DATE   44                        64    -20       59
  SINCE DEC 1    941                       995    -54      708
  SINCE JUL 1   1457                      1874   -417     1353

 COOLING
  TODAY            0                         0      0        0
  MONTH TO DATE    0                         0      0        0
  SINCE DEC 1      0                         0      0        0
  SINCE JAN 1      0                         0      0        0
..................................................................


WIND (MPH)
  HIGHEST WIND SPEED    21   HIGHEST WIND DIRECTION    SE (150)
  HIGHEST GUST SPEED    25   HIGHEST GUST DIRECTION    SE (150)


SKY COVER
  AVERAGE SKY COVER 1.0


WEATHER CONDITIONS
 THE FOLLOWING WEATHER WAS RECORDED TODAY.
  LIGHT RAIN
  FOG


RELATIVE HUMIDITY (PERCENT)
 HIGHEST   100           100 AM
 LOWEST     83           100 PM
 AVERAGE    92

..........................................................


THE SPRINGFIELD MO CLIMATE NORMALS FOR TOMORROW
                         NORMAL    RECORD    YEAR
 MAXIMUM TEMPERATURE (F)   42        72      2009
                                             2004
 MINIMUM TEMPERATURE (F)   23        -9      1911


SUNRISE AND SUNSET
JANUARY  2 2017.......SUNRISE   728 AM CST   SUNSET   508 PM CST
JANUARY  3 2017.......SUNRISE   728 AM CST   SUNSET   509 PM CST


-  INDICATES NEGATIVE NUMBERS.
R  INDICATES RECORD WAS SET OR TIED.
MM INDICATES DATA IS MISSING.
T  INDICATES TRACE AMOUNT.




$$
