000
CDUS43 KSGF 042330
CLISGF


CLIMATE REPORT
NATIONAL WEATHER SERVICE SPRINGFIELD MO
530 PM CST SAT FEB 4 2017


...................................

...THE SPRINGFIELD MO CLIMATE SUMMARY FOR FEBRUARY 4 2017...
VALID TODAY AS OF 0500 PM LOCAL TIME.

CLIMATE NORMAL PERIOD 1981 TO 2010
CLIMATE RECORD PERIOD 1888 TO 2017


WEATHER ITEM   OBSERVED TIME   RECORD YEAR NORMAL DEPARTURE LAST
                VALUE   (LST)  VALUE       VALUE  FROM      YEAR
                                                  NORMAL
..................................................................
TEMPERATURE (F)
 TODAY
  MAXIMUM         38    459 PM  76    2008  45     -7       44
                                      1890
  MINIMUM         25    212 AM  -8    1996  23      2       17
  AVERAGE         32                        34     -2       31

PRECIPITATION (IN)
  TODAY            0.00          0.82 1960   0.07  -0.07     0.00
  MONTH TO DATE    0.00                      0.30  -0.30     0.05
  SINCE DEC 1      4.69                      5.81  -1.12    12.40
  SINCE JAN 1      4.07                      2.77   1.30     0.97

SNOWFALL (IN)
  TODAY            0.0
  MONTH TO DATE    0.0
  SINCE DEC 1      1.7
  SINCE JUL 1      1.7
  SNOW DEPTH       0

DEGREE DAYS
 HEATING
  TODAY           33                        31      2       34
  MONTH TO DATE  127                       124      3      102
  SINCE DEC 1   1821                      2058   -237     1696
  SINCE JUL 1   2337                      2937   -600     2341

 COOLING
  TODAY            0                         0      0        0
  MONTH TO DATE    0                         0      0        0
  SINCE DEC 1      0                         0      0        0
  SINCE JAN 1      0                         0      0        0
..................................................................


WIND (MPH)
  HIGHEST WIND SPEED    24   HIGHEST WIND DIRECTION     S (160)
  HIGHEST GUST SPEED    31   HIGHEST GUST DIRECTION    SE (150)


SKY COVER
  AVERAGE SKY COVER 0.5


WEATHER CONDITIONS
 THE FOLLOWING WEATHER WAS RECORDED TODAY.
  NO SIGNIFICANT WEATHER WAS OBSERVED.


RELATIVE HUMIDITY (PERCENT)
 HIGHEST    55           600 AM
 LOWEST     37           400 PM
 AVERAGE    46

..........................................................


THE SPRINGFIELD MO CLIMATE NORMALS FOR TOMORROW
                         NORMAL    RECORD    YEAR
 MAXIMUM TEMPERATURE (F)   46        71      1963
                                             1925
 MINIMUM TEMPERATURE (F)   24        -3      1906


SUNRISE AND SUNSET
FEBRUARY  4 2017......SUNRISE   714 AM CST   SUNSET   542 PM CST
FEBRUARY  5 2017......SUNRISE   713 AM CST   SUNSET   543 PM CST


-  INDICATES NEGATIVE NUMBERS.
R  INDICATES RECORD WAS SET OR TIED.
MM INDICATES DATA IS MISSING.
T  INDICATES TRACE AMOUNT.




$$
