000
CDUS43 KSGF 210627
CLISGF


CLIMATE REPORT
NATIONAL WEATHER SERVICE SPRINGFIELD MO
126 AM CDT SAT MAR 21 2015


...................................

...THE SPRINGFIELD MO CLIMATE SUMMARY FOR MARCH 20 2015...

CLIMATE NORMAL PERIOD 1981 TO 2010
CLIMATE RECORD PERIOD 1888 TO 2015


WEATHER ITEM   OBSERVED TIME   RECORD YEAR NORMAL DEPARTURE LAST
                VALUE   (LST)  VALUE       VALUE  FROM      YEAR
                                                  NORMAL
..................................................................
TEMPERATURE (F)
 YESTERDAY
  MAXIMUM         61    309 PM  92    1907  59      2       67
  MINIMUM         39    755 AM  10    1965  37      2       31
  AVERAGE         50                        48      2       49

PRECIPITATION (IN)
  YESTERDAY        T             1.71 1955   0.11  -0.11     0.00
  MONTH TO DATE    2.07                      2.23  -0.16     2.11
  SINCE MAR 1      2.07                      2.23  -0.16     2.11
  SINCE JAN 1      4.67                      7.22  -2.55     3.90

SNOWFALL (IN)
  YESTERDAY        0.0
  MONTH TO DATE    1.2
  SINCE MAR 1      1.2
  SINCE JUL 1     15.8
  SNOW DEPTH       0

DEGREE DAYS
 HEATING
  YESTERDAY       15                        17     -2       16
  MONTH TO DATE  401                       407     -6      474
  SINCE MAR 1    401                       407     -6      474
  SINCE JUL 1   4108                      4000    108     4429

 COOLING
  YESTERDAY        0                         0      0        0
  MONTH TO DATE    0                         0      0        0
  SINCE MAR 1      0                         0      0        0
  SINCE JAN 1      0                         0      0        0
..................................................................


WIND (MPH)
  HIGHEST WIND SPEED    13   HIGHEST WIND DIRECTION     N (350)
  HIGHEST GUST SPEED    15   HIGHEST GUST DIRECTION     N (360)
  AVERAGE WIND SPEED     4.8


SKY COVER
  AVERAGE SKY COVER 0.5


WEATHER CONDITIONS
 THE FOLLOWING WEATHER WAS RECORDED YESTERDAY.
  LIGHT RAIN
  FOG


RELATIVE HUMIDITY (PERCENT)
 HIGHEST    93           200 AM
 LOWEST     42           400 PM
 AVERAGE    68

..........................................................


THE SPRINGFIELD MO CLIMATE NORMALS FOR TODAY
                         NORMAL    RECORD    YEAR
 MAXIMUM TEMPERATURE (F)   59        88      1916
                                             1907
 MINIMUM TEMPERATURE (F)   37        14      1951


SUNRISE AND SUNSET
MARCH 21 2015.........SUNRISE   716 AM CDT   SUNSET   726 PM CDT
MARCH 22 2015.........SUNRISE   714 AM CDT   SUNSET   727 PM CDT


-  INDICATES NEGATIVE NUMBERS.
R  INDICATES RECORD WAS SET OR TIED.
MM INDICATES DATA IS MISSING.
T  INDICATES TRACE AMOUNT.




$$
