000
CDUS43 KSGF 062126
CLISGF


CLIMATE REPORT
NATIONAL WEATHER SERVICE SPRINGFIELD MO
425 PM CDT SAT SEP 6 2014


...................................

...THE SPRINGFIELD MO CLIMATE SUMMARY FOR SEPTEMBER 6 2014...
VALID AS OF 0400 PM LOCAL TIME.

CLIMATE NORMAL PERIOD 1981 TO 2010
CLIMATE RECORD PERIOD 1888 TO 2014


WEATHER ITEM   OBSERVED TIME   RECORD YEAR NORMAL DEPARTURE LAST
                VALUE   (LST)  VALUE       VALUE  FROM      YEAR
                                                  NORMAL
..................................................................
TEMPERATURE (F)
 TODAY
  MAXIMUM         71    204 PM 100    1960  84    -13       87
  MINIMUM         61    709 AM  45    2011  62     -1       62
                                      1974
  AVERAGE         66                        73     -7       75

PRECIPITATION (IN)
  TODAY            0.08          1.44 2007   0.15  -0.07     0.00
  MONTH TO DATE    1.67                      0.91   0.76     0.04
  SINCE SEP 1      1.67                      0.91   0.76     0.04
  SINCE JAN 1     23.64                     31.02  -7.38    38.19

SNOWFALL (IN)
  TODAY            0.0
  MONTH TO DATE    0.0
  SINCE SEP 1      0.0
  SINCE JUL 1      0.0
  SNOW DEPTH       0

DEGREE DAYS
 HEATING
  TODAY            0                         0      0        0
  MONTH TO DATE    0                         0      0        0
  SINCE SEP 1      0                         0      0        0
  SINCE JUL 1      0                         2     -2        0

 COOLING
  TODAY            1                         8     -7       10
  MONTH TO DATE   70                        55     15       59
  SINCE SEP 1     70                        55     15       59
  SINCE JAN 1   1316                      1241     75     1202
..................................................................


WIND (MPH)
  HIGHEST WIND SPEED    20   HIGHEST WIND DIRECTION     N (340)
  HIGHEST GUST SPEED    25   HIGHEST GUST DIRECTION     N (340)


SKY COVER
  AVERAGE SKY COVER 0.9


WEATHER CONDITIONS
 THE FOLLOWING WEATHER WAS RECORDED TODAY.
  LIGHT RAIN
  FOG


RELATIVE HUMIDITY (PERCENT)
 HIGHEST    97           600 AM
 LOWEST     66           200 PM
 AVERAGE    82

..........................................................


THE SPRINGFIELD MO CLIMATE NORMALS FOR TOMORROW
                         NORMAL    RECORD    YEAR
 MAXIMUM TEMPERATURE (F)   84       104      1947
 MINIMUM TEMPERATURE (F)   61        44      2011


SUNRISE AND SUNSET
SEPTEMBER  6 2014.....SUNRISE   648 AM CDT   SUNSET   735 PM CDT
SEPTEMBER  7 2014.....SUNRISE   649 AM CDT   SUNSET   733 PM CDT


-  INDICATES NEGATIVE NUMBERS.
R  INDICATES RECORD WAS SET OR TIED.
MM INDICATES DATA IS MISSING.
T  INDICATES TRACE AMOUNT.




$$
