000
CDUS43 KSGF 252127
CLISGF


CLIMATE REPORT
NATIONAL WEATHER SERVICE SPRINGFIELD MO
427 PM CDT THU MAY 25 2017


...................................

...THE SPRINGFIELD MO CLIMATE SUMMARY FOR MAY 25 2017...
VALID AS OF 0400 PM LOCAL TIME.

CLIMATE NORMAL PERIOD 1981 TO 2010
CLIMATE RECORD PERIOD 1888 TO 2017


WEATHER ITEM   OBSERVED TIME   RECORD YEAR NORMAL DEPARTURE LAST
                VALUE   (LST)  VALUE       VALUE  FROM      YEAR
                                                  NORMAL
..................................................................
TEMPERATURE (F)
 TODAY
  MAXIMUM         76    259 PM  90    2012  78     -2       83
                                      2006
                                      1962
  MINIMUM         45    519 AM  35    1925  57    -12       64
  AVERAGE         61                        67     -6       74

PRECIPITATION (IN)
  TODAY            0.00          1.56 1968   0.14  -0.14     0.40
  MONTH TO DATE    5.74                      4.20   1.54     4.50
  SINCE MAR 1     22.56                     12.14  10.42     9.94
  SINCE JAN 1     27.02                     17.13   9.89    11.22

SNOWFALL (IN)
  TODAY            0.0
  MONTH TO DATE    0.0
  SINCE MAR 1      0.1
  SINCE JUL 1      1.8
  SNOW DEPTH       0

DEGREE DAYS
 HEATING
  TODAY            4                         2      2        0
  MONTH TO DATE   75                        87    -12      129
  SINCE MAR 1    666                       968   -302      716
  SINCE JUL 1   3355                      4561  -1206     3629

 COOLING
  TODAY            0                         4     -4        9
  MONTH TO DATE   63                        61      2       45
  SINCE MAR 1    104                        86     18       72
  SINCE JAN 1    113                        86     27       72
..................................................................


WIND (MPH)
  HIGHEST WIND SPEED    15   HIGHEST WIND DIRECTION     S (170)
  HIGHEST GUST SPEED    20   HIGHEST GUST DIRECTION     S (170)


SKY COVER
  AVERAGE SKY COVER 0.0


WEATHER CONDITIONS
 THE FOLLOWING WEATHER WAS RECORDED TODAY.
  NO SIGNIFICANT WEATHER WAS OBSERVED.


RELATIVE HUMIDITY (PERCENT)
 HIGHEST   100           100 AM
 LOWEST     44           100 PM
 AVERAGE    72

..........................................................


THE SPRINGFIELD MO CLIMATE NORMALS FOR TOMORROW
                         NORMAL    RECORD    YEAR
 MAXIMUM TEMPERATURE (F)   78        93      2012
 MINIMUM TEMPERATURE (F)   58        38      1901


SUNRISE AND SUNSET
MAY 25 2017...........SUNRISE   558 AM CDT   SUNSET   824 PM CDT
MAY 26 2017...........SUNRISE   557 AM CDT   SUNSET   824 PM CDT


-  INDICATES NEGATIVE NUMBERS.
R  INDICATES RECORD WAS SET OR TIED.
MM INDICATES DATA IS MISSING.
T  INDICATES TRACE AMOUNT.




$$
