000
CDUS43 KSGF 282137
CLISGF


CLIMATE REPORT
NATIONAL WEATHER SERVICE SPRINGFIELD MO
437 PM CDT WED SEP 28 2016


...................................

...THE SPRINGFIELD MO CLIMATE SUMMARY FOR SEPTEMBER 28 2016...
VALID AS OF 0400 PM LOCAL TIME.

CLIMATE NORMAL PERIOD 1981 TO 2010
CLIMATE RECORD PERIOD 1888 TO 2016


WEATHER ITEM   OBSERVED TIME   RECORD YEAR NORMAL DEPARTURE LAST
                VALUE   (LST)  VALUE       VALUE  FROM      YEAR
                                                  NORMAL
..................................................................
TEMPERATURE (F)
 TODAY
  MAXIMUM         75   1153 AM 101    1953  75      0       85
  MINIMUM         60   1208 AM  35    1967  52      8       61
  AVERAGE         68                        64      4       73

PRECIPITATION (IN)
  TODAY            0.00          2.11 1906   0.15  -0.15     0.00
  MONTH TO DATE    3.89                      4.33  -0.44     4.05
  SINCE SEP 1      3.89                      4.33  -0.44     4.05
  SINCE JAN 1     29.51                     34.44  -4.93    39.57

SNOWFALL (IN)
  TODAY            0.0
  MONTH TO DATE    0.0
  SINCE SEP 1      0.0
  SINCE JUL 1      0.0
  SNOW DEPTH       0

DEGREE DAYS
 HEATING
  TODAY            0                         4     -4        0
  MONTH TO DATE    4                        44    -40        9
  SINCE SEP 1      4                        44    -40        9
  SINCE JUL 1      4                        46    -42       12

 COOLING
  TODAY            3                         3      0        8
  MONTH TO DATE  269                       167    102      248
  SINCE SEP 1    269                       167    102      248
  SINCE JAN 1   1701                      1353    348     1517
..................................................................


WIND (MPH)
  HIGHEST WIND SPEED    22   HIGHEST WIND DIRECTION     N (340)
  HIGHEST GUST SPEED    28   HIGHEST GUST DIRECTION     N (340)


SKY COVER
  AVERAGE SKY COVER 0.0


WEATHER CONDITIONS
 THE FOLLOWING WEATHER WAS RECORDED TODAY.
  NO SIGNIFICANT WEATHER WAS OBSERVED.


RELATIVE HUMIDITY (PERCENT)
 HIGHEST    64           200 AM
 LOWEST     25          1200 PM
 AVERAGE    45

..........................................................


THE SPRINGFIELD MO CLIMATE NORMALS FOR TOMORROW
                         NORMAL    RECORD    YEAR
 MAXIMUM TEMPERATURE (F)   75        98      1953
 MINIMUM TEMPERATURE (F)   52        33      1967


SUNRISE AND SUNSET
SEPTEMBER 28 2016.....SUNRISE   707 AM CDT   SUNSET   700 PM CDT
SEPTEMBER 29 2016.....SUNRISE   708 AM CDT   SUNSET   659 PM CDT


-  INDICATES NEGATIVE NUMBERS.
R  INDICATES RECORD WAS SET OR TIED.
MM INDICATES DATA IS MISSING.
T  INDICATES TRACE AMOUNT.




$$
