000
CDUS43 KSGF 152227
CLISGF


CLIMATE REPORT
NATIONAL WEATHER SERVICE SPRINGFIELD MO
427 PM CST FRI DEC 15 2017


...................................

...THE SPRINGFIELD MO CLIMATE SUMMARY FOR DECEMBER 15 2017...
VALID AS OF 0400 PM LOCAL TIME.

CLIMATE NORMAL PERIOD 1981 TO 2010
CLIMATE RECORD PERIOD 1888 TO 2017


WEATHER ITEM   OBSERVED TIME   RECORD YEAR NORMAL DEPARTURE LAST
                VALUE   (LST)  VALUE       VALUE  FROM      YEAR
                                                  NORMAL
..................................................................
TEMPERATURE (F)
 TODAY
  MAXIMUM         46    223 PM  73    1948  45      1       31
  MINIMUM         27    217 AM  -7    1989  25      2       22
  AVERAGE         37                        35      2       27

PRECIPITATION (IN)
  TODAY            0.00          1.79 1992   0.10  -0.10     0.00
  MONTH TO DATE    0.05                      1.63  -1.58     0.26
  SINCE DEC 1      0.05                      1.63  -1.58     0.26
  SINCE JAN 1     46.08                     44.16   1.92    35.89

SNOWFALL (IN)
  TODAY            0.0
  MONTH TO DATE    0.0
  SINCE DEC 1      0.0
  SINCE JUL 1      0.0
  SNOW DEPTH       0

DEGREE DAYS
 HEATING
  TODAY           28                        30     -2       38
  MONTH TO DATE  362                       426    -64      463
  SINCE DEC 1    362                       426    -64      463
  SINCE JUL 1   1046                      1305   -259      979

 COOLING
  TODAY            0                         0      0        0
  MONTH TO DATE    0                         0      0        0
  SINCE DEC 1      0                         0      0        0
  SINCE JAN 1   1467                      1389     78     1808
..................................................................


WIND (MPH)
  HIGHEST WIND SPEED    18   HIGHEST WIND DIRECTION    SW (240)
  HIGHEST GUST SPEED    26   HIGHEST GUST DIRECTION    SW (240)


SKY COVER
  AVERAGE SKY COVER 0.6


WEATHER CONDITIONS
 THE FOLLOWING WEATHER WAS RECORDED TODAY.
  NO SIGNIFICANT WEATHER WAS OBSERVED.


RELATIVE HUMIDITY (PERCENT)
 HIGHEST    85           300 AM
 LOWEST     45           400 PM
 AVERAGE    65

..........................................................


THE SPRINGFIELD MO CLIMATE NORMALS FOR TOMORROW
                         NORMAL    RECORD    YEAR
 MAXIMUM TEMPERATURE (F)   44        72      1924
 MINIMUM TEMPERATURE (F)   25        -9      1989


SUNRISE AND SUNSET
DECEMBER 15 2017......SUNRISE   720 AM CST   SUNSET   457 PM CST
DECEMBER 16 2017......SUNRISE   721 AM CST   SUNSET   458 PM CST


-  INDICATES NEGATIVE NUMBERS.
R  INDICATES RECORD WAS SET OR TIED.
MM INDICATES DATA IS MISSING.
T  INDICATES TRACE AMOUNT.




$$
