000
CDUS43 KSGF 212227
CLISGF


CLIMATE REPORT
NATIONAL WEATHER SERVICE SPRINGFIELD MO
527 PM CDT FRI JUL 21 2017


...................................

...THE SPRINGFIELD MO CLIMATE SUMMARY FOR JULY 21 2017...
VALID TODAY AS OF 0500 PM LOCAL TIME.

CLIMATE NORMAL PERIOD 1981 TO 2010
CLIMATE RECORD PERIOD 1888 TO 2017


WEATHER ITEM   OBSERVED TIME   RECORD YEAR NORMAL DEPARTURE LAST
                VALUE   (LST)  VALUE       VALUE  FROM      YEAR
                                                  NORMAL
..................................................................
TEMPERATURE (F)
 TODAY
  MAXIMUM         97    319 PM 102    1974  89      8       96
  MINIMUM         72    347 AM  44    1970  68      4       76
  AVERAGE         85                        79      6       86

PRECIPITATION (IN)
  TODAY            0.00          2.95 1994   0.10  -0.10     0.00
  MONTH TO DATE    0.63                      2.65  -2.02     3.17
  SINCE JUN 1      5.62                      7.50  -1.88     7.59
  SINCE JAN 1     34.32                     25.53   8.79    18.84

SNOWFALL (IN)
  TODAY            0.0
  MONTH TO DATE    0.0
  SINCE JUN 1      0.0
  SINCE JUL 1      0.0
  SNOW DEPTH       0

DEGREE DAYS
 HEATING
  TODAY            0                         0      0        0
  MONTH TO DATE    0                         0      0        0
  SINCE JUN 1      0                         9     -9        0
  SINCE JUL 1      0                         0      0        0

 COOLING
  TODAY           20                        14      6       21
  MONTH TO DATE  311                       271     40      309
  SINCE JUN 1    581                       534     47      705
  SINCE JAN 1    729                       649     80      825
..................................................................


WIND (MPH)
  HIGHEST WIND SPEED    17   HIGHEST WIND DIRECTION     S (200)
  HIGHEST GUST SPEED    23   HIGHEST GUST DIRECTION     S (190)


SKY COVER
  AVERAGE SKY COVER 0.1


WEATHER CONDITIONS
 THE FOLLOWING WEATHER WAS RECORDED TODAY.
  NO SIGNIFICANT WEATHER WAS OBSERVED.


RELATIVE HUMIDITY (PERCENT)
 HIGHEST    93           400 AM
 LOWEST     35           400 PM
 AVERAGE    64

..........................................................


THE SPRINGFIELD MO CLIMATE NORMALS FOR TOMORROW
                         NORMAL    RECORD    YEAR
 MAXIMUM TEMPERATURE (F)   89       104      1901
 MINIMUM TEMPERATURE (F)   68        47      1970


SUNRISE AND SUNSET
JULY 21 2017..........SUNRISE   610 AM CDT   SUNSET   830 PM CDT
JULY 22 2017..........SUNRISE   610 AM CDT   SUNSET   829 PM CDT


-  INDICATES NEGATIVE NUMBERS.
R  INDICATES RECORD WAS SET OR TIED.
MM INDICATES DATA IS MISSING.
T  INDICATES TRACE AMOUNT.




$$
