000
CDUS43 KSGF 022226
CLISGF


CLIMATE REPORT
NATIONAL WEATHER SERVICE SPRINGFIELD MO
425 PM CST FRI FEB 2 2018


...................................

...THE SPRINGFIELD MO CLIMATE SUMMARY FOR FEBRUARY 2 2018...
VALID AS OF 0400 PM LOCAL TIME.

CLIMATE NORMAL PERIOD 1981 TO 2010
CLIMATE RECORD PERIOD 1888 TO 2018


WEATHER ITEM   OBSERVED TIME   RECORD YEAR NORMAL DEPARTURE LAST
                VALUE   (LST)  VALUE       VALUE  FROM      YEAR
                                                  NORMAL
..................................................................
TEMPERATURE (F)
 TODAY
  MAXIMUM         40    357 PM  74    2003  45     -5       36
  MINIMUM         11    700 AM -11    1951  23    -12       22
  AVERAGE         26                        34     -8       29

PRECIPITATION (IN)
  TODAY            0.00          0.83 1892   0.07  -0.07     0.00
  MONTH TO DATE    0.00                      0.15  -0.15     0.00
  SINCE DEC 1      3.48                      5.66  -2.18     4.69
  SINCE JAN 1      1.96                      2.62  -0.66     4.07

SNOWFALL (IN)
  TODAY            0.0
  MONTH TO DATE    0.0
  SINCE DEC 1      4.5
  SINCE JUL 1      4.5
  SNOW DEPTH       0

DEGREE DAYS
 HEATING
  TODAY           39                        31      8       36
  MONTH TO DATE   74                        62     12       57
  SINCE DEC 1   1966                      1996    -30     1751
  SINCE JUL 1   2650                      2875   -225     2267

 COOLING
  TODAY            0                         0      0        0
  MONTH TO DATE    0                         0      0        0
  SINCE DEC 1      0                         0      0        0
  SINCE JAN 1      0                         0      0        0
..................................................................


WIND (MPH)
  HIGHEST WIND SPEED    14   HIGHEST WIND DIRECTION    SE (150)
  HIGHEST GUST SPEED    18   HIGHEST GUST DIRECTION    SE (150)


SKY COVER
  AVERAGE SKY COVER 0.0


WEATHER CONDITIONS
 THE FOLLOWING WEATHER WAS RECORDED TODAY.
  NO SIGNIFICANT WEATHER WAS OBSERVED.


RELATIVE HUMIDITY (PERCENT)
 HIGHEST    76           700 AM
 LOWEST     27           300 PM
 AVERAGE    52

..........................................................


THE SPRINGFIELD MO CLIMATE NORMALS FOR TOMORROW
                         NORMAL    RECORD    YEAR
 MAXIMUM TEMPERATURE (F)   45        76      1962
 MINIMUM TEMPERATURE (F)   23        -9      2011


SUNRISE AND SUNSET
FEBRUARY  2 2018......SUNRISE   716 AM CST   SUNSET   539 PM CST
FEBRUARY  3 2018......SUNRISE   715 AM CST   SUNSET   540 PM CST


-  INDICATES NEGATIVE NUMBERS.
R  INDICATES RECORD WAS SET OR TIED.
MM INDICATES DATA IS MISSING.
T  INDICATES TRACE AMOUNT.




$$
