000
CDUS43 KSGF 102226
CLISGF


CLIMATE REPORT
NATIONAL WEATHER SERVICE SPRINGFIELD MO
525 PM CDT TUE MAY 10 2016


...................................

...THE SPRINGFIELD MO CLIMATE SUMMARY FOR MAY 10 2016...
VALID TODAY AS OF 0500 PM LOCAL TIME.

CLIMATE NORMAL PERIOD 1981 TO 2010
CLIMATE RECORD PERIOD 1888 TO 2016


WEATHER ITEM   OBSERVED TIME   RECORD YEAR NORMAL DEPARTURE LAST
                VALUE   (LST)  VALUE       VALUE  FROM      YEAR
                                                  NORMAL
..................................................................
TEMPERATURE (F)
 TODAY
  MAXIMUM         85    318 PM  91    1963  74     11       73
  MINIMUM         60    219 AM  34    1924  53      7       62
  AVERAGE         73                        63     10       68

PRECIPITATION (IN)
  TODAY            0.01          3.15 2006   0.18  -0.17     0.45
  MONTH TO DATE    0.07                      1.78  -1.71     2.08
  SINCE MAR 1      5.51                      9.72  -4.21     8.65
  SINCE JAN 1      6.79                     14.71  -7.92    11.25

SNOWFALL (IN)
  TODAY            0.0
  MONTH TO DATE    0.0
  SINCE MAR 1      T
  SINCE JUL 1      3.0
  SNOW DEPTH       0

DEGREE DAYS
 HEATING
  TODAY            0                         4     -4        0
  MONTH TO DATE   52                        47      5        8
  SINCE MAR 1    639                       928   -289      773
  SINCE JUL 1   3552                      4521   -969     4480

 COOLING
  TODAY            8                         2      6        3
  MONTH TO DATE   13                        15     -2       44
  SINCE MAR 1     40                        40      0       66
  SINCE JAN 1     40                        40      0       66
..................................................................


WIND (MPH)
  HIGHEST WIND SPEED    16   HIGHEST WIND DIRECTION    SW (230)
  HIGHEST GUST SPEED    19   HIGHEST GUST DIRECTION     W (260)


SKY COVER
  AVERAGE SKY COVER 0.6


WEATHER CONDITIONS
 THE FOLLOWING WEATHER WAS RECORDED TODAY.
  THUNDERSTORM
  LIGHT RAIN


RELATIVE HUMIDITY (PERCENT)
 HIGHEST    90          1200 AM
 LOWEST     34           400 PM
 AVERAGE    62

..........................................................


THE SPRINGFIELD MO CLIMATE NORMALS FOR TOMORROW
                         NORMAL    RECORD    YEAR
 MAXIMUM TEMPERATURE (F)   74        90      1963
 MINIMUM TEMPERATURE (F)   53        34      1969


SUNRISE AND SUNSET
MAY 10 2016...........SUNRISE   609 AM CDT   SUNSET   811 PM CDT
MAY 11 2016...........SUNRISE   608 AM CDT   SUNSET   812 PM CDT


-  INDICATES NEGATIVE NUMBERS.
R  INDICATES RECORD WAS SET OR TIED.
MM INDICATES DATA IS MISSING.
T  INDICATES TRACE AMOUNT.




$$
