000
CDUS43 KSGF 090627
CLISGF


CLIMATE REPORT
NATIONAL WEATHER SERVICE SPRINGFIELD MO
126 AM CDT MON OCT 9 2017


...................................

...THE SPRINGFIELD MO CLIMATE SUMMARY FOR OCTOBER 8 2017...

CLIMATE NORMAL PERIOD 1981 TO 2010
CLIMATE RECORD PERIOD 1888 TO 2017


WEATHER ITEM   OBSERVED TIME   RECORD YEAR NORMAL DEPARTURE LAST
                VALUE   (LST)  VALUE       VALUE  FROM      YEAR
                                                  NORMAL
..................................................................
TEMPERATURE (F)
 YESTERDAY
  MAXIMUM         83    345 PM  92    1979  72     11       72
  MINIMUM         51    609 AM  25    2000  49      2       40
  AVERAGE         67                        60      7       56

PRECIPITATION (IN)
  YESTERDAY        0.00          4.50 2009   0.12  -0.12     0.00
  MONTH TO DATE    0.12                      0.98  -0.86     0.83
  SINCE SEP 1      0.71                      5.59  -4.88     4.72
  SINCE JAN 1     43.29                     35.70   7.59    30.34

SNOWFALL (IN)
  YESTERDAY        0.0
  MONTH TO DATE    0.0
  SINCE SEP 1      0.0
  SINCE JUL 1      0.0
  SNOW DEPTH       0

DEGREE DAYS
 HEATING
  YESTERDAY        0                         6     -6        9
  MONTH TO DATE    0                        43    -43       23
  SINCE SEP 1      8                        96    -88       37
  SINCE JUL 1      8                        98    -90       37

 COOLING
  YESTERDAY        2                         1      1        0
  MONTH TO DATE   53                        14     39       26
  SINCE SEP 1    271                       187     84      292
  SINCE JAN 1   1429                      1373     56     1724
..................................................................


WIND (MPH)
  HIGHEST WIND SPEED    13   HIGHEST WIND DIRECTION     S (180)
  HIGHEST GUST SPEED    19   HIGHEST GUST DIRECTION    SW (220)
  AVERAGE WIND SPEED     4.8


SKY COVER
  AVERAGE SKY COVER 0.0


WEATHER CONDITIONS
 THE FOLLOWING WEATHER WAS RECORDED YESTERDAY.
  NO SIGNIFICANT WEATHER WAS OBSERVED.


RELATIVE HUMIDITY (PERCENT)
 HIGHEST   100           600 AM
 LOWEST     37           400 PM
 AVERAGE    69

..........................................................


THE SPRINGFIELD MO CLIMATE NORMALS FOR TODAY
                         NORMAL    RECORD    YEAR
 MAXIMUM TEMPERATURE (F)   71        92      1980
 MINIMUM TEMPERATURE (F)   49        24      2000


SUNRISE AND SUNSET
OCTOBER  9 2017.......SUNRISE   716 AM CDT   SUNSET   645 PM CDT
OCTOBER 10 2017.......SUNRISE   717 AM CDT   SUNSET   643 PM CDT


-  INDICATES NEGATIVE NUMBERS.
R  INDICATES RECORD WAS SET OR TIED.
MM INDICATES DATA IS MISSING.
T  INDICATES TRACE AMOUNT.




$$
