000
CDUS43 KSGF 292230
CLISGF


CLIMATE REPORT
NATIONAL WEATHER SERVICE SPRINGFIELD MO
529 PM CDT MON JUN 29 2015


...................................

...THE SPRINGFIELD MO CLIMATE SUMMARY FOR JUNE 29 2015...
VALID TODAY AS OF 0500 PM LOCAL TIME.

CLIMATE NORMAL PERIOD 1981 TO 2010
CLIMATE RECORD PERIOD 1888 TO 2015


WEATHER ITEM   OBSERVED TIME   RECORD YEAR NORMAL DEPARTURE LAST
                VALUE   (LST)  VALUE       VALUE  FROM      YEAR
                                                  NORMAL
..................................................................
TEMPERATURE (F)
 TODAY
  MAXIMUM         86    246 PM 100    1952  87     -1       90
  MINIMUM         70    537 AM  50    1940  66      4       69
  AVERAGE         78                        77      1       80

PRECIPITATION (IN)
  TODAY            0.00          3.72 1988   0.16  -0.16     0.31
  MONTH TO DATE    4.78                      4.70   0.08     6.23
  SINCE JUN 1      4.78                      4.70   0.08     6.23
  SINCE JAN 1     20.18                     22.73  -2.55    17.71

SNOWFALL (IN)
  TODAY            0.0
  MONTH TO DATE    0.0
  SINCE JUN 1      0.0
  SINCE JUL 1     15.8
  SNOW DEPTH       0

DEGREE DAYS
 HEATING
  TODAY            0                         0      0        0
  MONTH TO DATE    1                         7     -6        0
  SINCE JUN 1      1                         7     -6        0
  SINCE JUL 1   4536                      4576    -40     5020

 COOLING
  TODAY           13                        12      1       15
  MONTH TO DATE  337                       252     85      276
  SINCE JUN 1    337                       252     85      276
  SINCE JAN 1    479                       367    112      469
..................................................................


WIND (MPH)
  HIGHEST WIND SPEED    15   HIGHEST WIND DIRECTION     N (340)
  HIGHEST GUST SPEED    20   HIGHEST GUST DIRECTION     W (280)


SKY COVER
  AVERAGE SKY COVER 0.1


WEATHER CONDITIONS
 THE FOLLOWING WEATHER WAS RECORDED TODAY.
  NO SIGNIFICANT WEATHER WAS OBSERVED.


RELATIVE HUMIDITY (PERCENT)
 HIGHEST    79           200 AM
 LOWEST     44           300 PM
 AVERAGE    62

..........................................................


THE SPRINGFIELD MO CLIMATE NORMALS FOR TOMORROW
                         NORMAL    RECORD    YEAR
 MAXIMUM TEMPERATURE (F)   87        99      2012
 MINIMUM TEMPERATURE (F)   66        50      1943


SUNRISE AND SUNSET
JUNE 29 2015..........SUNRISE   556 AM CDT   SUNSET   838 PM CDT
JUNE 30 2015..........SUNRISE   556 AM CDT   SUNSET   838 PM CDT


-  INDICATES NEGATIVE NUMBERS.
R  INDICATES RECORD WAS SET OR TIED.
MM INDICATES DATA IS MISSING.
T  INDICATES TRACE AMOUNT.




$$
