000
CDUS43 KSGF 310645
CLISGF


CLIMATE REPORT
NATIONAL WEATHER SERVICE SPRINGFIELD MO
145 AM CDT MON MAR 31 2014


...................................

...THE SPRINGFIELD MO CLIMATE SUMMARY FOR MARCH 30 2014...

CLIMATE NORMAL PERIOD 1981 TO 2010
CLIMATE RECORD PERIOD 1888 TO 2014


WEATHER ITEM   OBSERVED TIME   RECORD YEAR NORMAL DEPARTURE LAST
                VALUE   (LST)  VALUE       VALUE  FROM      YEAR
                                                  NORMAL
..................................................................
TEMPERATURE (F)
 YESTERDAY
  MAXIMUM         71    320 PM  82    1963  62      9       65
  MINIMUM         31    319 AM  12    1964  39     -8       44
  AVERAGE         51                        51      0       55

PRECIPITATION (IN)
  YESTERDAY        0.00          1.61 1908   0.13  -0.13     0.17
  MONTH TO DATE    2.33                      3.48  -1.15     4.46
  SINCE MAR 1      2.33                      3.48  -1.15     4.46
  SINCE JAN 1      4.12                      8.47  -4.35     9.80

SNOWFALL (IN)
  YESTERDAY        0.0
  MONTH TO DATE    4.8
  SINCE MAR 1      4.8
  SINCE JUL 1     32.2
  SNOW DEPTH       0

DEGREE DAYS
 HEATING
  YESTERDAY       14                        15     -1       10
  MONTH TO DATE  675                       566    109      706
  SINCE MAR 1    675                       566    109      706
  SINCE JUL 1   4630                      4159    471     4004

 COOLING
  YESTERDAY        0                         0      0        0
  MONTH TO DATE    0                         0      0        0
  SINCE MAR 1      0                         0      0        0
  SINCE JAN 1      0                         0      0        0
..................................................................


WIND (MPH)
  HIGHEST WIND SPEED    22   HIGHEST WIND DIRECTION     S (160)
  HIGHEST GUST SPEED    27   HIGHEST GUST DIRECTION     S (160)
  AVERAGE WIND SPEED    13.9


SKY COVER
  AVERAGE SKY COVER 0.0


WEATHER CONDITIONS
 THE FOLLOWING WEATHER WAS RECORDED YESTERDAY.
  NO SIGNIFICANT WEATHER WAS OBSERVED.


RELATIVE HUMIDITY (PERCENT)
 HIGHEST    82           200 AM
 LOWEST     23           200 PM
 AVERAGE    53

..........................................................


THE SPRINGFIELD MO CLIMATE NORMALS FOR TODAY
                         NORMAL    RECORD    YEAR
 MAXIMUM TEMPERATURE (F)   62        87      1974
 MINIMUM TEMPERATURE (F)   40        16      1923


SUNRISE AND SUNSET
MARCH 31 2014.........SUNRISE   701 AM CDT   SUNSET   735 PM CDT
APRIL  1 2014.........SUNRISE   659 AM CDT   SUNSET   736 PM CDT


-  INDICATES NEGATIVE NUMBERS.
R  INDICATES RECORD WAS SET OR TIED.
MM INDICATES DATA IS MISSING.
T  INDICATES TRACE AMOUNT.




$$
