000
CDUS43 KSGF 080628
CLISGF


CLIMATE REPORT
NATIONAL WEATHER SERVICE SPRINGFIELD MO
128 AM CDT MON AUG 8 2016


...................................

...THE SPRINGFIELD MO CLIMATE SUMMARY FOR AUGUST 7 2016...

CLIMATE NORMAL PERIOD 1981 TO 2010
CLIMATE RECORD PERIOD 1888 TO 2016


WEATHER ITEM   OBSERVED TIME   RECORD YEAR NORMAL DEPARTURE LAST
                VALUE   (LST)  VALUE       VALUE  FROM      YEAR
                                                  NORMAL
..................................................................
TEMPERATURE (F)
 YESTERDAY
  MAXIMUM         79    927 AM 102    2011  90    -11       92
  MINIMUM         72    543 AM  49    1997  68      4       71
  AVERAGE         76                        79     -3       82

PRECIPITATION (IN)
  YESTERDAY        0.42          2.41 1908   0.11   0.31     0.97
  MONTH TO DATE    0.53                      0.70  -0.17     3.29
  SINCE JUN 1     12.28                      9.23   3.05    17.28
  SINCE JAN 1     23.53                     27.26  -3.73    32.68

SNOWFALL (IN)
  YESTERDAY        0.0
  MONTH TO DATE    0.0
  SINCE JUN 1      0.0
  SINCE JUL 1      0.0
  SNOW DEPTH       0

DEGREE DAYS
 HEATING
  YESTERDAY        0                         0      0        0
  MONTH TO DATE    0                         0      0        0
  SINCE JUN 1      0                         9     -9        1
  SINCE JUL 1      0                         0      0        0

 COOLING
  YESTERDAY       11                        14     -3       17
  MONTH TO DATE  121                        98     23      100
  SINCE JUN 1    993                       771    222      913
  SINCE JAN 1   1113                       886    227     1055
..................................................................


WIND (MPH)
  HIGHEST WIND SPEED    13   HIGHEST WIND DIRECTION    SE (150)
  HIGHEST GUST SPEED    16   HIGHEST GUST DIRECTION    SE (130)
  AVERAGE WIND SPEED     5.8


SKY COVER
  AVERAGE SKY COVER 0.5


WEATHER CONDITIONS
 THE FOLLOWING WEATHER WAS RECORDED YESTERDAY.
  HEAVY RAIN
  RAIN
  LIGHT RAIN
  FOG
  HAZE


RELATIVE HUMIDITY (PERCENT)
 HIGHEST    93          1000 PM
 LOWEST     74           900 AM
 AVERAGE    84

..........................................................


THE SPRINGFIELD MO CLIMATE NORMALS FOR TODAY
                         NORMAL    RECORD    YEAR
 MAXIMUM TEMPERATURE (F)   90       102      1946
                                             1934
 MINIMUM TEMPERATURE (F)   68        52      1989


SUNRISE AND SUNSET
AUGUST  8 2016........SUNRISE   625 AM CDT   SUNSET   813 PM CDT
AUGUST  9 2016........SUNRISE   625 AM CDT   SUNSET   812 PM CDT


-  INDICATES NEGATIVE NUMBERS.
R  INDICATES RECORD WAS SET OR TIED.
MM INDICATES DATA IS MISSING.
T  INDICATES TRACE AMOUNT.




$$
