912
CDUS43 KSGF 050630
CLISGF


CLIMATE REPORT
NATIONAL WEATHER SERVICE SPRINGFIELD MO
1230 AM CST FRI FEB 5 2016


...................................

...THE SPRINGFIELD MO CLIMATE SUMMARY FOR FEBRUARY 4 2016...

CLIMATE NORMAL PERIOD 1981 TO 2010
CLIMATE RECORD PERIOD 1888 TO 2016


WEATHER ITEM   OBSERVED TIME   RECORD YEAR NORMAL DEPARTURE LAST
                VALUE   (LST)  VALUE       VALUE  FROM      YEAR
                                                  NORMAL
..................................................................
TEMPERATURE (F)
 YESTERDAY
  MAXIMUM         44    309 PM  76    2008  45     -1       47
                                      1890
  MINIMUM         17    739 AM  -8    1996  23     -6       20
  AVERAGE         31                        34     -3       34

PRECIPITATION (IN)
  YESTERDAY        0.00          0.82 1960   0.07  -0.07     0.05
  MONTH TO DATE    0.05                      0.30  -0.25     0.40
  SINCE DEC 1     12.40                      5.81   6.59     2.98
  SINCE JAN 1      0.97                      2.77  -1.80     1.21

SNOWFALL (IN)
  YESTERDAY        0.0
  MONTH TO DATE    T
  SINCE DEC 1      3.0
  SINCE JUL 1      3.0
  SNOW DEPTH       0

DEGREE DAYS
 HEATING
  YESTERDAY       34                        31      3       31
  MONTH TO DATE  102                       124    -22      136
  SINCE DEC 1   1696                      2058   -362     1894
  SINCE JUL 1   2341                      2937   -596     2844

 COOLING
  YESTERDAY        0                         0      0        0
  MONTH TO DATE    0                         0      0        0
  SINCE DEC 1      0                         0      0        0
  SINCE JAN 1      0                         0      0        0
..................................................................


WIND (MPH)
  HIGHEST WIND SPEED    20   HIGHEST WIND DIRECTION     W (260)
  HIGHEST GUST SPEED    25   HIGHEST GUST DIRECTION     W (290)
  AVERAGE WIND SPEED     7.6


SKY COVER
  AVERAGE SKY COVER 0.0


WEATHER CONDITIONS
 THE FOLLOWING WEATHER WAS RECORDED YESTERDAY.
  NO SIGNIFICANT WEATHER WAS OBSERVED.


RELATIVE HUMIDITY (PERCENT)
 HIGHEST    80           800 AM
 LOWEST     30           200 PM
 AVERAGE    55

..........................................................


THE SPRINGFIELD MO CLIMATE NORMALS FOR TODAY
                         NORMAL    RECORD    YEAR
 MAXIMUM TEMPERATURE (F)   46        71      1963
                                             1925
 MINIMUM TEMPERATURE (F)   24        -3      1906


SUNRISE AND SUNSET
FEBRUARY  5 2016......SUNRISE   713 AM CST   SUNSET   542 PM CST
FEBRUARY  6 2016......SUNRISE   712 AM CST   SUNSET   543 PM CST


-  INDICATES NEGATIVE NUMBERS.
R  INDICATES RECORD WAS SET OR TIED.
MM INDICATES DATA IS MISSING.
T  INDICATES TRACE AMOUNT.




$$
