000
CDUS43 KSGF 180626
CLISGF


CLIMATE REPORT
NATIONAL WEATHER SERVICE SPRINGFIELD MO
1226 AM CST SUN FEB 18 2018


...................................

...THE SPRINGFIELD MO CLIMATE SUMMARY FOR FEBRUARY 17 2018...

CLIMATE NORMAL PERIOD 1981 TO 2010
CLIMATE RECORD PERIOD 1888 TO 2018


WEATHER ITEM   OBSERVED TIME   RECORD YEAR NORMAL DEPARTURE LAST
                VALUE   (LST)  VALUE       VALUE  FROM      YEAR
                                                  NORMAL
..................................................................
TEMPERATURE (F)
 YESTERDAY
  MAXIMUM         50    456 PM  73    1911  49      1       72
  MINIMUM         31   1152 PM  -8    1900  27      4       40
  AVERAGE         41                        38      3       56

PRECIPITATION (IN)
  YESTERDAY        0.34          1.57 1938   0.09   0.25     0.00
  MONTH TO DATE    0.92                      1.42  -0.50     0.15
  SINCE DEC 1      4.40                      6.93  -2.53     4.84
  SINCE JAN 1      2.88                      3.89  -1.01     4.22

SNOWFALL (IN)
  YESTERDAY        0.0
  MONTH TO DATE    0.9
  SINCE DEC 1      5.4
  SINCE JUL 1      5.4
  SNOW DEPTH       0

DEGREE DAYS
 HEATING
  YESTERDAY       24                        27     -3        9
  MONTH TO DATE  507                       500      7      356
  SINCE DEC 1   2399                      2434    -35     2050
  SINCE JUL 1   3083                      3313   -230     2566

 COOLING
  YESTERDAY        0                         0      0        0
  MONTH TO DATE    1                         0      1        3
  SINCE DEC 1      1                         0      1        3
  SINCE JAN 1      1                         0      1        3
..................................................................


WIND (MPH)
  HIGHEST WIND SPEED    18   HIGHEST WIND DIRECTION     W (280)
  HIGHEST GUST SPEED    26   HIGHEST GUST DIRECTION    NW (300)
  AVERAGE WIND SPEED     8.1


SKY COVER
  AVERAGE SKY COVER 0.6


WEATHER CONDITIONS
 THE FOLLOWING WEATHER WAS RECORDED YESTERDAY.
  RAIN
  LIGHT RAIN
  FOG


RELATIVE HUMIDITY (PERCENT)
 HIGHEST   100          1100 AM
 LOWEST     59          1200 AM
 AVERAGE    80

..........................................................


THE SPRINGFIELD MO CLIMATE NORMALS FOR TODAY
                         NORMAL    RECORD    YEAR
 MAXIMUM TEMPERATURE (F)   49        74      2016
                                             1948
 MINIMUM TEMPERATURE (F)   27        -8      1936


SUNRISE AND SUNSET
FEBRUARY 18 2018......SUNRISE   659 AM CST   SUNSET   557 PM CST
FEBRUARY 19 2018......SUNRISE   658 AM CST   SUNSET   558 PM CST


-  INDICATES NEGATIVE NUMBERS.
R  INDICATES RECORD WAS SET OR TIED.
MM INDICATES DATA IS MISSING.
T  INDICATES TRACE AMOUNT.




$$
