000
CDUS43 KSGF 290653
CLISGF


CLIMATE REPORT
NATIONAL WEATHER SERVICE SPRINGFIELD MO
129 AM CDT FRI MAY 29 2015


...................................

...THE SPRINGFIELD MO CLIMATE SUMMARY FOR MAY 28 2015...

CLIMATE NORMAL PERIOD 1981 TO 2010
CLIMATE RECORD PERIOD 1888 TO 2015


WEATHER ITEM   OBSERVED TIME   RECORD YEAR NORMAL DEPARTURE LAST
                VALUE   (LST)  VALUE       VALUE  FROM      YEAR
                                                  NORMAL
..................................................................
TEMPERATURE (F)
 YESTERDAY
  MAXIMUM         79   1255 PM  90    2012  79      0       81
  MINIMUM         66    512 AM  40    1947  58      8       62
  AVERAGE         73                        68      5       72

PRECIPITATION (IN)
  YESTERDAY        0.23          1.62 1935   0.15   0.08     0.00
  MONTH TO DATE    4.68                      4.66   0.02     5.14
  SINCE MAR 1     11.25                     12.60  -1.35     9.55
  SINCE JAN 1     13.85                     17.59  -3.74    11.34

SNOWFALL (IN)
  YESTERDAY        0.0
  MONTH TO DATE    0.0
  SINCE MAR 1      1.2
  SINCE JUL 1     15.8
  SNOW DEPTH       0

DEGREE DAYS
 HEATING
  YESTERDAY        0                         1     -1        0
  MONTH TO DATE   60                        91    -31      112
  SINCE MAR 1    825                       972   -147     1065
  SINCE JUL 1   4532                      4565    -33     5020

 COOLING
  YESTERDAY        8                         5      3        7
  MONTH TO DATE  112                        74     38      154
  SINCE MAR 1    134                        99     35      168
  SINCE JAN 1    134                        99     35      168
..................................................................


WIND (MPH)
  HIGHEST WIND SPEED    17   HIGHEST WIND DIRECTION     S (180)
  HIGHEST GUST SPEED    22   HIGHEST GUST DIRECTION     S (190)
  AVERAGE WIND SPEED     9.6


SKY COVER
  AVERAGE SKY COVER 0.4


WEATHER CONDITIONS
 THE FOLLOWING WEATHER WAS RECORDED YESTERDAY.
  THUNDERSTORM
  HEAVY RAIN
  LIGHT RAIN
  FOG


RELATIVE HUMIDITY (PERCENT)
 HIGHEST    93           400 AM
 LOWEST     71           100 PM
 AVERAGE    82

..........................................................


THE SPRINGFIELD MO CLIMATE NORMALS FOR TODAY
                         NORMAL    RECORD    YEAR
 MAXIMUM TEMPERATURE (F)   79        90      2012
                                             1926
                                             1913
 MINIMUM TEMPERATURE (F)   58        38      1947


SUNRISE AND SUNSET
MAY 29 2015...........SUNRISE   556 AM CDT   SUNSET   826 PM CDT
MAY 30 2015...........SUNRISE   556 AM CDT   SUNSET   827 PM CDT


-  INDICATES NEGATIVE NUMBERS.
R  INDICATES RECORD WAS SET OR TIED.
MM INDICATES DATA IS MISSING.
T  INDICATES TRACE AMOUNT.




$$
