000
CDUS43 KSGF 230626
CLISGF


CLIMATE REPORT
NATIONAL WEATHER SERVICE SPRINGFIELD MO
126 AM CDT WED APR 23 2014


...................................

...THE SPRINGFIELD MO CLIMATE SUMMARY FOR APRIL 22 2014...

CLIMATE NORMAL PERIOD 1981 TO 2010
CLIMATE RECORD PERIOD 1888 TO 2014


WEATHER ITEM   OBSERVED TIME   RECORD YEAR NORMAL DEPARTURE LAST
                VALUE   (LST)  VALUE       VALUE  FROM      YEAR
                                                  NORMAL
..................................................................
TEMPERATURE (F)
 YESTERDAY
  MAXIMUM         71    447 PM  89    1963  69      2       69
  MINIMUM         46   1153 PM  30    1986  46      0       46
                                      1982
  AVERAGE         59                        58      1       58

PRECIPITATION (IN)
  YESTERDAY        0.00          1.43 1962   0.16  -0.16      T
  MONTH TO DATE    1.01                      2.99  -1.98     3.20
  SINCE MAR 1      3.34                      6.61  -3.27     7.97
  SINCE JAN 1      5.13                     11.60  -6.47    13.31

SNOWFALL (IN)
  YESTERDAY        0.0
  MONTH TO DATE    T
  SINCE MAR 1      4.8
  SINCE JUL 1     32.2
  SNOW DEPTH       0

DEGREE DAYS
 HEATING
  YESTERDAY        6                         8     -2        7
  MONTH TO DATE  223                       245    -22      250
  SINCE MAR 1    904                       826     78      967
  SINCE JUL 1   4859                      4419    440     4265

 COOLING
  YESTERDAY        0                         1     -1        0
  MONTH TO DATE    8                        15     -7        9
  SINCE MAR 1      8                        18    -10        9
  SINCE JAN 1      8                        18    -10        9
..................................................................


WIND (MPH)
  HIGHEST WIND SPEED    17   HIGHEST WIND DIRECTION     N (10)
  HIGHEST GUST SPEED    20   HIGHEST GUST DIRECTION     N (10)
  AVERAGE WIND SPEED     8.0


SKY COVER
  AVERAGE SKY COVER 0.0


WEATHER CONDITIONS
 THE FOLLOWING WEATHER WAS RECORDED YESTERDAY.
  FOG


RELATIVE HUMIDITY (PERCENT)
 HIGHEST    93           100 AM
 LOWEST     28           300 PM
 AVERAGE    61

..........................................................


THE SPRINGFIELD MO CLIMATE NORMALS FOR TODAY
                         NORMAL    RECORD    YEAR
 MAXIMUM TEMPERATURE (F)   69        88      1989
                                             1965
 MINIMUM TEMPERATURE (F)   47        28      1956


SUNRISE AND SUNSET
APRIL 23 2014.........SUNRISE   628 AM CDT   SUNSET   756 PM CDT
APRIL 24 2014.........SUNRISE   627 AM CDT   SUNSET   757 PM CDT


-  INDICATES NEGATIVE NUMBERS.
R  INDICATES RECORD WAS SET OR TIED.
MM INDICATES DATA IS MISSING.
T  INDICATES TRACE AMOUNT.




$$
