000
CDUS43 KSGF 042229
CLISGF


CLIMATE REPORT
NATIONAL WEATHER SERVICE SPRINGFIELD MO
427 PM CST SUN DEC 4 2016


...................................

...THE SPRINGFIELD MO CLIMATE SUMMARY FOR DECEMBER 4 2016...
VALID AS OF 0400 PM LOCAL TIME.

CLIMATE NORMAL PERIOD 1981 TO 2010
CLIMATE RECORD PERIOD 1888 TO 2016


WEATHER ITEM   OBSERVED TIME   RECORD YEAR NORMAL DEPARTURE LAST
                VALUE   (LST)  VALUE       VALUE  FROM      YEAR
                                                  NORMAL
..................................................................
TEMPERATURE (F)
 TODAY
  MAXIMUM         45    352 PM  74    1933  48     -3       53
  MINIMUM         38    823 AM   7    1893  28     10       30
  AVERAGE         42                        38      4       42

PRECIPITATION (IN)
  TODAY            0.15          2.81 1999   0.11   0.04     0.00
  MONTH TO DATE    0.17                      0.47  -0.30     0.00
  SINCE DEC 1      0.17                      0.47  -0.30     0.00
  SINCE JAN 1     35.80                     43.00  -7.20    48.31

SNOWFALL (IN)
  TODAY            0.0
  MONTH TO DATE    0.0
  SINCE DEC 1      0.0
  SINCE JUL 1      0.0
  SNOW DEPTH       0

DEGREE DAYS
 HEATING
  TODAY           23                        27     -4       23
  MONTH TO DATE   92                       106    -14      104
  SINCE DEC 1     92                       106    -14      104
  SINCE JUL 1    608                       985   -377      749

 COOLING
  TODAY            0                         0      0        0
  MONTH TO DATE    0                         0      0        0
  SINCE DEC 1      0                         0      0        0
  SINCE JAN 1   1808                      1389    419     1555
..................................................................


WIND (MPH)
  HIGHEST WIND SPEED    17   HIGHEST WIND DIRECTION    SE (130)
  HIGHEST GUST SPEED    21   HIGHEST GUST DIRECTION    SE (120)


SKY COVER
  AVERAGE SKY COVER 1.0


WEATHER CONDITIONS
 THE FOLLOWING WEATHER WAS RECORDED TODAY.
  LIGHT RAIN
  FOG


RELATIVE HUMIDITY (PERCENT)
 HIGHEST   100           700 AM
 LOWEST     76           200 PM
 AVERAGE    88

..........................................................


THE SPRINGFIELD MO CLIMATE NORMALS FOR TOMORROW
                         NORMAL    RECORD    YEAR
 MAXIMUM TEMPERATURE (F)   48        74      1998
 MINIMUM TEMPERATURE (F)   27         9      2002
                                             1950


SUNRISE AND SUNSET
DECEMBER  4 2016......SUNRISE   712 AM CST   SUNSET   456 PM CST
DECEMBER  5 2016......SUNRISE   713 AM CST   SUNSET   456 PM CST


-  INDICATES NEGATIVE NUMBERS.
R  INDICATES RECORD WAS SET OR TIED.
MM INDICATES DATA IS MISSING.
T  INDICATES TRACE AMOUNT.




$$
