000
CDUS43 KSGF 220643
CLISGF


CLIMATE REPORT
NATIONAL WEATHER SERVICE SPRINGFIELD MO
142 AM CDT FRI SEP 22 2017


...................................

...THE SPRINGFIELD MO CLIMATE SUMMARY FOR SEPTEMBER 21 2017...

CLIMATE NORMAL PERIOD 1981 TO 2010
CLIMATE RECORD PERIOD 1888 TO 2017


WEATHER ITEM   OBSERVED TIME   RECORD YEAR NORMAL DEPARTURE LAST
                VALUE   (LST)  VALUE       VALUE  FROM      YEAR
                                                  NORMAL
..................................................................
TEMPERATURE (F)
 YESTERDAY
  MAXIMUM         93R   324 PM  93    1955  78     15       88
                                      1893
  MINIMUM         72    541 AM  37    1995  55     17       68
                                      1983
  AVERAGE         83                        67     16       78

PRECIPITATION (IN)
  YESTERDAY        0.00          2.68 1925   0.16  -0.16     0.00
  MONTH TO DATE    0.43                      3.26  -2.83     3.70
  SINCE SEP 1      0.43                      3.26  -2.83     3.70
  SINCE JAN 1     43.01                     33.37   9.64    29.32

SNOWFALL (IN)
  YESTERDAY        0.0
  MONTH TO DATE    0.0
  SINCE SEP 1      0.0
  SINCE JUL 1      0.0
  SNOW DEPTH       0

DEGREE DAYS
 HEATING
  YESTERDAY        0                         3     -3        0
  MONTH TO DATE    6                        20    -14        0
  SINCE SEP 1      6                        20    -14        0
  SINCE JUL 1      6                        22    -16        0

 COOLING
  YESTERDAY       18                         4     14       13
  MONTH TO DATE  144                       144      0      219
  SINCE SEP 1    144                       144      0      219
  SINCE JAN 1   1302                      1330    -28     1651
..................................................................


WIND (MPH)
  HIGHEST WIND SPEED    18   HIGHEST WIND DIRECTION     S (160)
  HIGHEST GUST SPEED    25   HIGHEST GUST DIRECTION     S (190)
  AVERAGE WIND SPEED    10.8


SKY COVER
  AVERAGE SKY COVER 0.0


WEATHER CONDITIONS
 THE FOLLOWING WEATHER WAS RECORDED YESTERDAY.
  NO SIGNIFICANT WEATHER WAS OBSERVED.


RELATIVE HUMIDITY (PERCENT)
 HIGHEST    93           500 AM
 LOWEST     41           300 PM
 AVERAGE    67

..........................................................


THE SPRINGFIELD MO CLIMATE NORMALS FOR TODAY
                         NORMAL    RECORD    YEAR
 MAXIMUM TEMPERATURE (F)   78        93      1937
 MINIMUM TEMPERATURE (F)   55        33      1995


SUNRISE AND SUNSET
SEPTEMBER 22 2017.....SUNRISE   702 AM CDT   SUNSET   710 PM CDT
SEPTEMBER 23 2017.....SUNRISE   702 AM CDT   SUNSET   708 PM CDT


-  INDICATES NEGATIVE NUMBERS.
R  INDICATES RECORD WAS SET OR TIED.
MM INDICATES DATA IS MISSING.
T  INDICATES TRACE AMOUNT.




$$
