000
CDUS43 KSGF 190629
CLISGF


CLIMATE REPORT
NATIONAL WEATHER SERVICE SPRINGFIELD MO
129 AM CDT WED JUL 19 2017


...................................

...THE SPRINGFIELD MO CLIMATE SUMMARY FOR JULY 18 2017...

CLIMATE NORMAL PERIOD 1981 TO 2010
CLIMATE RECORD PERIOD 1888 TO 2017


WEATHER ITEM   OBSERVED TIME   RECORD YEAR NORMAL DEPARTURE LAST
                VALUE   (LST)  VALUE       VALUE  FROM      YEAR
                                                  NORMAL
..................................................................
TEMPERATURE (F)
 YESTERDAY
  MAXIMUM         92    435 PM 108    1954  89      3       93
  MINIMUM         70    512 AM  53    1984  68      2       73
  AVERAGE         81                        78      3       83

PRECIPITATION (IN)
  YESTERDAY        0.00          2.55 1893   0.11  -0.11     0.00
  MONTH TO DATE    0.63                      2.32  -1.69     3.17
  SINCE JUN 1      5.62                      7.17  -1.55     7.59
  SINCE JAN 1     34.32                     25.20   9.12    18.84

SNOWFALL (IN)
  YESTERDAY        0.0
  MONTH TO DATE    0.0
  SINCE JUN 1      0.0
  SINCE JUL 1      0.0
  SNOW DEPTH       0

DEGREE DAYS
 HEATING
  YESTERDAY        0                         0      0        0
  MONTH TO DATE    0                         0      0        0
  SINCE JUN 1      0                         9     -9        0
  SINCE JUL 1      0                         0      0        0

 COOLING
  YESTERDAY       16                        13      3       18
  MONTH TO DATE  255                       229     26      249
  SINCE JUN 1    525                       492     33      645
  SINCE JAN 1    673                       607     66      765
..................................................................


WIND (MPH)
  HIGHEST WIND SPEED    13   HIGHEST WIND DIRECTION     S (180)
  HIGHEST GUST SPEED    15   HIGHEST GUST DIRECTION     S (200)
  AVERAGE WIND SPEED     5.8


SKY COVER
  AVERAGE SKY COVER 0.0


WEATHER CONDITIONS
 THE FOLLOWING WEATHER WAS RECORDED YESTERDAY.
  NO SIGNIFICANT WEATHER WAS OBSERVED.


RELATIVE HUMIDITY (PERCENT)
 HIGHEST    93           500 AM
 LOWEST     44           500 PM
 AVERAGE    69

..........................................................


THE SPRINGFIELD MO CLIMATE NORMALS FOR TODAY
                         NORMAL    RECORD    YEAR
 MAXIMUM TEMPERATURE (F)   89       103      1980
                                             1954
                                             1934
 MINIMUM TEMPERATURE (F)   68        57      2014
                                             2009
                                             1984


SUNRISE AND SUNSET
JULY 19 2017..........SUNRISE   608 AM CDT   SUNSET   831 PM CDT
JULY 20 2017..........SUNRISE   609 AM CDT   SUNSET   830 PM CDT


-  INDICATES NEGATIVE NUMBERS.
R  INDICATES RECORD WAS SET OR TIED.
MM INDICATES DATA IS MISSING.
T  INDICATES TRACE AMOUNT.




$$
