000
CDUS43 KSGF 140626
CLISGF


CLIMATE REPORT
NATIONAL WEATHER SERVICE SPRINGFIELD MO
126 AM CDT MON APR 14 2014


...................................

...THE SPRINGFIELD MO CLIMATE SUMMARY FOR APRIL 13 2014...

CLIMATE NORMAL PERIOD 1981 TO 2010
CLIMATE RECORD PERIOD 1888 TO 2014


WEATHER ITEM   OBSERVED TIME   RECORD YEAR NORMAL DEPARTURE LAST
                VALUE   (LST)  VALUE       VALUE  FROM      YEAR
                                                  NORMAL
..................................................................
TEMPERATURE (F)
 YESTERDAY
  MAXIMUM         71    206 PM  89    1972  67      4       70
  MINIMUM         46   1159 PM  18    1957  43      3       34
  AVERAGE         59                        55      4       52

PRECIPITATION (IN)
  YESTERDAY        0.39          1.81 1987   0.13   0.26     0.00
  MONTH TO DATE    0.84                      1.67  -0.83     1.85
  SINCE MAR 1      3.17                      5.29  -2.12     6.62
  SINCE JAN 1      4.96                     10.28  -5.32    11.96

SNOWFALL (IN)
  YESTERDAY        0.0
  MONTH TO DATE    0.0
  SINCE MAR 1      4.8
  SINCE JUL 1     32.2
  SNOW DEPTH       0

DEGREE DAYS
 HEATING
  YESTERDAY        6                        11     -5       13
  MONTH TO DATE  125                       162    -37      175
  SINCE MAR 1    806                       743     63      892
  SINCE JUL 1   4761                      4336    425     4190

 COOLING
  YESTERDAY        0                         1     -1        0
  MONTH TO DATE    7                         6      1        6
  SINCE MAR 1      7                         9     -2        6
  SINCE JAN 1      7                         9     -2        6
..................................................................


WIND (MPH)
  HIGHEST WIND SPEED    33   HIGHEST WIND DIRECTION     S (160)
  HIGHEST GUST SPEED    43   HIGHEST GUST DIRECTION     S (170)
  AVERAGE WIND SPEED    15.6


SKY COVER
  AVERAGE SKY COVER 0.5


WEATHER CONDITIONS
 THE FOLLOWING WEATHER WAS RECORDED YESTERDAY.
  THUNDERSTORM
  HEAVY RAIN
  RAIN
  LIGHT RAIN
  FOG


RELATIVE HUMIDITY (PERCENT)
 HIGHEST    93           800 PM
 LOWEST     66           900 AM
 AVERAGE    80

..........................................................


THE SPRINGFIELD MO CLIMATE NORMALS FOR TODAY
                         NORMAL    RECORD    YEAR
 MAXIMUM TEMPERATURE (F)   67        88      1936
 MINIMUM TEMPERATURE (F)   44        26      1950
                                             1928


SUNRISE AND SUNSET
APRIL 14 2014.........SUNRISE   640 AM CDT   SUNSET   748 PM CDT
APRIL 15 2014.........SUNRISE   639 AM CDT   SUNSET   749 PM CDT


-  INDICATES NEGATIVE NUMBERS.
R  INDICATES RECORD WAS SET OR TIED.
MM INDICATES DATA IS MISSING.
T  INDICATES TRACE AMOUNT.




$$
