000
CDUS43 KSGF 280629
CLISGF


CLIMATE REPORT
NATIONAL WEATHER SERVICE SPRINGFIELD MO
128 AM CDT THU MAY 28 2015


...................................

...THE SPRINGFIELD MO CLIMATE SUMMARY FOR MAY 27 2015...

CLIMATE NORMAL PERIOD 1981 TO 2010
CLIMATE RECORD PERIOD 1888 TO 2015


WEATHER ITEM   OBSERVED TIME   RECORD YEAR NORMAL DEPARTURE LAST
                VALUE   (LST)  VALUE       VALUE  FROM      YEAR
                                                  NORMAL
..................................................................
TEMPERATURE (F)
 YESTERDAY
  MAXIMUM         85    226 PM  91    2012  78      7       78
  MINIMUM         63    535 AM  37    1961  58      5       63
  AVERAGE         74                        68      6       71

PRECIPITATION (IN)
  YESTERDAY        0.11          1.47 1910   0.16  -0.05     0.32
  MONTH TO DATE    4.45                      4.51  -0.06     5.14
  SINCE MAR 1     11.02                     12.45  -1.43     9.55
  SINCE JAN 1     13.62                     17.44  -3.82    11.34

SNOWFALL (IN)
  YESTERDAY        0.0
  MONTH TO DATE    0.0
  SINCE MAR 1      1.2
  SINCE JUL 1     15.8
  SNOW DEPTH       0

DEGREE DAYS
 HEATING
  YESTERDAY        0                         1     -1        0
  MONTH TO DATE   60                        90    -30      112
  SINCE MAR 1    825                       971   -146     1065
  SINCE JUL 1   4532                      4564    -32     5020

 COOLING
  YESTERDAY        9                         4      5        6
  MONTH TO DATE  104                        69     35      147
  SINCE MAR 1    126                        94     32      161
  SINCE JAN 1    126                        94     32      161
..................................................................


WIND (MPH)
  HIGHEST WIND SPEED    33   HIGHEST WIND DIRECTION    SW (210)
  HIGHEST GUST SPEED    41   HIGHEST GUST DIRECTION    SW (210)
  AVERAGE WIND SPEED     5.3


SKY COVER
  AVERAGE SKY COVER 0.4


WEATHER CONDITIONS
 THE FOLLOWING WEATHER WAS RECORDED YESTERDAY.
  THUNDERSTORM
  LIGHT RAIN
  FOG


RELATIVE HUMIDITY (PERCENT)
 HIGHEST    93           500 AM
 LOWEST     54           200 PM
 AVERAGE    74

..........................................................


THE SPRINGFIELD MO CLIMATE NORMALS FOR TODAY
                         NORMAL    RECORD    YEAR
 MAXIMUM TEMPERATURE (F)   79        90      2012
 MINIMUM TEMPERATURE (F)   58        40      1947


SUNRISE AND SUNSET
MAY 28 2015...........SUNRISE   557 AM CDT   SUNSET   825 PM CDT
MAY 29 2015...........SUNRISE   556 AM CDT   SUNSET   826 PM CDT


-  INDICATES NEGATIVE NUMBERS.
R  INDICATES RECORD WAS SET OR TIED.
MM INDICATES DATA IS MISSING.
T  INDICATES TRACE AMOUNT.




$$
