000
CDUS43 KSGF 212126
CLISGF


CLIMATE REPORT
NATIONAL WEATHER SERVICE SPRINGFIELD MO
426 PM CDT MON APR 21 2014


...................................

...THE SPRINGFIELD MO CLIMATE SUMMARY FOR APRIL 21 2014...
VALID AS OF 0400 PM LOCAL TIME.

CLIMATE NORMAL PERIOD 1981 TO 2010
CLIMATE RECORD PERIOD 1888 TO 2014


WEATHER ITEM   OBSERVED TIME   RECORD YEAR NORMAL DEPARTURE LAST
                VALUE   (LST)  VALUE       VALUE  FROM      YEAR
                                                  NORMAL
..................................................................
TEMPERATURE (F)
 TODAY
  MAXIMUM         66    259 PM  93    1963  69     -3       68
  MINIMUM         59   1203 AM  28    1978  46     13       49
                                      1966
  AVERAGE         63                        58      5       59

PRECIPITATION (IN)
  TODAY            0.17          1.84 1961   0.15   0.02     0.00
  MONTH TO DATE    1.01                      2.83  -1.82     3.20
  SINCE MAR 1      3.34                      6.45  -3.11     7.97
  SINCE JAN 1      5.13                     11.44  -6.31    13.31

SNOWFALL (IN)
  TODAY            0.0
  MONTH TO DATE    T
  SINCE MAR 1      4.8
  SINCE JUL 1     32.2
  SNOW DEPTH       0

DEGREE DAYS
 HEATING
  TODAY            2                         8     -6        6
  MONTH TO DATE  216                       237    -21      243
  SINCE MAR 1    897                       818     79      960
  SINCE JUL 1   4852                      4411    441     4258

 COOLING
  TODAY            0                         1     -1        0
  MONTH TO DATE    8                        14     -6        9
  SINCE MAR 1      8                        17     -9        9
  SINCE JAN 1      8                        17     -9        9
..................................................................


WIND (MPH)
  HIGHEST WIND SPEED    16   HIGHEST WIND DIRECTION    SW (220)
  HIGHEST GUST SPEED    20   HIGHEST GUST DIRECTION    SW (220)


SKY COVER
  AVERAGE SKY COVER 0.9


WEATHER CONDITIONS
 THE FOLLOWING WEATHER WAS RECORDED TODAY.
  RAIN
  LIGHT RAIN
  FOG


RELATIVE HUMIDITY (PERCENT)
 HIGHEST    90           400 AM
 LOWEST     67           100 AM
 AVERAGE    79

..........................................................


THE SPRINGFIELD MO CLIMATE NORMALS FOR TOMORROW
                         NORMAL    RECORD    YEAR
 MAXIMUM TEMPERATURE (F)   69        89      1963
 MINIMUM TEMPERATURE (F)   46        30      1986
                                             1982


SUNRISE AND SUNSET
APRIL 21 2014.........SUNRISE   631 AM CDT   SUNSET   754 PM CDT
APRIL 22 2014.........SUNRISE   630 AM CDT   SUNSET   755 PM CDT


-  INDICATES NEGATIVE NUMBERS.
R  INDICATES RECORD WAS SET OR TIED.
MM INDICATES DATA IS MISSING.
T  INDICATES TRACE AMOUNT.




$$
