000
CDUS43 KSGF 232126
CLISGF


CLIMATE REPORT
NATIONAL WEATHER SERVICE SPRINGFIELD MO
425 PM CDT SAT SEP 23 2017


...................................

...THE SPRINGFIELD MO CLIMATE SUMMARY FOR SEPTEMBER 23 2017...
VALID AS OF 0400 PM LOCAL TIME.

CLIMATE NORMAL PERIOD 1981 TO 2010
CLIMATE RECORD PERIOD 1888 TO 2017


WEATHER ITEM   OBSERVED TIME   RECORD YEAR NORMAL DEPARTURE LAST
                VALUE   (LST)  VALUE       VALUE  FROM      YEAR
                                                  NORMAL
..................................................................
TEMPERATURE (F)
 TODAY
  MAXIMUM         92R   233 PM  92    1960  77     15       88
                                      1939
  MINIMUM         68    507 AM  35    1989  55     13       65
                                      1983
  AVERAGE         80                        66     14       77

PRECIPITATION (IN)
  TODAY            0.00          1.80 1996   0.15  -0.15     0.00
  MONTH TO DATE    0.43                      3.56  -3.13     3.70
  SINCE SEP 1      0.43                      3.56  -3.13     3.70
  SINCE JAN 1     43.01                     33.67   9.34    29.32

SNOWFALL (IN)
  TODAY            0.0
  MONTH TO DATE    0.0
  SINCE SEP 1      0.0
  SINCE JUL 1      0.0
  SNOW DEPTH       0

DEGREE DAYS
 HEATING
  TODAY            0                         3     -3        0
  MONTH TO DATE    6                        26    -20        0
  SINCE SEP 1      6                        26    -20        0
  SINCE JUL 1      6                        28    -22        0

 COOLING
  TODAY           15                         4     11       12
  MONTH TO DATE  175                       152     23      243
  SINCE SEP 1    175                       152     23      243
  SINCE JAN 1   1333                      1338     -5     1675
..................................................................


WIND (MPH)
  HIGHEST WIND SPEED    10   HIGHEST WIND DIRECTION     S (170)
  HIGHEST GUST SPEED    17   HIGHEST GUST DIRECTION     S (170)


SKY COVER
  AVERAGE SKY COVER 0.1


WEATHER CONDITIONS
 THE FOLLOWING WEATHER WAS RECORDED TODAY.
  NO SIGNIFICANT WEATHER WAS OBSERVED.


RELATIVE HUMIDITY (PERCENT)
 HIGHEST    93           500 AM
 LOWEST     38           200 PM
 AVERAGE    66

..........................................................


THE SPRINGFIELD MO CLIMATE NORMALS FOR TOMORROW
                         NORMAL    RECORD    YEAR
 MAXIMUM TEMPERATURE (F)   77        92      1939
 MINIMUM TEMPERATURE (F)   54        32      1989


SUNRISE AND SUNSET
SEPTEMBER 23 2017.....SUNRISE   702 AM CDT   SUNSET   708 PM CDT
SEPTEMBER 24 2017.....SUNRISE   703 AM CDT   SUNSET   707 PM CDT


-  INDICATES NEGATIVE NUMBERS.
R  INDICATES RECORD WAS SET OR TIED.
MM INDICATES DATA IS MISSING.
T  INDICATES TRACE AMOUNT.




$$
