000
CDUS43 KSGF 030631
CLISGF


CLIMATE REPORT
NATIONAL WEATHER SERVICE SPRINGFIELD MO
128 AM CDT MON AUG 3 2015


...................................

...THE SPRINGFIELD MO CLIMATE SUMMARY FOR AUGUST 2 2015...

CLIMATE NORMAL PERIOD 1981 TO 2010
CLIMATE RECORD PERIOD 1888 TO 2015


WEATHER ITEM   OBSERVED TIME   RECORD YEAR NORMAL DEPARTURE LAST
                VALUE   (LST)  VALUE       VALUE  FROM      YEAR
                                                  NORMAL
..................................................................
TEMPERATURE (F)
 YESTERDAY
  MAXIMUM         92    329 PM 108    2011  90      2       90
  MINIMUM         69    548 AM  53    1973  68      1       63
  AVERAGE         81                        79      2       77

PRECIPITATION (IN)
  YESTERDAY        0.00          2.35 2003   0.09  -0.09     0.00
  MONTH TO DATE    0.00                      0.19  -0.19      T
  SINCE JUN 1     13.99                      8.72   5.27     8.53
  SINCE JAN 1     29.39                     26.75   2.64    20.01

SNOWFALL (IN)
  YESTERDAY        0.0
  MONTH TO DATE    0.0
  SINCE JUN 1      0.0
  SINCE JUL 1      0.0
  SNOW DEPTH       0

DEGREE DAYS
 HEATING
  YESTERDAY        0                         0      0        0
  MONTH TO DATE    0                         0      0        0
  SINCE JUN 1      1                         9     -8        0
  SINCE JUL 1      0                         0      0        0

 COOLING
  YESTERDAY       16                        14      2       12
  MONTH TO DATE   28                        28      0       21
  SINCE JUN 1    841                       701    140      607
  SINCE JAN 1    983                       816    167      800
..................................................................


WIND (MPH)
  HIGHEST WIND SPEED    15   HIGHEST WIND DIRECTION    SW (240)
  HIGHEST GUST SPEED    20   HIGHEST GUST DIRECTION    SW (210)
  AVERAGE WIND SPEED     7.0


SKY COVER
  AVERAGE SKY COVER 0.1


WEATHER CONDITIONS
 THE FOLLOWING WEATHER WAS RECORDED YESTERDAY.
  NO SIGNIFICANT WEATHER WAS OBSERVED.


RELATIVE HUMIDITY (PERCENT)
 HIGHEST    90           400 AM
 LOWEST     36           100 PM
 AVERAGE    63

..........................................................


THE SPRINGFIELD MO CLIMATE NORMALS FOR TODAY
                         NORMAL    RECORD    YEAR
 MAXIMUM TEMPERATURE (F)   90       105      2011
 MINIMUM TEMPERATURE (F)   68        52      1976
                                             1974


SUNRISE AND SUNSET
AUGUST  3 2015........SUNRISE   620 AM CDT   SUNSET   819 PM CDT
AUGUST  4 2015........SUNRISE   621 AM CDT   SUNSET   818 PM CDT


-  INDICATES NEGATIVE NUMBERS.
R  INDICATES RECORD WAS SET OR TIED.
MM INDICATES DATA IS MISSING.
T  INDICATES TRACE AMOUNT.




$$
