000
CDUS43 KSGF 022326
CLISGF


CLIMATE REPORT
NATIONAL WEATHER SERVICE SPRINGFIELD MO
526 PM CST MON MAR 2 2015


...................................

...THE SPRINGFIELD MO CLIMATE SUMMARY FOR MARCH 2 2015...
VALID TODAY AS OF 0500 PM LOCAL TIME.

CLIMATE NORMAL PERIOD 1981 TO 2010
CLIMATE RECORD PERIOD 1888 TO 2015


WEATHER ITEM   OBSERVED TIME   RECORD YEAR NORMAL DEPARTURE LAST
                VALUE   (LST)  VALUE       VALUE  FROM      YEAR
                                                  NORMAL
..................................................................
TEMPERATURE (F)
 TODAY
  MAXIMUM         38    305 PM  79    1904  53    -15       26
  MINIMUM         20    614 AM   0    1943  31    -11        5
  AVERAGE         29                        42    -13       16

PRECIPITATION (IN)
  TODAY            0.00          1.71 1945   0.10  -0.10     0.14
  MONTH TO DATE    T                         0.20  -0.20     0.14
  SINCE MAR 1      T                         0.20  -0.20     0.14
  SINCE JAN 1      2.60                      5.19  -2.59     1.93

SNOWFALL (IN)
  TODAY            0.0
  MONTH TO DATE    T
  SINCE MAR 1      T
  SINCE JUL 1     14.6
  SNOW DEPTH       2

DEGREE DAYS
 HEATING
  TODAY           36                        23     13       49
  MONTH TO DATE   72                        46     26       75
  SINCE MAR 1     72                        46     26       75
  SINCE JUL 1   3779                      3639    140     4030

 COOLING
  TODAY            0                         0      0        0
  MONTH TO DATE    0                         0      0        0
  SINCE MAR 1      0                         0      0        0
  SINCE JAN 1      0                         0      0        0
..................................................................


WIND (MPH)
  HIGHEST WIND SPEED    20   HIGHEST WIND DIRECTION     E (110)
  HIGHEST GUST SPEED    24   HIGHEST GUST DIRECTION     E (110)


SKY COVER
  AVERAGE SKY COVER 0.3


WEATHER CONDITIONS
 THE FOLLOWING WEATHER WAS RECORDED TODAY.
  NO SIGNIFICANT WEATHER WAS OBSERVED.


RELATIVE HUMIDITY (PERCENT)
 HIGHEST    84           200 AM
 LOWEST     44          1100 AM
 AVERAGE    64

..........................................................


THE SPRINGFIELD MO CLIMATE NORMALS FOR TOMORROW
                         NORMAL    RECORD    YEAR
 MAXIMUM TEMPERATURE (F)   53        80      1983
 MINIMUM TEMPERATURE (F)   31        -4      1943


SUNRISE AND SUNSET
MARCH  2 2015.........SUNRISE   644 AM CST   SUNSET   608 PM CST
MARCH  3 2015.........SUNRISE   642 AM CST   SUNSET   609 PM CST


-  INDICATES NEGATIVE NUMBERS.
R  INDICATES RECORD WAS SET OR TIED.
MM INDICATES DATA IS MISSING.
T  INDICATES TRACE AMOUNT.




$$
