000
CDUS43 KSGF 260634
CLISGF


CLIMATE REPORT
NATIONAL WEATHER SERVICE SPRINGFIELD MO
131 AM CDT SUN MAR 26 2017


...................................

...THE SPRINGFIELD MO CLIMATE SUMMARY FOR MARCH 25 2017...

CLIMATE NORMAL PERIOD 1981 TO 2010
CLIMATE RECORD PERIOD 1888 TO 2017


WEATHER ITEM   OBSERVED TIME   RECORD YEAR NORMAL DEPARTURE LAST
                VALUE   (LST)  VALUE       VALUE  FROM      YEAR
                                                  NORMAL
..................................................................
TEMPERATURE (F)
 YESTERDAY
  MAXIMUM         61   1132 AM  83    1910  61      0       60
                                      1907
  MINIMUM         46   1103 PM   9    1955  38      8       27
  AVERAGE         54                        49      5       44

PRECIPITATION (IN)
  YESTERDAY        0.14          2.14 1920   0.12   0.02     0.00
  MONTH TO DATE    3.60                      2.84   0.76     1.90
  SINCE MAR 1      3.60                      2.84   0.76     1.90
  SINCE JAN 1      8.06                      7.83   0.23     3.18

SNOWFALL (IN)
  YESTERDAY        0.0
  MONTH TO DATE    0.1
  SINCE MAR 1      0.1
  SINCE JUL 1      1.8
  SNOW DEPTH       0

DEGREE DAYS
 HEATING
  YESTERDAY       11                        16     -5       21
  MONTH TO DATE  364                       490   -126      322
  SINCE MAR 1    364                       490   -126      322
  SINCE JUL 1   3053                      4083  -1030     3235

 COOLING
  YESTERDAY        0                         0      0        0
  MONTH TO DATE    6                         0      6        2
  SINCE MAR 1      6                         0      6        2
  SINCE JAN 1     15                         0     15        2
..................................................................


WIND (MPH)
  HIGHEST WIND SPEED    18   HIGHEST WIND DIRECTION     W (260)
  HIGHEST GUST SPEED    25   HIGHEST GUST DIRECTION     W (250)
  AVERAGE WIND SPEED    10.8


SKY COVER
  AVERAGE SKY COVER 0.8


WEATHER CONDITIONS
 THE FOLLOWING WEATHER WAS RECORDED YESTERDAY.
  THUNDERSTORM
  RAIN
  LIGHT RAIN
  FOG


RELATIVE HUMIDITY (PERCENT)
 HIGHEST    96           300 AM
 LOWEST     80          1200 PM
 AVERAGE    88

..........................................................


THE SPRINGFIELD MO CLIMATE NORMALS FOR TODAY
                         NORMAL    RECORD    YEAR
 MAXIMUM TEMPERATURE (F)   61        82      1910
 MINIMUM TEMPERATURE (F)   38         5      1955


SUNRISE AND SUNSET
MARCH 26 2017.........SUNRISE   708 AM CDT   SUNSET   731 PM CDT
MARCH 27 2017.........SUNRISE   706 AM CDT   SUNSET   732 PM CDT


-  INDICATES NEGATIVE NUMBERS.
R  INDICATES RECORD WAS SET OR TIED.
MM INDICATES DATA IS MISSING.
T  INDICATES TRACE AMOUNT.




$$
