000
CDUS43 KSGF 180649
CLISGF


CLIMATE REPORT
NATIONAL WEATHER SERVICE SPRINGFIELD MO
148 AM CDT THU SEP 18 2014


...................................

...THE SPRINGFIELD MO CLIMATE SUMMARY FOR SEPTEMBER 17 2014...

CLIMATE NORMAL PERIOD 1981 TO 2010
CLIMATE RECORD PERIOD 1888 TO 2014


WEATHER ITEM   OBSERVED TIME   RECORD YEAR NORMAL DEPARTURE LAST
                VALUE   (LST)  VALUE       VALUE  FROM      YEAR
                                                  NORMAL
..................................................................
TEMPERATURE (F)
 YESTERDAY
  MAXIMUM         70    206 PM  96    1953  80    -10       79
  MINIMUM         64    917 PM  39    1903  57      7       64
  AVERAGE         67                        68     -1       72

PRECIPITATION (IN)
  YESTERDAY        3.23R         3.23 2014   0.16   3.07     0.38
  MONTH TO DATE    4.95                      2.64   2.31     0.51
  SINCE SEP 1      4.95                      2.64   2.31     0.51
  SINCE JAN 1     26.92                     32.75  -5.83    38.66

SNOWFALL (IN)
  YESTERDAY        0.0
  MONTH TO DATE    0.0
  SINCE SEP 1      0.0
  SINCE JUL 1      0.0
  SNOW DEPTH       0

DEGREE DAYS
 HEATING
  YESTERDAY        0                         2     -2        0
  MONTH TO DATE   25                        11     14        0
  SINCE SEP 1     25                        11     14        0
  SINCE JUL 1     25                        13     12        0

 COOLING
  YESTERDAY        2                         5     -3        7
  MONTH TO DATE  124                       126     -2      180
  SINCE SEP 1    124                       126     -2      180
  SINCE JAN 1   1370                      1312     58     1323
..................................................................


WIND (MPH)
  HIGHEST WIND SPEED    30   HIGHEST WIND DIRECTION     E (80)
  HIGHEST GUST SPEED    36   HIGHEST GUST DIRECTION    NE (30)
  AVERAGE WIND SPEED     9.2


SKY COVER
  AVERAGE SKY COVER 0.7


WEATHER CONDITIONS
 THE FOLLOWING WEATHER WAS RECORDED YESTERDAY.
  THUNDERSTORM
  HEAVY RAIN
  RAIN
  LIGHT RAIN
  FOG


RELATIVE HUMIDITY (PERCENT)
 HIGHEST   100           500 AM
 LOWEST     81           300 PM
 AVERAGE    91

..........................................................


THE SPRINGFIELD MO CLIMATE NORMALS FOR TODAY
                         NORMAL    RECORD    YEAR
 MAXIMUM TEMPERATURE (F)   79        94      1960
 MINIMUM TEMPERATURE (F)   57        37      1981
                                             1973


SUNRISE AND SUNSET
SEPTEMBER 18 2014.....SUNRISE   658 AM CDT   SUNSET   717 PM CDT
SEPTEMBER 19 2014.....SUNRISE   659 AM CDT   SUNSET   715 PM CDT


-  INDICATES NEGATIVE NUMBERS.
R  INDICATES RECORD WAS SET OR TIED.
MM INDICATES DATA IS MISSING.
T  INDICATES TRACE AMOUNT.




$$
