000
CDUS43 KSGF 310635
CLISGF


CLIMATE REPORT
NATIONAL WEATHER SERVICE SPRINGFIELD MO
135 AM CDT SUN JUL 31 2016


...................................

...THE SPRINGFIELD MO CLIMATE SUMMARY FOR JULY 30 2016...

CLIMATE NORMAL PERIOD 1981 TO 2010
CLIMATE RECORD PERIOD 1888 TO 2016


WEATHER ITEM   OBSERVED TIME   RECORD YEAR NORMAL DEPARTURE LAST
                VALUE   (LST)  VALUE       VALUE  FROM      YEAR
                                                  NORMAL
..................................................................
TEMPERATURE (F)
 YESTERDAY
  MAXIMUM         87   1251 PM 108    1986  90     -3       89
  MINIMUM         68    552 AM  50    1971  68      0       69
  AVERAGE         78                        79     -1       79

PRECIPITATION (IN)
  YESTERDAY        0.00          2.52 1898   0.10  -0.10     0.00
  MONTH TO DATE    7.15                      3.58   3.57     9.21
  SINCE JUN 1     11.57                      8.43   3.14    13.99
  SINCE JAN 1     22.82                     26.46  -3.64    29.39

SNOWFALL (IN)
  YESTERDAY        0.0
  MONTH TO DATE    0.0
  SINCE JUN 1      0.0
  SINCE JUL 1      0.0
  SNOW DEPTH       0

DEGREE DAYS
 HEATING
  YESTERDAY        0                         0      0        0
  MONTH TO DATE    0                         0      0        0
  SINCE JUN 1      0                         9     -9        1
  SINCE JUL 1      0                         0      0        0

 COOLING
  YESTERDAY       13                        14     -1       14
  MONTH TO DATE  464                       397     67      449
  SINCE JUN 1    860                       660    200      799
  SINCE JAN 1    980                       775    205      941
..................................................................


WIND (MPH)
  HIGHEST WIND SPEED    10   HIGHEST WIND DIRECTION     E (70)
  HIGHEST GUST SPEED    13   HIGHEST GUST DIRECTION    NE (60)
  AVERAGE WIND SPEED     3.6


SKY COVER
  AVERAGE SKY COVER 0.1


WEATHER CONDITIONS
 THE FOLLOWING WEATHER WAS RECORDED YESTERDAY.
  FOG


RELATIVE HUMIDITY (PERCENT)
 HIGHEST    93           500 AM
 LOWEST     48           100 PM
 AVERAGE    71

..........................................................


THE SPRINGFIELD MO CLIMATE NORMALS FOR TODAY
                         NORMAL    RECORD    YEAR
 MAXIMUM TEMPERATURE (F)   90       104      1980
 MINIMUM TEMPERATURE (F)   68        46      1971


SUNRISE AND SUNSET
JULY 31 2016..........SUNRISE   618 AM CDT   SUNSET   821 PM CDT
AUGUST  1 2016........SUNRISE   619 AM CDT   SUNSET   820 PM CDT


-  INDICATES NEGATIVE NUMBERS.
R  INDICATES RECORD WAS SET OR TIED.
MM INDICATES DATA IS MISSING.
T  INDICATES TRACE AMOUNT.




$$
