000
CDUS43 KSGF 300627
CLISGF


CLIMATE REPORT
NATIONAL WEATHER SERVICE SPRINGFIELD MO
126 AM CDT MON MAY 30 2016


...................................

...THE SPRINGFIELD MO CLIMATE SUMMARY FOR MAY 29 2016...

CLIMATE NORMAL PERIOD 1981 TO 2010
CLIMATE RECORD PERIOD 1888 TO 2016


WEATHER ITEM   OBSERVED TIME   RECORD YEAR NORMAL DEPARTURE LAST
                VALUE   (LST)  VALUE       VALUE  FROM      YEAR
                                                  NORMAL
..................................................................
TEMPERATURE (F)
 YESTERDAY
  MAXIMUM         85    250 PM  90    2012  79      6       77
                                      1926
                                      1913
  MINIMUM         59    520 AM  38    1947  58      1       65
  AVERAGE         72                        69      3       71

PRECIPITATION (IN)
  YESTERDAY        0.00          2.07 1950   0.14  -0.14     1.51
  MONTH TO DATE    4.51                      4.80  -0.29     6.19
  SINCE MAR 1      9.95                     12.74  -2.79    12.76
  SINCE JAN 1     11.23                     17.73  -6.50    15.36

SNOWFALL (IN)
  YESTERDAY        0.0
  MONTH TO DATE    0.0
  SINCE MAR 1      T
  SINCE JUL 1      3.0
  SNOW DEPTH       0

DEGREE DAYS
 HEATING
  YESTERDAY        0                         1     -1        0
  MONTH TO DATE  129                        92     37       60
  SINCE MAR 1    716                       973   -257      825
  SINCE JUL 1   3629                      4566   -937     4532

 COOLING
  YESTERDAY        7                         5      2        6
  MONTH TO DATE   77                        79     -2      118
  SINCE MAR 1    104                       104      0      140
  SINCE JAN 1    104                       104      0      140
..................................................................


WIND (MPH)
  HIGHEST WIND SPEED    12   HIGHEST WIND DIRECTION     W (270)
  HIGHEST GUST SPEED    19   HIGHEST GUST DIRECTION     W (290)
  AVERAGE WIND SPEED     5.9


SKY COVER
  AVERAGE SKY COVER 0.1


WEATHER CONDITIONS
 THE FOLLOWING WEATHER WAS RECORDED YESTERDAY.
  FOG


RELATIVE HUMIDITY (PERCENT)
 HIGHEST    97           400 AM
 LOWEST     43           200 PM
 AVERAGE    70

..........................................................


THE SPRINGFIELD MO CLIMATE NORMALS FOR TODAY
                         NORMAL    RECORD    YEAR
 MAXIMUM TEMPERATURE (F)   79        94      1934
 MINIMUM TEMPERATURE (F)   59        38      1984
                                             1889


SUNRISE AND SUNSET
MAY 30 2016...........SUNRISE   555 AM CDT   SUNSET   827 PM CDT
MAY 31 2016...........SUNRISE   555 AM CDT   SUNSET   828 PM CDT


-  INDICATES NEGATIVE NUMBERS.
R  INDICATES RECORD WAS SET OR TIED.
MM INDICATES DATA IS MISSING.
T  INDICATES TRACE AMOUNT.




$$
