809
CDUS43 KSGF 180627
CLISGF


CLIMATE REPORT
NATIONAL WEATHER SERVICE SPRINGFIELD MO
1226 AM CST THU JAN 18 2018


...................................

...THE SPRINGFIELD MO CLIMATE SUMMARY FOR JANUARY 17 2018...

CLIMATE NORMAL PERIOD 1981 TO 2010
CLIMATE RECORD PERIOD 1888 TO 2018


WEATHER ITEM   OBSERVED TIME   RECORD YEAR NORMAL DEPARTURE LAST
                VALUE   (LST)  VALUE       VALUE  FROM      YEAR
                                                  NORMAL
..................................................................
TEMPERATURE (F)
 YESTERDAY
  MAXIMUM         21    421 PM  70    1894  43    -22       42
  MINIMUM         -8    703 AM -15    1930  22    -30       36
  AVERAGE          7                        32    -25       39

PRECIPITATION (IN)
  YESTERDAY        0.00          1.61 2004   0.08  -0.08      T
  MONTH TO DATE    0.79                      1.42  -0.63     3.50
  SINCE DEC 1      2.31                      4.46  -2.15     4.12
  SINCE JAN 1      0.79                      1.42  -0.63     3.50

SNOWFALL (IN)
  YESTERDAY        0.0
  MONTH TO DATE    2.7
  SINCE DEC 1      4.5
  SINCE JUL 1      4.5
  SNOW DEPTH       2

DEGREE DAYS
 HEATING
  YESTERDAY       58                        33     25       26
  MONTH TO DATE  702                       558    144      504
  SINCE DEC 1   1572                      1489     83     1401
  SINCE JUL 1   2256                      2368   -112     1917

 COOLING
  YESTERDAY        0                         0      0        0
  MONTH TO DATE    0                         0      0        0
  SINCE DEC 1      0                         0      0        0
  SINCE JAN 1      0                         0      0        0
..................................................................


WIND (MPH)
  HIGHEST WIND SPEED    13   HIGHEST WIND DIRECTION     S (180)
  HIGHEST GUST SPEED    14   HIGHEST GUST DIRECTION     S (180)
  AVERAGE WIND SPEED     4.1


SKY COVER
  AVERAGE SKY COVER 0.0


WEATHER CONDITIONS
 THE FOLLOWING WEATHER WAS RECORDED YESTERDAY.
  FOG


RELATIVE HUMIDITY (PERCENT)
 HIGHEST    91           900 AM
 LOWEST     61           600 PM
 AVERAGE    76

..........................................................


THE SPRINGFIELD MO CLIMATE NORMALS FOR TODAY
                         NORMAL    RECORD    YEAR
 MAXIMUM TEMPERATURE (F)   43        68      1974
 MINIMUM TEMPERATURE (F)   22       -17      1930


SUNRISE AND SUNSET
JANUARY 18 2018.......SUNRISE   725 AM CST   SUNSET   523 PM CST
JANUARY 19 2018.......SUNRISE   725 AM CST   SUNSET   524 PM CST


-  INDICATES NEGATIVE NUMBERS.
R  INDICATES RECORD WAS SET OR TIED.
MM INDICATES DATA IS MISSING.
T  INDICATES TRACE AMOUNT.




$$
