000
CDUS43 KSGF 310626
CLISGF


CLIMATE REPORT
NATIONAL WEATHER SERVICE SPRINGFIELD MO
1226 AM CST SAT JAN 31 2015


...................................

...THE SPRINGFIELD MO CLIMATE SUMMARY FOR JANUARY 30 2015...

CLIMATE NORMAL PERIOD 1981 TO 2010
CLIMATE RECORD PERIOD 1888 TO 2015


WEATHER ITEM   OBSERVED TIME   RECORD YEAR NORMAL DEPARTURE LAST
                VALUE   (LST)  VALUE       VALUE  FROM      YEAR
                                                  NORMAL
..................................................................
TEMPERATURE (F)
 YESTERDAY
  MAXIMUM         48    403 PM  74    1890  44      4       48
  MINIMUM         21    556 AM  -5    1966  23     -2       25
  AVERAGE         35                        34      1       37

PRECIPITATION (IN)
  YESTERDAY        0.00          2.55 1982   0.08  -0.08     0.00
  MONTH TO DATE    0.78                      2.39  -1.61     1.26
  SINCE DEC 1      2.55                      5.43  -2.88     3.82
  SINCE JAN 1      0.78                      2.39  -1.61     1.26

SNOWFALL (IN)
  YESTERDAY        0.0
  MONTH TO DATE    0.3
  SINCE DEC 1      0.8
  SINCE JUL 1      2.5
  SNOW DEPTH       0

DEGREE DAYS
 HEATING
  YESTERDAY       30                        31     -1       28
  MONTH TO DATE  914                       974    -60     1076
  SINCE DEC 1   1734                      1905   -171     2062
  SINCE JUL 1   2684                      2784   -100     2999

 COOLING
  YESTERDAY        0                         0      0        0
  MONTH TO DATE    0                         0      0        0
  SINCE DEC 1      0                         0      0        0
  SINCE JAN 1      0                         0      0        0
..................................................................


WIND (MPH)
  HIGHEST WIND SPEED    10   HIGHEST WIND DIRECTION    NE (60)
  HIGHEST GUST SPEED    13   HIGHEST GUST DIRECTION     E (70)
  AVERAGE WIND SPEED     4.6


SKY COVER
  AVERAGE SKY COVER 0.0


WEATHER CONDITIONS
 THE FOLLOWING WEATHER WAS RECORDED YESTERDAY.
  NO SIGNIFICANT WEATHER WAS OBSERVED.


RELATIVE HUMIDITY (PERCENT)
 HIGHEST    92           700 AM
 LOWEST     25           300 PM
 AVERAGE    59

..........................................................


THE SPRINGFIELD MO CLIMATE NORMALS FOR TODAY
                         NORMAL    RECORD    YEAR
 MAXIMUM TEMPERATURE (F)   45        73      1989
 MINIMUM TEMPERATURE (F)   23        -7      1899


SUNRISE AND SUNSET
JANUARY 31 2015.......SUNRISE   717 AM CST   SUNSET   537 PM CST
FEBRUARY  1 2015......SUNRISE   717 AM CST   SUNSET   538 PM CST


-  INDICATES NEGATIVE NUMBERS.
R  INDICATES RECORD WAS SET OR TIED.
MM INDICATES DATA IS MISSING.
T  INDICATES TRACE AMOUNT.




$$
