000
CDUS43 KSGF 030630
CLISGF


CLIMATE REPORT
NATIONAL WEATHER SERVICE SPRINGFIELD MO
129 AM CDT FRI JUL 3 2015


...................................

...THE SPRINGFIELD MO CLIMATE SUMMARY FOR JULY 2 2015...

CLIMATE NORMAL PERIOD 1981 TO 2010
CLIMATE RECORD PERIOD 1888 TO 2015


WEATHER ITEM   OBSERVED TIME   RECORD YEAR NORMAL DEPARTURE LAST
                VALUE   (LST)  VALUE       VALUE  FROM      YEAR
                                                  NORMAL
..................................................................
TEMPERATURE (F)
 YESTERDAY
  MAXIMUM         85    244 PM 100    1933  88     -3       79
  MINIMUM         68    140 AM  54    1959  67      1       59
  AVERAGE         77                        77      0       69

PRECIPITATION (IN)
  YESTERDAY        1.58R         1.50 1976   0.15   1.43      T
  MONTH TO DATE    1.99                      0.29   1.70      T
  SINCE JUN 1      6.77                      5.14   1.63     6.23
  SINCE JAN 1     22.17                     23.17  -1.00    17.71

SNOWFALL (IN)
  YESTERDAY        0.0
  MONTH TO DATE    0.0
  SINCE JUN 1      0.0
  SINCE JUL 1      0.0
  SNOW DEPTH       0

DEGREE DAYS
 HEATING
  YESTERDAY        0                         0      0        0
  MONTH TO DATE    0                         0      0        0
  SINCE JUN 1      1                         9     -8        0
  SINCE JUL 1      0                         0      0        0

 COOLING
  YESTERDAY       12                        12      0        4
  MONTH TO DATE   24                        24      0       17
  SINCE JUN 1    374                       287     87      311
  SINCE JAN 1    516                       402    114      504
..................................................................


WIND (MPH)
  HIGHEST WIND SPEED    26   HIGHEST WIND DIRECTION     N (20)
  HIGHEST GUST SPEED    31   HIGHEST GUST DIRECTION    NE (50)
  AVERAGE WIND SPEED     9.2


SKY COVER
  AVERAGE SKY COVER 0.8


WEATHER CONDITIONS
 THE FOLLOWING WEATHER WAS RECORDED YESTERDAY.
  THUNDERSTORM
  HEAVY RAIN
  LIGHT RAIN
  FOG


RELATIVE HUMIDITY (PERCENT)
 HIGHEST    93          1100 PM
 LOWEST     69           200 PM
 AVERAGE    81

..........................................................


THE SPRINGFIELD MO CLIMATE NORMALS FOR TODAY
                         NORMAL    RECORD    YEAR
 MAXIMUM TEMPERATURE (F)   88        98      2011
                                             1911
 MINIMUM TEMPERATURE (F)   67        52      2014
                                             1968


SUNRISE AND SUNSET
JULY  3 2015..........SUNRISE   558 AM CDT   SUNSET   838 PM CDT
JULY  4 2015..........SUNRISE   558 AM CDT   SUNSET   837 PM CDT


-  INDICATES NEGATIVE NUMBERS.
R  INDICATES RECORD WAS SET OR TIED.
MM INDICATES DATA IS MISSING.
T  INDICATES TRACE AMOUNT.




$$
