000
CDUS43 KSGF 210634
CLISGF


CLIMATE REPORT
NATIONAL WEATHER SERVICE SPRINGFIELD MO
133 AM CDT TUE OCT 21 2014


...................................

...THE SPRINGFIELD MO CLIMATE SUMMARY FOR OCTOBER 20 2014...

CLIMATE NORMAL PERIOD 1981 TO 2010
CLIMATE RECORD PERIOD 1888 TO 2014


WEATHER ITEM   OBSERVED TIME   RECORD YEAR NORMAL DEPARTURE LAST
                VALUE   (LST)  VALUE       VALUE  FROM      YEAR
                                                  NORMAL
..................................................................
TEMPERATURE (F)
 YESTERDAY
  MAXIMUM         74    402 PM  88    1979  68      6       68
  MINIMUM         50   1159 PM  24    1964  45      5       40
                                      1960
  AVERAGE         62                        57      5       54

PRECIPITATION (IN)
  YESTERDAY        0.00          1.73 1983   0.12  -0.12     0.00
  MONTH TO DATE    7.22                      2.30   4.92     3.64
  SINCE SEP 1     12.22                      6.91   5.31     5.82
  SINCE JAN 1     34.19                     37.02  -2.83    43.97

SNOWFALL (IN)
  YESTERDAY        0.0
  MONTH TO DATE    0.0
  SINCE SEP 1      0.0
  SINCE JUL 1      0.0
  SNOW DEPTH       0

DEGREE DAYS
 HEATING
  YESTERDAY        3                         9     -6       11
  MONTH TO DATE  121                       134    -13      133
  SINCE SEP 1    152                       187    -35      147
  SINCE JUL 1    152                       189    -37      147

 COOLING
  YESTERDAY        0                         1     -1        0
  MONTH TO DATE   29                        26      3       44
  SINCE SEP 1    208                       199      9      274
  SINCE JAN 1   1454                      1385     69     1417
..................................................................


WIND (MPH)
  HIGHEST WIND SPEED    14   HIGHEST WIND DIRECTION     W (260)
  HIGHEST GUST SPEED    18   HIGHEST GUST DIRECTION     W (270)
  AVERAGE WIND SPEED     3.9


SKY COVER
  AVERAGE SKY COVER 0.5


WEATHER CONDITIONS
 THE FOLLOWING WEATHER WAS RECORDED YESTERDAY.
  FOG
  HAZE


RELATIVE HUMIDITY (PERCENT)
 HIGHEST    93           400 AM
 LOWEST     49           300 PM
 AVERAGE    71

..........................................................


THE SPRINGFIELD MO CLIMATE NORMALS FOR TODAY
                         NORMAL    RECORD    YEAR
 MAXIMUM TEMPERATURE (F)   68        88      1978
 MINIMUM TEMPERATURE (F)   45        25      1987


SUNRISE AND SUNSET
OCTOBER 21 2014.......SUNRISE   727 AM CDT   SUNSET   629 PM CDT
OCTOBER 22 2014.......SUNRISE   728 AM CDT   SUNSET   627 PM CDT


-  INDICATES NEGATIVE NUMBERS.
R  INDICATES RECORD WAS SET OR TIED.
MM INDICATES DATA IS MISSING.
T  INDICATES TRACE AMOUNT.




$$
