000
CDUS43 KSGF 192227
CLISGF


CLIMATE REPORT
NATIONAL WEATHER SERVICE SPRINGFIELD MO
527 PM CDT WED JUL 19 2017


...................................

...THE SPRINGFIELD MO CLIMATE SUMMARY FOR JULY 19 2017...
VALID TODAY AS OF 0500 PM LOCAL TIME.

CLIMATE NORMAL PERIOD 1981 TO 2010
CLIMATE RECORD PERIOD 1888 TO 2017


WEATHER ITEM   OBSERVED TIME   RECORD YEAR NORMAL DEPARTURE LAST
                VALUE   (LST)  VALUE       VALUE  FROM      YEAR
                                                  NORMAL
..................................................................
TEMPERATURE (F)
 TODAY
  MAXIMUM         94    359 PM 103    1980  89      5       93
                                      1954
                                      1934
  MINIMUM         70    514 AM  57    2014  68      2       74
                                      2009
                                      1984
  AVERAGE         82                        78      4       84

PRECIPITATION (IN)
  TODAY            0.00          2.42 1906   0.11  -0.11     0.00
  MONTH TO DATE    0.63                      2.43  -1.80     3.17
  SINCE JUN 1      5.62                      7.28  -1.66     7.59
  SINCE JAN 1     34.32                     25.31   9.01    18.84

SNOWFALL (IN)
  TODAY            0.0
  MONTH TO DATE    0.0
  SINCE JUN 1      0.0
  SINCE JUL 1      0.0
  SNOW DEPTH       0

DEGREE DAYS
 HEATING
  TODAY            0                         0      0        0
  MONTH TO DATE    0                         0      0        0
  SINCE JUN 1      0                         9     -9        0
  SINCE JUL 1      0                         0      0        0

 COOLING
  TODAY           17                        14      3       19
  MONTH TO DATE  272                       243     29      268
  SINCE JUN 1    542                       506     36      664
  SINCE JAN 1    690                       621     69      784
..................................................................


WIND (MPH)
  HIGHEST WIND SPEED    14   HIGHEST WIND DIRECTION     S (200)
  HIGHEST GUST SPEED    17   HIGHEST GUST DIRECTION     S (180)


SKY COVER
  AVERAGE SKY COVER 0.0


WEATHER CONDITIONS
 THE FOLLOWING WEATHER WAS RECORDED TODAY.
  NO SIGNIFICANT WEATHER WAS OBSERVED.


RELATIVE HUMIDITY (PERCENT)
 HIGHEST    93           500 AM
 LOWEST     41           200 PM
 AVERAGE    67

..........................................................


THE SPRINGFIELD MO CLIMATE NORMALS FOR TOMORROW
                         NORMAL    RECORD    YEAR
 MAXIMUM TEMPERATURE (F)   89       103      2006
 MINIMUM TEMPERATURE (F)   68        49      1970


SUNRISE AND SUNSET
JULY 19 2017..........SUNRISE   608 AM CDT   SUNSET   831 PM CDT
JULY 20 2017..........SUNRISE   609 AM CDT   SUNSET   830 PM CDT


-  INDICATES NEGATIVE NUMBERS.
R  INDICATES RECORD WAS SET OR TIED.
MM INDICATES DATA IS MISSING.
T  INDICATES TRACE AMOUNT.




$$
