000
CDUS43 KSGF 200631
CLISGF


CLIMATE REPORT
NATIONAL WEATHER SERVICE SPRINGFIELD MO
130 AM CDT FRI OCT 20 2017


...................................

...THE SPRINGFIELD MO CLIMATE SUMMARY FOR OCTOBER 19 2017...

CLIMATE NORMAL PERIOD 1981 TO 2010
CLIMATE RECORD PERIOD 1888 TO 2017


WEATHER ITEM   OBSERVED TIME   RECORD YEAR NORMAL DEPARTURE LAST
                VALUE   (LST)  VALUE       VALUE  FROM      YEAR
                                                  NORMAL
..................................................................
TEMPERATURE (F)
 YESTERDAY
  MAXIMUM         80    352 PM  88    2005  68     12       83
  MINIMUM         47    304 AM  26    1917  46      1       58
  AVERAGE         64                        57      7       71

PRECIPITATION (IN)
  YESTERDAY        0.00          1.90 1983   0.12  -0.12     1.17
  MONTH TO DATE    1.04                      2.18  -1.14     3.77
  SINCE SEP 1      1.63                      6.79  -5.16     7.66
  SINCE JAN 1     44.21                     36.90   7.31    33.28

SNOWFALL (IN)
  YESTERDAY        0.0
  MONTH TO DATE    0.0
  SINCE SEP 1      0.0
  SINCE JUL 1      0.0
  SNOW DEPTH       0

DEGREE DAYS
 HEATING
  YESTERDAY        1                         9     -8        0
  MONTH TO DATE   60                       125    -65       53
  SINCE SEP 1     68                       178   -110       67
  SINCE JUL 1     68                       180   -112       67

 COOLING
  YESTERDAY        0                         1     -1        6
  MONTH TO DATE   82                        25     57       76
  SINCE SEP 1    300                       198    102      342
  SINCE JAN 1   1458                      1384     74     1774
..................................................................


WIND (MPH)
  HIGHEST WIND SPEED    14   HIGHEST WIND DIRECTION     S (170)
  HIGHEST GUST SPEED    22   HIGHEST GUST DIRECTION    SE (150)
  AVERAGE WIND SPEED     8.1


SKY COVER
  AVERAGE SKY COVER 0.0


WEATHER CONDITIONS
 THE FOLLOWING WEATHER WAS RECORDED YESTERDAY.
  NO SIGNIFICANT WEATHER WAS OBSERVED.


RELATIVE HUMIDITY (PERCENT)
 HIGHEST    89           700 AM
 LOWEST     30           400 PM
 AVERAGE    60

..........................................................


THE SPRINGFIELD MO CLIMATE NORMALS FOR TODAY
                         NORMAL    RECORD    YEAR
 MAXIMUM TEMPERATURE (F)   68        88      1979
 MINIMUM TEMPERATURE (F)   45        24      1964
                                             1960


SUNRISE AND SUNSET
OCTOBER 20 2017.......SUNRISE   726 AM CDT   SUNSET   630 PM CDT
OCTOBER 21 2017.......SUNRISE   727 AM CDT   SUNSET   628 PM CDT


-  INDICATES NEGATIVE NUMBERS.
R  INDICATES RECORD WAS SET OR TIED.
MM INDICATES DATA IS MISSING.
T  INDICATES TRACE AMOUNT.




$$
