000
CDUS43 KSGF 160626
CLISGF


CLIMATE REPORT
NATIONAL WEATHER SERVICE SPRINGFIELD MO
125 AM CDT WED AUG 16 2017


...................................

...THE SPRINGFIELD MO CLIMATE SUMMARY FOR AUGUST 15 2017...

CLIMATE NORMAL PERIOD 1981 TO 2010
CLIMATE RECORD PERIOD 1888 TO 2017


WEATHER ITEM   OBSERVED TIME   RECORD YEAR NORMAL DEPARTURE LAST
                VALUE   (LST)  VALUE       VALUE  FROM      YEAR
                                                  NORMAL
..................................................................
TEMPERATURE (F)
 YESTERDAY
  MAXIMUM         87    346 PM 102    2007  90     -3       76
                                      1936
  MINIMUM         67    611 AM  49    2004  67      0       67
  AVERAGE         77                        78     -1       72

PRECIPITATION (IN)
  YESTERDAY        0.02          3.39 1976   0.11  -0.09     0.06
  MONTH TO DATE    5.02                      1.58   3.44     1.42
  SINCE JUN 1     11.79                     10.11   1.68    13.17
  SINCE JAN 1     40.49                     28.14  12.35    24.42

SNOWFALL (IN)
  YESTERDAY        0.0
  MONTH TO DATE    0.0
  SINCE JUN 1      0.0
  SINCE JUL 1      0.0
  SNOW DEPTH       0

DEGREE DAYS
 HEATING
  YESTERDAY        0                         0      0        0
  MONTH TO DATE    0                         0      0        0
  SINCE JUN 1      0                         9     -9        0
  SINCE JUL 1      0                         0      0        0

 COOLING
  YESTERDAY       12                        13     -1        7
  MONTH TO DATE  131                       208    -77      241
  SINCE JUN 1    866                       881    -15     1113
  SINCE JAN 1   1014                       996     18     1233
..................................................................


WIND (MPH)
  HIGHEST WIND SPEED    15   HIGHEST WIND DIRECTION    SE (130)
  HIGHEST GUST SPEED    18   HIGHEST GUST DIRECTION    SE (130)
  AVERAGE WIND SPEED     6.4


SKY COVER
  AVERAGE SKY COVER 0.3


WEATHER CONDITIONS
 THE FOLLOWING WEATHER WAS RECORDED YESTERDAY.
  THUNDERSTORM
  LIGHT RAIN
  FOG


RELATIVE HUMIDITY (PERCENT)
 HIGHEST   100          1200 AM
 LOWEST     65           300 PM
 AVERAGE    83

..........................................................


THE SPRINGFIELD MO CLIMATE NORMALS FOR TODAY
                         NORMAL    RECORD    YEAR
 MAXIMUM TEMPERATURE (F)   90       105      1936
 MINIMUM TEMPERATURE (F)   67        48      1992


SUNRISE AND SUNSET
AUGUST 16 2017........SUNRISE   631 AM CDT   SUNSET   804 PM CDT
AUGUST 17 2017........SUNRISE   632 AM CDT   SUNSET   802 PM CDT


-  INDICATES NEGATIVE NUMBERS.
R  INDICATES RECORD WAS SET OR TIED.
MM INDICATES DATA IS MISSING.
T  INDICATES TRACE AMOUNT.




$$
