000
CDUS43 KSGF 190630
CLISGF


CLIMATE REPORT
NATIONAL WEATHER SERVICE SPRINGFIELD MO
1230 AM CST SUN NOV 19 2017


...................................

...THE SPRINGFIELD MO CLIMATE SUMMARY FOR NOVEMBER 18 2017...

CLIMATE NORMAL PERIOD 1981 TO 2010
CLIMATE RECORD PERIOD 1888 TO 2017


WEATHER ITEM   OBSERVED TIME   RECORD YEAR NORMAL DEPARTURE LAST
                VALUE   (LST)  VALUE       VALUE  FROM      YEAR
                                                  NORMAL
..................................................................
TEMPERATURE (F)
 YESTERDAY
  MAXIMUM         71    502 AM  78    1930  56     15       69
  MINIMUM         38   1159 PM   9    2014  34      4       37
  AVERAGE         55                        45     10       53

PRECIPITATION (IN)
  YESTERDAY        0.05          4.23 1985   0.14  -0.09     0.00
  MONTH TO DATE    0.37                      2.56  -2.19     2.21
  SINCE SEP 1      3.45                     10.76  -7.31     9.90
  SINCE JAN 1     46.03                     40.87   5.16    35.52

SNOWFALL (IN)
  YESTERDAY        0.0
  MONTH TO DATE    0.0
  SINCE SEP 1      0.0
  SINCE JUL 1      0.0
  SNOW DEPTH       0

DEGREE DAYS
 HEATING
  YESTERDAY       10                        20    -10       12
  MONTH TO DATE  251                       293    -42      160
  SINCE SEP 1    490                       599   -109      262
  SINCE JUL 1    490                       601   -111      262

 COOLING
  YESTERDAY        0                         0      0        0
  MONTH TO DATE    4                         0      4       17
  SINCE SEP 1    309                       201    108      376
  SINCE JAN 1   1467                      1387     80     1808
..................................................................


WIND (MPH)
  HIGHEST WIND SPEED    35   HIGHEST WIND DIRECTION    NW (330)
  HIGHEST GUST SPEED    44   HIGHEST GUST DIRECTION    NW (330)
  AVERAGE WIND SPEED    16.5


SKY COVER
  AVERAGE SKY COVER 0.3


WEATHER CONDITIONS
 THE FOLLOWING WEATHER WAS RECORDED YESTERDAY.
  LIGHT RAIN
  FOG


RELATIVE HUMIDITY (PERCENT)
 HIGHEST    96           200 PM
 LOWEST     68           400 AM
 AVERAGE    82

..........................................................


THE SPRINGFIELD MO CLIMATE NORMALS FOR TODAY
                         NORMAL    RECORD    YEAR
 MAXIMUM TEMPERATURE (F)   55        76      1979
 MINIMUM TEMPERATURE (F)   34        13      1914


SUNRISE AND SUNSET
NOVEMBER 19 2017......SUNRISE   657 AM CST   SUNSET   501 PM CST
NOVEMBER 20 2017......SUNRISE   658 AM CST   SUNSET   500 PM CST


-  INDICATES NEGATIVE NUMBERS.
R  INDICATES RECORD WAS SET OR TIED.
MM INDICATES DATA IS MISSING.
T  INDICATES TRACE AMOUNT.




$$
