759
CDUS43 KSGF 280626
CLISGF


CLIMATE REPORT
NATIONAL WEATHER SERVICE SPRINGFIELD MO
125 AM CDT SAT MAY 28 2016


...................................

...THE SPRINGFIELD MO CLIMATE SUMMARY FOR MAY 27 2016...

CLIMATE NORMAL PERIOD 1981 TO 2010
CLIMATE RECORD PERIOD 1888 TO 2016


WEATHER ITEM   OBSERVED TIME   RECORD YEAR NORMAL DEPARTURE LAST
                VALUE   (LST)  VALUE       VALUE  FROM      YEAR
                                                  NORMAL
..................................................................
TEMPERATURE (F)
 YESTERDAY
  MAXIMUM         75    104 PM  91    2012  78     -3       85
  MINIMUM         66   1159 PM  37    1961  58      8       63
  AVERAGE         71                        68      3       74

PRECIPITATION (IN)
  YESTERDAY        0.01          1.47 1910   0.16  -0.15     0.11
  MONTH TO DATE    4.51                      4.51   0.00     4.45
  SINCE MAR 1      9.95                     12.45  -2.50    11.02
  SINCE JAN 1     11.23                     17.44  -6.21    13.62

SNOWFALL (IN)
  YESTERDAY        0.0
  MONTH TO DATE    0.0
  SINCE MAR 1      T
  SINCE JUL 1      3.0
  SNOW DEPTH       0

DEGREE DAYS
 HEATING
  YESTERDAY        0                         1     -1        0
  MONTH TO DATE  129                        90     39       60
  SINCE MAR 1    716                       971   -255      825
  SINCE JUL 1   3629                      4564   -935     4532

 COOLING
  YESTERDAY        6                         4      2        9
  MONTH TO DATE   64                        69     -5      104
  SINCE MAR 1     91                        94     -3      126
  SINCE JAN 1     91                        94     -3      126
..................................................................


WIND (MPH)
  HIGHEST WIND SPEED    17   HIGHEST WIND DIRECTION    SE (140)
  HIGHEST GUST SPEED    22   HIGHEST GUST DIRECTION    SE (140)
  AVERAGE WIND SPEED    10.8


SKY COVER
  AVERAGE SKY COVER 0.6


WEATHER CONDITIONS
 THE FOLLOWING WEATHER WAS RECORDED YESTERDAY.
  LIGHT RAIN


RELATIVE HUMIDITY (PERCENT)
 HIGHEST    90           300 AM
 LOWEST     73           900 AM
 AVERAGE    82

..........................................................


THE SPRINGFIELD MO CLIMATE NORMALS FOR TODAY
                         NORMAL    RECORD    YEAR
 MAXIMUM TEMPERATURE (F)   79        90      2012
 MINIMUM TEMPERATURE (F)   58        40      1947


SUNRISE AND SUNSET
MAY 28 2016...........SUNRISE   556 AM CDT   SUNSET   826 PM CDT
MAY 29 2016...........SUNRISE   556 AM CDT   SUNSET   827 PM CDT


-  INDICATES NEGATIVE NUMBERS.
R  INDICATES RECORD WAS SET OR TIED.
MM INDICATES DATA IS MISSING.
T  INDICATES TRACE AMOUNT.




$$
