000
CDUS43 KSGF 090645
CLISGF


CLIMATE REPORT
NATIONAL WEATHER SERVICE SPRINGFIELD MO
144 AM CDT WED JUL 9 2014


...................................

...THE SPRINGFIELD MO CLIMATE SUMMARY FOR JULY 8 2014...

CLIMATE NORMAL PERIOD 1981 TO 2010
CLIMATE RECORD PERIOD 1888 TO 2014


WEATHER ITEM   OBSERVED TIME   RECORD YEAR NORMAL DEPARTURE LAST
                VALUE   (LST)  VALUE       VALUE  FROM      YEAR
                                                  NORMAL
..................................................................
TEMPERATURE (F)
 YESTERDAY
  MAXIMUM         84    334 PM  99    2012  88     -4       92
  MINIMUM         66    511 AM  53    1891  67     -1       72
  AVERAGE         75                        78     -3       82

PRECIPITATION (IN)
  YESTERDAY        1.45          2.60 1933   0.13   1.32     0.00
  MONTH TO DATE    1.72                      1.09   0.63     0.49
  SINCE JUN 1      7.95                      5.94   2.01     2.75
  SINCE JAN 1     19.43                     23.97  -4.54    26.47

SNOWFALL (IN)
  YESTERDAY        0.0
  MONTH TO DATE    0.0
  SINCE JUN 1      0.0
  SINCE JUL 1      0.0
  SNOW DEPTH       0

DEGREE DAYS
 HEATING
  YESTERDAY        0                         0      0        0
  MONTH TO DATE    0                         0      0        0
  SINCE JUN 1      0                         9     -9       14
  SINCE JUL 1      0                         0      0        0

 COOLING
  YESTERDAY       10                        13     -3       17
  MONTH TO DATE   68                        99    -31       76
  SINCE JUN 1    362                       362      0      360
  SINCE JAN 1    555                       477     78      487
..................................................................


WIND (MPH)
  HIGHEST WIND SPEED    40   HIGHEST WIND DIRECTION     N (360)
  HIGHEST GUST SPEED    53   HIGHEST GUST DIRECTION     N (10)
  AVERAGE WIND SPEED    11.0


SKY COVER
  AVERAGE SKY COVER 0.3


WEATHER CONDITIONS
 THE FOLLOWING WEATHER WAS RECORDED YESTERDAY.
  THUNDERSTORM
  HEAVY RAIN
  RAIN
  LIGHT RAIN
  FOG


RELATIVE HUMIDITY (PERCENT)
 HIGHEST    93           800 AM
 LOWEST     51           500 PM
 AVERAGE    72

..........................................................


THE SPRINGFIELD MO CLIMATE NORMALS FOR TODAY
                         NORMAL    RECORD    YEAR
 MAXIMUM TEMPERATURE (F)   88       103      1978
 MINIMUM TEMPERATURE (F)   67        53      1961
                                             1891


SUNRISE AND SUNSET
JULY  9 2014..........SUNRISE   601 AM CDT   SUNSET   836 PM CDT
JULY 10 2014..........SUNRISE   602 AM CDT   SUNSET   836 PM CDT


-  INDICATES NEGATIVE NUMBERS.
R  INDICATES RECORD WAS SET OR TIED.
MM INDICATES DATA IS MISSING.
T  INDICATES TRACE AMOUNT.




$$
