000
CDUS43 KSGF 252226
CLISGF


CLIMATE REPORT
NATIONAL WEATHER SERVICE SPRINGFIELD MO
426 PM CST THU DEC 25 2014


...................................

...THE SPRINGFIELD MO CLIMATE SUMMARY FOR DECEMBER 25 2014...
VALID AS OF 0400 PM LOCAL TIME.

CLIMATE NORMAL PERIOD 1981 TO 2010
CLIMATE RECORD PERIOD 1888 TO 2014


WEATHER ITEM   OBSERVED TIME   RECORD YEAR NORMAL DEPARTURE LAST
                VALUE   (LST)  VALUE       VALUE  FROM      YEAR
                                                  NORMAL
..................................................................
TEMPERATURE (F)
 TODAY
  MAXIMUM         54    211 PM  74    1889  43     11       37
  MINIMUM         30    603 AM -10    1983  23      7       26
  AVERAGE         42                        33      9       32

PRECIPITATION (IN)
  TODAY            0.00          1.47 1888   0.08  -0.08     0.00
  MONTH TO DATE    1.62                      2.53  -0.91     2.56
  SINCE DEC 1      1.62                      2.53  -0.91     2.56
  SINCE JAN 1     38.44                     45.06  -6.62    51.84

SNOWFALL (IN)
  TODAY            0.0
  MONTH TO DATE    0.5
  SINCE DEC 1      0.5
  SINCE JUL 1      2.2
  SNOW DEPTH       0

DEGREE DAYS
 HEATING
  TODAY           23                        32     -9       33
  MONTH TO DATE  628                       740   -112      802
  SINCE DEC 1    628                       740   -112      802
  SINCE JUL 1   1578                      1619    -41     1739

 COOLING
  TODAY            0                         0      0        0
  MONTH TO DATE    0                         0      0        0
  SINCE DEC 1      0                         0      0        0
  SINCE JAN 1   1470                      1389     81     1417
..................................................................


WIND (MPH)
  HIGHEST WIND SPEED    30   HIGHEST WIND DIRECTION     S (190)
  HIGHEST GUST SPEED    35   HIGHEST GUST DIRECTION     S (190)


SKY COVER
  AVERAGE SKY COVER 0.0


WEATHER CONDITIONS
 THE FOLLOWING WEATHER WAS RECORDED TODAY.
  NO SIGNIFICANT WEATHER WAS OBSERVED.


RELATIVE HUMIDITY (PERCENT)
 HIGHEST    85          1200 AM
 LOWEST     35           200 PM
 AVERAGE    60

..........................................................


THE SPRINGFIELD MO CLIMATE NORMALS FOR TOMORROW
                         NORMAL    RECORD    YEAR
 MAXIMUM TEMPERATURE (F)   43        68      2008
                                             1971
 MINIMUM TEMPERATURE (F)   23       -10      1892


SUNRISE AND SUNSET
DECEMBER 25 2014......SUNRISE   725 AM CST   SUNSET   502 PM CST
DECEMBER 26 2014......SUNRISE   726 AM CST   SUNSET   503 PM CST


-  INDICATES NEGATIVE NUMBERS.
R  INDICATES RECORD WAS SET OR TIED.
MM INDICATES DATA IS MISSING.
T  INDICATES TRACE AMOUNT.




$$
