000
CDUS43 KSGF 202227
CLISGF


CLIMATE REPORT
NATIONAL WEATHER SERVICE SPRINGFIELD MO
527 PM CDT TUE JUN 20 2017


...................................

...THE SPRINGFIELD MO CLIMATE SUMMARY FOR JUNE 20 2017...
VALID TODAY AS OF 0500 PM LOCAL TIME.

CLIMATE NORMAL PERIOD 1981 TO 2010
CLIMATE RECORD PERIOD 1888 TO 2017


WEATHER ITEM   OBSERVED TIME   RECORD YEAR NORMAL DEPARTURE LAST
                VALUE   (LST)  VALUE       VALUE  FROM      YEAR
                                                  NORMAL
..................................................................
TEMPERATURE (F)
 TODAY
  MAXIMUM         89    345 PM 101    1936  85      4       92
  MINIMUM         61    502 AM  46    1976  64     -3       72
  AVERAGE         75                        75      0       82

PRECIPITATION (IN)
  TODAY            0.00          3.00 1924   0.18  -0.18     0.00
  MONTH TO DATE    1.46                      3.26  -1.80     1.40
  SINCE JUN 1      1.46                      3.26  -1.80     1.40
  SINCE JAN 1     30.16                     21.29   8.87    12.65

SNOWFALL (IN)
  TODAY            0.0
  MONTH TO DATE    0.0
  SINCE JUN 1      0.0
  SINCE JUL 1      1.8
  SNOW DEPTH       0

DEGREE DAYS
 HEATING
  TODAY            0                         0      0        0
  MONTH TO DATE    0                         7     -7        0
  SINCE JUN 1      0                         7     -7        0
  SINCE JUL 1   3355                      4576  -1221     3629

 COOLING
  TODAY           10                        10      0       17
  MONTH TO DATE  183                       154     29      239
  SINCE JUN 1    183                       154     29      239
  SINCE JAN 1    331                       269     62      359
..................................................................


WIND (MPH)
  HIGHEST WIND SPEED    13   HIGHEST WIND DIRECTION     W (270)
  HIGHEST GUST SPEED    17   HIGHEST GUST DIRECTION     W (260)


SKY COVER
  AVERAGE SKY COVER 0.0


WEATHER CONDITIONS
 THE FOLLOWING WEATHER WAS RECORDED TODAY.
  NO SIGNIFICANT WEATHER WAS OBSERVED.


RELATIVE HUMIDITY (PERCENT)
 HIGHEST    97           500 AM
 LOWEST     38           300 PM
 AVERAGE    68

..........................................................


THE SPRINGFIELD MO CLIMATE NORMALS FOR TOMORROW
                         NORMAL    RECORD    YEAR
 MAXIMUM TEMPERATURE (F)   85        99      1936
 MINIMUM TEMPERATURE (F)   65        49      1976


SUNRISE AND SUNSET
JUNE 20 2017..........SUNRISE   553 AM CDT   SUNSET   837 PM CDT
JUNE 21 2017..........SUNRISE   554 AM CDT   SUNSET   837 PM CDT


-  INDICATES NEGATIVE NUMBERS.
R  INDICATES RECORD WAS SET OR TIED.
MM INDICATES DATA IS MISSING.
T  INDICATES TRACE AMOUNT.




$$
