000
CDUS43 KSGF 210631
CLISGF


CLIMATE REPORT
NATIONAL WEATHER SERVICE SPRINGFIELD MO
130 AM CDT SUN MAY 21 2017


...................................

...THE SPRINGFIELD MO CLIMATE SUMMARY FOR MAY 20 2017...

CLIMATE NORMAL PERIOD 1981 TO 2010
CLIMATE RECORD PERIOD 1888 TO 2017


WEATHER ITEM   OBSERVED TIME   RECORD YEAR NORMAL DEPARTURE LAST
                VALUE   (LST)  VALUE       VALUE  FROM      YEAR
                                                  NORMAL
..................................................................
TEMPERATURE (F)
 YESTERDAY
  MAXIMUM         71    117 PM  90    1964  76     -5       66
  MINIMUM         53   1159 PM  38    1981  56     -3       53
  AVERAGE         62                        66     -4       60

PRECIPITATION (IN)
  YESTERDAY        0.69          2.20 1896   0.16   0.53      T
  MONTH TO DATE    5.62                      3.44   2.18     3.74
  SINCE MAR 1     22.44                     11.38  11.06     9.18
  SINCE JAN 1     26.90                     16.37  10.53    10.46

SNOWFALL (IN)
  YESTERDAY        0.0
  MONTH TO DATE    0.0
  SINCE MAR 1      0.1
  SINCE JUL 1      1.8
  SNOW DEPTH       0

DEGREE DAYS
 HEATING
  YESTERDAY        3                         2      1        5
  MONTH TO DATE   52                        77    -25      126
  SINCE MAR 1    643                       958   -315      713
  SINCE JUL 1   3332                      4551  -1219     3626

 COOLING
  YESTERDAY        0                         3     -3        0
  MONTH TO DATE   63                        42     21       25
  SINCE MAR 1    104                        67     37       52
  SINCE JAN 1    113                        67     46       52
..................................................................


WIND (MPH)
  HIGHEST WIND SPEED    23   HIGHEST WIND DIRECTION    SE (140)
  HIGHEST GUST SPEED    29   HIGHEST GUST DIRECTION    SE (130)
  AVERAGE WIND SPEED    10.1


SKY COVER
  AVERAGE SKY COVER 0.8


WEATHER CONDITIONS
 THE FOLLOWING WEATHER WAS RECORDED YESTERDAY.
  THUNDERSTORM
  RAIN
  LIGHT RAIN
  FOG


RELATIVE HUMIDITY (PERCENT)
 HIGHEST    93           100 AM
 LOWEST     68           600 PM
 AVERAGE    81

..........................................................


THE SPRINGFIELD MO CLIMATE NORMALS FOR TODAY
                         NORMAL    RECORD    YEAR
 MAXIMUM TEMPERATURE (F)   77        91      1987
 MINIMUM TEMPERATURE (F)   56        36      1892


SUNRISE AND SUNSET
MAY 21 2017...........SUNRISE   600 AM CDT   SUNSET   820 PM CDT
MAY 22 2017...........SUNRISE   600 AM CDT   SUNSET   821 PM CDT


-  INDICATES NEGATIVE NUMBERS.
R  INDICATES RECORD WAS SET OR TIED.
MM INDICATES DATA IS MISSING.
T  INDICATES TRACE AMOUNT.




$$
