000
CDUS43 KSGF 262126
CLISGF


CLIMATE REPORT
NATIONAL WEATHER SERVICE SPRINGFIELD MO
426 PM CDT SUN OCT 26 2014


...................................

...THE SPRINGFIELD MO CLIMATE SUMMARY FOR OCTOBER 26 2014...
VALID AS OF 0400 PM LOCAL TIME.

CLIMATE NORMAL PERIOD 1981 TO 2010
CLIMATE RECORD PERIOD 1888 TO 2014


WEATHER ITEM   OBSERVED TIME   RECORD YEAR NORMAL DEPARTURE LAST
                VALUE   (LST)  VALUE       VALUE  FROM      YEAR
                                                  NORMAL
..................................................................
TEMPERATURE (F)
 TODAY
  MAXIMUM         84    237 PM  86    1891  66     18       63
  MINIMUM         57    455 AM  21    1942  44     13       39
  AVERAGE         71                        55     16       51

PRECIPITATION (IN)
  TODAY            0.00          3.98 1919   0.11  -0.11     0.00
  MONTH TO DATE    7.24                      3.01   4.23     3.64
  SINCE SEP 1     12.24                      7.62   4.62     5.82
  SINCE JAN 1     34.21                     37.73  -3.52    43.97

SNOWFALL (IN)
  TODAY            0.0
  MONTH TO DATE    0.0
  SINCE SEP 1      0.0
  SINCE JUL 1      0.0
  SNOW DEPTH       0

DEGREE DAYS
 HEATING
  TODAY            0                        11    -11       14
  MONTH TO DATE  141                       194    -53      248
  SINCE SEP 1    172                       247    -75      262
  SINCE JUL 1    172                       249    -77      262

 COOLING
  TODAY            6                         0      6        0
  MONTH TO DATE   40                        27     13       44
  SINCE SEP 1    219                       200     19      274
  SINCE JAN 1   1465                      1386     79     1417
..................................................................


WIND (MPH)
  HIGHEST WIND SPEED    26   HIGHEST WIND DIRECTION     S (190)
  HIGHEST GUST SPEED    35   HIGHEST GUST DIRECTION    SW (210)


SKY COVER
  AVERAGE SKY COVER 0.0


WEATHER CONDITIONS
 THE FOLLOWING WEATHER WAS RECORDED TODAY.
  FOG


RELATIVE HUMIDITY (PERCENT)
 HIGHEST   100           300 AM
 LOWEST     40           200 PM
 AVERAGE    70

..........................................................


THE SPRINGFIELD MO CLIMATE NORMALS FOR TOMORROW
                         NORMAL    RECORD    YEAR
 MAXIMUM TEMPERATURE (F)   65        84      1999
                                             1977
                                             1950
 MINIMUM TEMPERATURE (F)   43        23      1957


SUNRISE AND SUNSET
OCTOBER 26 2014.......SUNRISE   732 AM CDT   SUNSET   622 PM CDT
OCTOBER 27 2014.......SUNRISE   733 AM CDT   SUNSET   621 PM CDT


-  INDICATES NEGATIVE NUMBERS.
R  INDICATES RECORD WAS SET OR TIED.
MM INDICATES DATA IS MISSING.
T  INDICATES TRACE AMOUNT.




$$
