000
CDUS43 KSGF 132231
CLISGF


CLIMATE REPORT
NATIONAL WEATHER SERVICE SPRINGFIELD MO
531 PM CDT SAT SEP 13 2014


...................................

...THE SPRINGFIELD MO CLIMATE SUMMARY FOR SEPTEMBER 13 2014...
VALID TODAY AS OF 0500 PM LOCAL TIME.

CLIMATE NORMAL PERIOD 1981 TO 2010
CLIMATE RECORD PERIOD 1888 TO 2014


WEATHER ITEM   OBSERVED TIME   RECORD YEAR NORMAL DEPARTURE LAST
                VALUE   (LST)  VALUE       VALUE  FROM      YEAR
                                                  NORMAL
..................................................................
TEMPERATURE (F)
 TODAY
  MAXIMUM         67    330 PM  99    2011  81    -14       77
  MINIMUM         45    654 AM  38    1902  59    -14       59
  AVERAGE         56                        70    -14       68

PRECIPITATION (IN)
  TODAY            T             2.42 1961   0.16  -0.16     0.00
  MONTH TO DATE    1.72                      2.01  -0.29     0.04
  SINCE SEP 1      1.72                      2.01  -0.29     0.04
  SINCE JAN 1     23.69                     32.12  -8.43    38.19

SNOWFALL (IN)
  TODAY            0.0
  MONTH TO DATE    0.0
  SINCE SEP 1      0.0
  SINCE JUL 1      0.0
  SNOW DEPTH       0

DEGREE DAYS
 HEATING
  TODAY            9                         1      8        0
  MONTH TO DATE   22                         5     17        0
  SINCE SEP 1     22                         5     17        0
  SINCE JUL 1     22                         7     15        0

 COOLING
  TODAY            0                         6     -6        3
  MONTH TO DATE  107                       104      3      158
  SINCE SEP 1    107                       104      3      158
  SINCE JAN 1   1353                      1290     63     1301
..................................................................


WIND (MPH)
  HIGHEST WIND SPEED    18   HIGHEST WIND DIRECTION    NE (40)
  HIGHEST GUST SPEED    23   HIGHEST GUST DIRECTION     N (10)


SKY COVER
  AVERAGE SKY COVER 0.4


WEATHER CONDITIONS
 THE FOLLOWING WEATHER WAS RECORDED TODAY.
  FOG


RELATIVE HUMIDITY (PERCENT)
 HIGHEST    86          1200 AM
 LOWEST     40           200 PM
 AVERAGE    63

..........................................................


THE SPRINGFIELD MO CLIMATE NORMALS FOR TOMORROW
                         NORMAL    RECORD    YEAR
 MAXIMUM TEMPERATURE (F)   81       102      1893
 MINIMUM TEMPERATURE (F)   58        43      1974


SUNRISE AND SUNSET
SEPTEMBER 13 2014.....SUNRISE   654 AM CDT   SUNSET   724 PM CDT
SEPTEMBER 14 2014.....SUNRISE   655 AM CDT   SUNSET   723 PM CDT


-  INDICATES NEGATIVE NUMBERS.
R  INDICATES RECORD WAS SET OR TIED.
MM INDICATES DATA IS MISSING.
T  INDICATES TRACE AMOUNT.




$$
