646
CDUS43 KSGF 260626
CLISGF


CLIMATE REPORT
NATIONAL WEATHER SERVICE SPRINGFIELD MO
126 AM CDT TUE APR 26 2016


...................................

...THE SPRINGFIELD MO CLIMATE SUMMARY FOR APRIL 25 2016...

CLIMATE NORMAL PERIOD 1981 TO 2010
CLIMATE RECORD PERIOD 1888 TO 2016


WEATHER ITEM   OBSERVED TIME   RECORD YEAR NORMAL DEPARTURE LAST
                VALUE   (LST)  VALUE       VALUE  FROM      YEAR
                                                  NORMAL
..................................................................
TEMPERATURE (F)
 YESTERDAY
  MAXIMUM         80    416 PM  85    1984  70     10       74
  MINIMUM         60    334 AM  29    1910  48     12       56
  AVERAGE         70                        59     11       65

PRECIPITATION (IN)
  YESTERDAY        0.00          2.31 2011   0.16  -0.16     0.00
  MONTH TO DATE    0.83                      3.48  -2.65     3.19
  SINCE MAR 1      3.77                      7.10  -3.33     6.57
  SINCE JAN 1      5.05                     12.09  -7.04     9.17

SNOWFALL (IN)
  YESTERDAY        0.0
  MONTH TO DATE    0.0
  SINCE MAR 1      T
  SINCE JUL 1      3.0
  SNOW DEPTH       0

DEGREE DAYS
 HEATING
  YESTERDAY        0                         7     -7        0
  MONTH TO DATE  176                       268    -92      172
  SINCE MAR 1    574                       849   -275      719
  SINCE JUL 1   3487                      4442   -955     4426

 COOLING
  YESTERDAY        5                         1      4        0
  MONTH TO DATE   15                        18     -3       22
  SINCE MAR 1     17                        21     -4       22
  SINCE JAN 1     17                        21     -4       22
..................................................................


WIND (MPH)
  HIGHEST WIND SPEED    20   HIGHEST WIND DIRECTION     S (190)
  HIGHEST GUST SPEED    24   HIGHEST GUST DIRECTION     S (200)
  AVERAGE WIND SPEED    11.2


SKY COVER
  AVERAGE SKY COVER 0.6


WEATHER CONDITIONS
 THE FOLLOWING WEATHER WAS RECORDED YESTERDAY.
  NO SIGNIFICANT WEATHER WAS OBSERVED.


RELATIVE HUMIDITY (PERCENT)
 HIGHEST    73          1000 PM
 LOWEST     48           500 PM
 AVERAGE    61

..........................................................


THE SPRINGFIELD MO CLIMATE NORMALS FOR TODAY
                         NORMAL    RECORD    YEAR
 MAXIMUM TEMPERATURE (F)   70        88      1989
 MINIMUM TEMPERATURE (F)   48        30      1976


SUNRISE AND SUNSET
APRIL 26 2016.........SUNRISE   624 AM CDT   SUNSET   759 PM CDT
APRIL 27 2016.........SUNRISE   623 AM CDT   SUNSET   800 PM CDT


-  INDICATES NEGATIVE NUMBERS.
R  INDICATES RECORD WAS SET OR TIED.
MM INDICATES DATA IS MISSING.
T  INDICATES TRACE AMOUNT.




$$
