000
CDUS43 KSGF 250627
CLISGF


CLIMATE REPORT
NATIONAL WEATHER SERVICE SPRINGFIELD MO
126 AM CDT MON AUG 25 2014


...................................

...THE SPRINGFIELD MO CLIMATE SUMMARY FOR AUGUST 24 2014...

CLIMATE NORMAL PERIOD 1981 TO 2010
CLIMATE RECORD PERIOD 1888 TO 2014


WEATHER ITEM   OBSERVED TIME   RECORD YEAR NORMAL DEPARTURE LAST
                VALUE   (LST)  VALUE       VALUE  FROM      YEAR
                                                  NORMAL
..................................................................
TEMPERATURE (F)
 YESTERDAY
  MAXIMUM        100R   417 PM 100    1938  88     12       89
                                      1922
  MINIMUM         68    528 AM  44    1891  66      2       72
  AVERAGE         84                        77      7       81

PRECIPITATION (IN)
  YESTERDAY        0.00          1.81 1914   0.12  -0.12     0.00
  MONTH TO DATE    1.17                      2.62  -1.45     5.84
  SINCE JUN 1      9.70                     11.15  -1.45    14.43
  SINCE JAN 1     21.18                     29.18  -8.00    38.15

SNOWFALL (IN)
  YESTERDAY        0.0
  MONTH TO DATE    0.0
  SINCE JUN 1      0.0
  SINCE JUL 1      0.0
  SNOW DEPTH       0

DEGREE DAYS
 HEATING
  YESTERDAY        0                         0      0        0
  MONTH TO DATE    0                         0      0        0
  SINCE JUN 1      0                         9     -9       14
  SINCE JUL 1      0                         0      0        0

 COOLING
  YESTERDAY       19                        12      7       16
  MONTH TO DATE  340                       322     18      242
  SINCE JUN 1    926                       995    -69      899
  SINCE JAN 1   1119                      1110      9     1026
..................................................................


WIND (MPH)
  HIGHEST WIND SPEED    15   HIGHEST WIND DIRECTION     S (180)
  HIGHEST GUST SPEED    18   HIGHEST GUST DIRECTION    SE (150)
  AVERAGE WIND SPEED     6.9


SKY COVER
  AVERAGE SKY COVER 0.0


WEATHER CONDITIONS
 THE FOLLOWING WEATHER WAS RECORDED YESTERDAY.
  NO SIGNIFICANT WEATHER WAS OBSERVED.


RELATIVE HUMIDITY (PERCENT)
 HIGHEST    84           400 AM
 LOWEST     21           400 PM
 AVERAGE    53

..........................................................


THE SPRINGFIELD MO CLIMATE NORMALS FOR TODAY
                         NORMAL    RECORD    YEAR
 MAXIMUM TEMPERATURE (F)   88       100      1938
 MINIMUM TEMPERATURE (F)   66        50      1958


SUNRISE AND SUNSET
AUGUST 25 2014........SUNRISE   638 AM CDT   SUNSET   752 PM CDT
AUGUST 26 2014........SUNRISE   639 AM CDT   SUNSET   751 PM CDT


-  INDICATES NEGATIVE NUMBERS.
R  INDICATES RECORD WAS SET OR TIED.
MM INDICATES DATA IS MISSING.
T  INDICATES TRACE AMOUNT.




$$
