000
CDUS43 KSGF 200636
CLISGF


CLIMATE REPORT
NATIONAL WEATHER SERVICE SPRINGFIELD MO
136 AM CDT SAT SEP 20 2014


...................................

...THE SPRINGFIELD MO CLIMATE SUMMARY FOR SEPTEMBER 19 2014...

CLIMATE NORMAL PERIOD 1981 TO 2010
CLIMATE RECORD PERIOD 1888 TO 2014


WEATHER ITEM   OBSERVED TIME   RECORD YEAR NORMAL DEPARTURE LAST
                VALUE   (LST)  VALUE       VALUE  FROM      YEAR
                                                  NORMAL
..................................................................
TEMPERATURE (F)
 YESTERDAY
  MAXIMUM         79    316 PM  96    1954  79      0       90
  MINIMUM         60    537 AM  37    1991  56      4       69
  AVERAGE         70                        68      2       80

PRECIPITATION (IN)
  YESTERDAY        0.00          2.23 1924   0.16  -0.16     0.38
  MONTH TO DATE    4.99                      2.95   2.04     1.27
  SINCE SEP 1      4.99                      2.95   2.04     1.27
  SINCE JAN 1     26.96                     33.06  -6.10    39.42

SNOWFALL (IN)
  YESTERDAY        0.0
  MONTH TO DATE    0.0
  SINCE SEP 1      0.0
  SINCE JUL 1      0.0
  SNOW DEPTH       0

DEGREE DAYS
 HEATING
  YESTERDAY        0                         2     -2        0
  MONTH TO DATE   25                        15     10        0
  SINCE SEP 1     25                        15     10        0
  SINCE JUL 1     25                        17      8        0

 COOLING
  YESTERDAY        5                         5      0       15
  MONTH TO DATE  132                       136     -4      206
  SINCE SEP 1    132                       136     -4      206
  SINCE JAN 1   1378                      1322     56     1349
..................................................................


WIND (MPH)
  HIGHEST WIND SPEED    14   HIGHEST WIND DIRECTION     S (170)
  HIGHEST GUST SPEED    18   HIGHEST GUST DIRECTION     S (170)
  AVERAGE WIND SPEED     7.8


SKY COVER
  AVERAGE SKY COVER 0.3


WEATHER CONDITIONS
 THE FOLLOWING WEATHER WAS RECORDED YESTERDAY.
  FOG


RELATIVE HUMIDITY (PERCENT)
 HIGHEST    97           500 AM
 LOWEST     58           300 PM
 AVERAGE    78

..........................................................


THE SPRINGFIELD MO CLIMATE NORMALS FOR TODAY
                         NORMAL    RECORD    YEAR
 MAXIMUM TEMPERATURE (F)   78        97      1954
 MINIMUM TEMPERATURE (F)   56        37      1991


SUNRISE AND SUNSET
SEPTEMBER 20 2014.....SUNRISE   700 AM CDT   SUNSET   713 PM CDT
SEPTEMBER 21 2014.....SUNRISE   701 AM CDT   SUNSET   712 PM CDT


-  INDICATES NEGATIVE NUMBERS.
R  INDICATES RECORD WAS SET OR TIED.
MM INDICATES DATA IS MISSING.
T  INDICATES TRACE AMOUNT.




$$
