000
CDUS43 KSGF 090627
CLISGF


CLIMATE REPORT
NATIONAL WEATHER SERVICE SPRINGFIELD MO
1227 AM CST SAT DEC 9 2017


...................................

...THE SPRINGFIELD MO CLIMATE SUMMARY FOR DECEMBER 8 2017...

CLIMATE NORMAL PERIOD 1981 TO 2010
CLIMATE RECORD PERIOD 1888 TO 2017


WEATHER ITEM   OBSERVED TIME   RECORD YEAR NORMAL DEPARTURE LAST
                VALUE   (LST)  VALUE       VALUE  FROM      YEAR
                                                  NORMAL
..................................................................
TEMPERATURE (F)
 YESTERDAY
  MAXIMUM         40    338 PM  77    1991  47     -7       30
  MINIMUM         11    734 AM  -9    1917  26    -15       14
  AVERAGE         26                        36    -10       22

PRECIPITATION (IN)
  YESTERDAY        0.00          1.33 1901   0.11  -0.11     0.00
  MONTH TO DATE    0.05                      0.92  -0.87     0.17
  SINCE DEC 1      0.05                      0.92  -0.87     0.17
  SINCE JAN 1     46.08                     43.45   2.63    35.80

SNOWFALL (IN)
  YESTERDAY        0.0
  MONTH TO DATE    0.0
  SINCE DEC 1      0.0
  SINCE JUL 1      0.0
  SNOW DEPTH       0

DEGREE DAYS
 HEATING
  YESTERDAY       39                        29     10       43
  MONTH TO DATE  174                       219    -45      232
  SINCE DEC 1    174                       219    -45      232
  SINCE JUL 1    858                      1098   -240      748

 COOLING
  YESTERDAY        0                         0      0        0
  MONTH TO DATE    0                         0      0        0
  SINCE DEC 1      0                         0      0        0
  SINCE JAN 1   1467                      1389     78     1808
..................................................................


WIND (MPH)
  HIGHEST WIND SPEED    14   HIGHEST WIND DIRECTION     W (260)
  HIGHEST GUST SPEED    19   HIGHEST GUST DIRECTION     W (250)
  AVERAGE WIND SPEED     6.9


SKY COVER
  AVERAGE SKY COVER 0.1


WEATHER CONDITIONS
 THE FOLLOWING WEATHER WAS RECORDED YESTERDAY.
  NO SIGNIFICANT WEATHER WAS OBSERVED.


RELATIVE HUMIDITY (PERCENT)
 HIGHEST    76           600 AM
 LOWEST     23           200 PM
 AVERAGE    50

..........................................................


THE SPRINGFIELD MO CLIMATE NORMALS FOR TODAY
                         NORMAL    RECORD    YEAR
 MAXIMUM TEMPERATURE (F)   46        71      1940
 MINIMUM TEMPERATURE (F)   26        -8      1917


SUNRISE AND SUNSET
DECEMBER  9 2017......SUNRISE   716 AM CST   SUNSET   456 PM CST
DECEMBER 10 2017......SUNRISE   717 AM CST   SUNSET   456 PM CST


-  INDICATES NEGATIVE NUMBERS.
R  INDICATES RECORD WAS SET OR TIED.
MM INDICATES DATA IS MISSING.
T  INDICATES TRACE AMOUNT.




$$
