000
CDUS43 KSGF 292128
CLISGF


CLIMATE REPORT
NATIONAL WEATHER SERVICE SPRINGFIELD MO
428 PM CDT TUE JUL 29 2014


...................................

...THE SPRINGFIELD MO CLIMATE SUMMARY FOR JULY 29 2014...
VALID AS OF 0400 PM LOCAL TIME.

CLIMATE NORMAL PERIOD 1981 TO 2010
CLIMATE RECORD PERIOD 1888 TO 2014


WEATHER ITEM   OBSERVED TIME   RECORD YEAR NORMAL DEPARTURE LAST
                VALUE   (LST)  VALUE       VALUE  FROM      YEAR
                                                  NORMAL
..................................................................
TEMPERATURE (F)
 TODAY
  MAXIMUM         86    233 PM 106    2012  90     -4       83
                                      1986
  MINIMUM         58    544 AM  52    1965  68    -10       66
  AVERAGE         72                        79     -7       75

PRECIPITATION (IN)
  TODAY            0.00          1.78 1911   0.10  -0.10     0.39
  MONTH TO DATE    2.25                      3.48  -1.23     4.07
  SINCE JUN 1      8.48                      8.33   0.15     6.33
  SINCE JAN 1     19.96                     26.36  -6.40    30.05

SNOWFALL (IN)
  TODAY            0.0
  MONTH TO DATE    0.0
  SINCE JUN 1      0.0
  SINCE JUL 1      0.0
  SNOW DEPTH       0

DEGREE DAYS
 HEATING
  TODAY            0                         0      0        0
  MONTH TO DATE    0                         0      0        0
  SINCE JUN 1      0                         9     -9       14
  SINCE JUL 1      0                         0      0        0

 COOLING
  TODAY            7                        14     -7       10
  MONTH TO DATE  279                       383   -104      349
  SINCE JUN 1    573                       646    -73      633
  SINCE JAN 1    766                       761      5      760
..................................................................


WIND (MPH)
  HIGHEST WIND SPEED    12   HIGHEST WIND DIRECTION     N (340)
  HIGHEST GUST SPEED    14   HIGHEST GUST DIRECTION    NW (330)


SKY COVER
  AVERAGE SKY COVER 0.1


WEATHER CONDITIONS
 THE FOLLOWING WEATHER WAS RECORDED TODAY.
  NO SIGNIFICANT WEATHER WAS OBSERVED.


RELATIVE HUMIDITY (PERCENT)
 HIGHEST    84           100 AM
 LOWEST     34           200 PM
 AVERAGE    59

..........................................................


THE SPRINGFIELD MO CLIMATE NORMALS FOR TOMORROW
                         NORMAL    RECORD    YEAR
 MAXIMUM TEMPERATURE (F)   90       108      1986
 MINIMUM TEMPERATURE (F)   68        50      1971


SUNRISE AND SUNSET
JULY 29 2014..........SUNRISE   616 AM CDT   SUNSET   824 PM CDT
JULY 30 2014..........SUNRISE   617 AM CDT   SUNSET   823 PM CDT


-  INDICATES NEGATIVE NUMBERS.
R  INDICATES RECORD WAS SET OR TIED.
MM INDICATES DATA IS MISSING.
T  INDICATES TRACE AMOUNT.




$$
