000
CDUS43 KSGF 250645
CLISGF


CLIMATE REPORT
NATIONAL WEATHER SERVICE SPRINGFIELD MO
1245 AM CST SUN FEB 25 2018


...................................

...THE SPRINGFIELD MO CLIMATE SUMMARY FOR FEBRUARY 24 2018...

CLIMATE NORMAL PERIOD 1981 TO 2010
CLIMATE RECORD PERIOD 1888 TO 2018


WEATHER ITEM   OBSERVED TIME   RECORD YEAR NORMAL DEPARTURE LAST
                VALUE   (LST)  VALUE       VALUE  FROM      YEAR
                                                  NORMAL
..................................................................
TEMPERATURE (F)
 YESTERDAY
  MAXIMUM         56    453 PM  79    1956  51      5       70
  MINIMUM         36   1159 PM   4    1910  29      7       30
  AVERAGE         46                        40      6       50

PRECIPITATION (IN)
  YESTERDAY        2.86R         2.20 2001   0.10   2.76     0.00
  MONTH TO DATE    7.50                      2.12   5.38     0.29
  SINCE DEC 1     10.98                      7.63   3.35     4.98
  SINCE JAN 1      9.46                      4.59   4.87     4.36

SNOWFALL (IN)
  YESTERDAY       MM
  MONTH TO DATE    0.9
  SINCE DEC 1      5.4
  SINCE JUL 1      5.4
  SNOW DEPTH       0

DEGREE DAYS
 HEATING
  YESTERDAY       19                        25     -6       15
  MONTH TO DATE  655                       682    -27      402
  SINCE DEC 1   2547                      2616    -69     2096
  SINCE JUL 1   3231                      3495   -264     2612

 COOLING
  YESTERDAY        0                         0      0        0
  MONTH TO DATE    1                         0      1        7
  SINCE DEC 1      1                         0      1        7
  SINCE JAN 1      1                         0      1        7
..................................................................


WIND (MPH)
  HIGHEST WIND SPEED    29   HIGHEST WIND DIRECTION     W (280)
  HIGHEST GUST SPEED    39   HIGHEST GUST DIRECTION     W (280)
  AVERAGE WIND SPEED    12.9


SKY COVER
  AVERAGE SKY COVER 1.0


WEATHER CONDITIONS
 THE FOLLOWING WEATHER WAS RECORDED YESTERDAY.
  THUNDERSTORM
  HEAVY RAIN
  RAIN
  LIGHT RAIN
  FOG


RELATIVE HUMIDITY (PERCENT)
 HIGHEST   100           100 AM
 LOWEST     76          1000 PM
 AVERAGE    88

..........................................................


THE SPRINGFIELD MO CLIMATE NORMALS FOR TODAY
                         NORMAL    RECORD    YEAR
 MAXIMUM TEMPERATURE (F)   51        74      1981
 MINIMUM TEMPERATURE (F)   29         0      1965


SUNRISE AND SUNSET
FEBRUARY 25 2018......SUNRISE   650 AM CST   SUNSET   604 PM CST
FEBRUARY 26 2018......SUNRISE   649 AM CST   SUNSET   605 PM CST


-  INDICATES NEGATIVE NUMBERS.
R  INDICATES RECORD WAS SET OR TIED.
MM INDICATES DATA IS MISSING.
T  INDICATES TRACE AMOUNT.




$$
