000
CDUS43 KSGF 150644
CLISGF


CLIMATE REPORT
NATIONAL WEATHER SERVICE SPRINGFIELD MO
1244 AM CST SUN JAN 15 2017


...................................

...THE SPRINGFIELD MO CLIMATE SUMMARY FOR JANUARY 14 2017...

CLIMATE NORMAL PERIOD 1981 TO 2010
CLIMATE RECORD PERIOD 1888 TO 2017


WEATHER ITEM   OBSERVED TIME   RECORD YEAR NORMAL DEPARTURE LAST
                VALUE   (LST)  VALUE       VALUE  FROM      YEAR
                                                  NORMAL
..................................................................
TEMPERATURE (F)
 YESTERDAY
  MAXIMUM         35    300 PM  72    1928  43     -8       64
  MINIMUM         33    953 PM -12    1979  22     11       35
  AVERAGE         34                        32      2       50

PRECIPITATION (IN)
  YESTERDAY        0.83          1.08 1937   0.08   0.75     0.00
  MONTH TO DATE    2.68                      1.18   1.50     0.69
  SINCE DEC 1      3.30                      4.22  -0.92    12.12
  SINCE JAN 1      2.68                      1.18   1.50     0.69

SNOWFALL (IN)
  YESTERDAY       MM
  MONTH TO DATE    1.5
  SINCE DEC 1      1.7
  SINCE JUL 1      1.7
  SNOW DEPTH      MM

DEGREE DAYS
 HEATING
  YESTERDAY       31                        33     -2       15
  MONTH TO DATE  439                       459    -20      429
  SINCE DEC 1   1336                      1390    -54     1078
  SINCE JUL 1   1852                      2269   -417     1723

 COOLING
  YESTERDAY        0                         0      0        0
  MONTH TO DATE    0                         0      0        0
  SINCE DEC 1      0                         0      0        0
  SINCE JAN 1      0                         0      0        0
..................................................................


WIND (MPH)
  HIGHEST WIND SPEED    12   HIGHEST WIND DIRECTION     E (100)
  HIGHEST GUST SPEED    19   HIGHEST GUST DIRECTION     N (20)
  AVERAGE WIND SPEED     5.5


SKY COVER
  AVERAGE SKY COVER 1.0


WEATHER CONDITIONS
 THE FOLLOWING WEATHER WAS RECORDED YESTERDAY.
  HEAVY RAIN
  RAIN
  LIGHT RAIN
  FOG


RELATIVE HUMIDITY (PERCENT)
 HIGHEST   100           100 AM
 LOWEST     89           900 AM
 AVERAGE    95

..........................................................


THE SPRINGFIELD MO CLIMATE NORMALS FOR TODAY
                         NORMAL    RECORD    YEAR
 MAXIMUM TEMPERATURE (F)   43        70      1901
 MINIMUM TEMPERATURE (F)   22       -11      1888


SUNRISE AND SUNSET
JANUARY 15 2017.......SUNRISE   726 AM CST   SUNSET   520 PM CST
JANUARY 16 2017.......SUNRISE   726 AM CST   SUNSET   521 PM CST


-  INDICATES NEGATIVE NUMBERS.
R  INDICATES RECORD WAS SET OR TIED.
MM INDICATES DATA IS MISSING.
T  INDICATES TRACE AMOUNT.




$$
