000
CDUS43 KSGF 150639
CLISGF


CLIMATE REPORT
NATIONAL WEATHER SERVICE SPRINGFIELD MO
139 AM CDT MON MAY 15 2017


...................................

...THE SPRINGFIELD MO CLIMATE SUMMARY FOR MAY 14 2017...

CLIMATE NORMAL PERIOD 1981 TO 2010
CLIMATE RECORD PERIOD 1888 TO 2017


WEATHER ITEM   OBSERVED TIME   RECORD YEAR NORMAL DEPARTURE LAST
                VALUE   (LST)  VALUE       VALUE  FROM      YEAR
                                                  NORMAL
..................................................................
TEMPERATURE (F)
 YESTERDAY
  MAXIMUM         79    432 PM  88    1947  75      4       61
  MINIMUM         53    456 AM  36    2000  54     -1       41
  AVERAGE         66                        64      2       51

PRECIPITATION (IN)
  YESTERDAY        0.00          2.76 1956   0.17  -0.17     0.00
  MONTH TO DATE    3.10                      2.49   0.61     0.11
  SINCE MAR 1     19.92                     10.43   9.49     5.55
  SINCE JAN 1     24.38                     15.42   8.96     6.83

SNOWFALL (IN)
  YESTERDAY        0.0
  MONTH TO DATE    0.0
  SINCE MAR 1      0.1
  SINCE JUL 1      1.8
  SNOW DEPTH       0

DEGREE DAYS
 HEATING
  YESTERDAY        0                         3     -3       14
  MONTH TO DATE   49                        61    -12       71
  SINCE MAR 1    640                       942   -302      658
  SINCE JUL 1   3329                      4535  -1206     3571

 COOLING
  YESTERDAY        1                         3     -2        0
  MONTH TO DATE   21                        24     -3       25
  SINCE MAR 1     62                        49     13       52
  SINCE JAN 1     71                        49     22       52
..................................................................


WIND (MPH)
  HIGHEST WIND SPEED    20   HIGHEST WIND DIRECTION     S (200)
  HIGHEST GUST SPEED    25   HIGHEST GUST DIRECTION     S (200)
  AVERAGE WIND SPEED     9.7


SKY COVER
  AVERAGE SKY COVER 0.0


WEATHER CONDITIONS
 THE FOLLOWING WEATHER WAS RECORDED YESTERDAY.
  NO SIGNIFICANT WEATHER WAS OBSERVED.


RELATIVE HUMIDITY (PERCENT)
 HIGHEST    89           200 AM
 LOWEST     42           500 PM
 AVERAGE    66

..........................................................


THE SPRINGFIELD MO CLIMATE NORMALS FOR TODAY
                         NORMAL    RECORD    YEAR
 MAXIMUM TEMPERATURE (F)   75        87      1957
 MINIMUM TEMPERATURE (F)   54        35      1907


SUNRISE AND SUNSET
MAY 15 2017...........SUNRISE   605 AM CDT   SUNSET   816 PM CDT
MAY 16 2017...........SUNRISE   604 AM CDT   SUNSET   816 PM CDT


-  INDICATES NEGATIVE NUMBERS.
R  INDICATES RECORD WAS SET OR TIED.
MM INDICATES DATA IS MISSING.
T  INDICATES TRACE AMOUNT.




$$
