000
CDUS43 KSGF 180631
CLISGF


CLIMATE REPORT
NATIONAL WEATHER SERVICE SPRINGFIELD MO
1229 AM CST THU DEC 18 2014


...................................

...THE SPRINGFIELD MO CLIMATE SUMMARY FOR DECEMBER 17 2014...

CLIMATE NORMAL PERIOD 1981 TO 2010
CLIMATE RECORD PERIOD 1888 TO 2014


WEATHER ITEM   OBSERVED TIME   RECORD YEAR NORMAL DEPARTURE LAST
                VALUE   (LST)  VALUE       VALUE  FROM      YEAR
                                                  NORMAL
..................................................................
TEMPERATURE (F)
 YESTERDAY
  MAXIMUM         35    646 PM  68    2006  44     -9       MM
                                      1976
                                      1962
  MINIMUM         24    659 AM  -1    1901  24      0       26
  AVERAGE         30                        34     -4       MM

PRECIPITATION (IN)
  YESTERDAY        0.34          1.62 1924   0.10   0.24     0.00
  MONTH TO DATE    1.29                      1.82  -0.53     1.46
  SINCE DEC 1      1.29                      1.82  -0.53     1.46
  SINCE JAN 1     38.11                     44.35  -6.24    50.74

SNOWFALL (IN)
  YESTERDAY        0.5
  MONTH TO DATE    0.5
  SINCE DEC 1      0.5
  SINCE JUL 1      2.2
  SNOW DEPTH       0

DEGREE DAYS
 HEATING
  YESTERDAY       35                        31      4       MM
  MONTH TO DATE  423                       488    -65      557
  SINCE DEC 1    423                       488    -65      557
  SINCE JUL 1   1373                      1367      6     1494

 COOLING
  YESTERDAY        0                         0      0       MM
  MONTH TO DATE    0                         0      0        0
  SINCE DEC 1      0                         0      0        0
  SINCE JAN 1   1470                      1389     81     1417
..................................................................


WIND (MPH)
  HIGHEST WIND SPEED    10   HIGHEST WIND DIRECTION    SE (130)
  HIGHEST GUST SPEED    12   HIGHEST GUST DIRECTION    SE (130)
  AVERAGE WIND SPEED     4.6


SKY COVER
  AVERAGE SKY COVER 0.5


WEATHER CONDITIONS
 THE FOLLOWING WEATHER WAS RECORDED YESTERDAY.
  RAIN
  LIGHT RAIN
  LT FREEZING RAIN
  LIGHT SNOW
  SLEET
  FOG


RELATIVE HUMIDITY (PERCENT)
 HIGHEST    89           700 PM
 LOWEST     69           200 PM
 AVERAGE    79

..........................................................


THE SPRINGFIELD MO CLIMATE NORMALS FOR TODAY
                         NORMAL    RECORD    YEAR
 MAXIMUM TEMPERATURE (F)   44        70      1939
 MINIMUM TEMPERATURE (F)   24        -3      1901


SUNRISE AND SUNSET
DECEMBER 18 2014......SUNRISE   722 AM CST   SUNSET   458 PM CST
DECEMBER 19 2014......SUNRISE   723 AM CST   SUNSET   459 PM CST


-  INDICATES NEGATIVE NUMBERS.
R  INDICATES RECORD WAS SET OR TIED.
MM INDICATES DATA IS MISSING.
T  INDICATES TRACE AMOUNT.




$$
